CryptX v0.085_002 Perl 5 v5.40.2 x86_64-linux-thread-multi
- Status
- Fail
- From
- Slaven Rezić
- Dist
-
CryptX v0.085_002
- Platform
- Perl 5 v5.40.2 x86_64-linux-thread-multi
- Date
- 2025-04-27 20:13:33
- ID
- 17fe3816-23a4-11f0-a512-97396e8775ea
This distribution has been tested as part of the CPAN Testers
project, supporting the Perl programming language. See
http://wiki.cpantesters.org/ for more information or email
questions to cpan-testers-discuss@perl.org
--
Dear Karel Miko,
This is a computer-generated report for CryptX-0.085_002
on perl 5.40.2, created by CPAN-Reporter-1.2020.
Thank you for uploading your work to CPAN. However, there was a problem
testing your distribution.
If you think this report is invalid, please consult the CPAN Testers Wiki
for suggestions on how to avoid getting FAIL reports for missing library
or binary dependencies, unsupported operating systems, and so on:
http://wiki.cpantesters.org/wiki/CPANAuthorNotes
Sections of this report:
* Tester comments
* Program output
* Prerequisites
* Environment and other context
------------------------------
TESTER COMMENTS
------------------------------
Additional comments from tester:
none provided
------------------------------
PROGRAM OUTPUT
------------------------------
Output from '/usr/bin/make test':
"/usr/bin/perl" -MExtUtils::Command::MM -e 'cp_nonempty' -- CryptX.bs blib/arch/auto/CryptX/CryptX.bs 644
PERL_DL_NONLAZY=1 "/usr/bin/perl" "-MExtUtils::Command::MM" "-MTest::Harness" "-e" "undef *Test::Harness::Switches; test_harness(0, 'blib/lib', 'blib/arch')" t/*.t
# Testing CryptX 0.085_002, Perl 5.040002 linux /usr/bin/perl
# osname = linux
# osvers = 6.11.0
# archname = x86_64-linux-thread-multi
# uname = uname
# myarchname = x86_64-linux
# myuname = linux localhost 6.11.0 #1 smp preempt_dynamic 6.11.0 x86_64 gnulinux
# gccversion = 14.2.1 20250110 (Red Hat 14.2.1-7)
# ccversion =
# cc = gcc
# intsize = 4
# longsize = 8
# longlongsize = 8
# ptrsize = 8
# byteorder = 12345678
#
# LibTomCrypt 1.18.2-develop (www.libtom.net)
# LibTomCrypt is public domain software.
#
#
# Endianness: little (64-bit words)
# Clean stack: disabled
#
# Ciphers built-in:
# Blowfish
# RC2
# RC5
# RC6
# Safer+
# Safer
# Rijndael
# XTEA
# Twofish (tables)
# DES
# DES-X
# 3DES
# SM4
# CAST5
# Noekeon
# Skipjack
# Khazad
# Anubis (tweaked)
# KSEED
# KASUMI
# MULTI2
# Camellia
# IDEA
# Serpent
# TEA
# Stream ciphers built-in:
# ChaCha
# Salsa20
# XSalsa20
# Sosemanuk
# Rabbit
# RC4
# SOBER128
#
# Hashes built-in:
# SHA3
# KECCAK
# SHA-512
# SHA-384
# SHA-512/256
# SHA-256
# SHA-512/224
# SHA-224
# TIGER
# SHA1
# MD5
# MD4
# MD2
# RIPEMD128
# RIPEMD160
# RIPEMD256
# RIPEMD320
# WHIRLPOOL
# BLAKE2S
# BLAKE2B
# CHC_HASH
#
# Block Chaining Modes:
# CFB
# OFB
# ECB
# CBC
# CTR
# LRW (tables)
# F8
# XTS
#
# MACs:
# HMAC
# OMAC
# PMAC
# PELICAN
# XCBC
# F9
# POLY1305
# BLAKE2S MAC
# BLAKE2B MAC
#
# ENC + AUTH modes:
# EAX
# OCB
# OCB3
# CCM
# GCM (tables)
# CHACHA20POLY1305
# SIV
#
# PRNG:
# Yarrow (LTC_YARROW_AES=2)
# SPRNG
# RC4
# ChaCha20
# Fortuna (LTC_FORTUNA_POOLS=32, LTC_FORTUNA_RESEED_RATELIMIT_TIMED)
# SOBER128
#
# PK Crypto:
# RSA (with blinding and CRT hardening)
# DH
# ECC (with blinding)
# DSA
# Ed25519
# X25519
# LTC_PK_MAX_RETRIES=20
#
# MPI (Math):
# LTC_MPI
# LTM_DESC
# LTC_MILLER_RABIN_REPS=40
#
# Compiler:
# GCC compiler 14.2.1 20250110 (Red Hat 14.2.1-7).
# x86-64 detected.
#
# Various others: ARGTYPE=4 ADLER32 AES-NI BASE64 BASE64-URL-SAFE BASE32 BASE16 BCRYPT LTC_BCRYPT_DEFAULT_ROUNDS=10 CRC32 DER LTC_DER_MAX_RECURSION=30 PKCS#1 PKCS#5 PKCS#8 PKCS#12 PADDING HKDF PBES1 PBES2 PEM LTC_PEM_DECODE_BUFSZ=80 LTC_PEM_READ_BUFSIZE=8192 SSH OpenSSH-PEM LTC_DEVRANDOM LTC_TRY_URANDOM_FIRST LTC_RNG_GET_BYTES LTC_RNG_MAKE_PRNG LTC_HASH_HELPERS LTC_FILE_READ_BUFSIZE=8192 LTC_FAST LTC_ROx_ASM LTC_NO_TEST LTC_ECC_SHAMIR LTC_CLOCK_GETTIME
#
# MP_PROVIDER = LibTomMath
# MP_DIGIT_BIT = 60
#
t/001_compile.t ..................... ok
t/002_all_pm.t ...................... skipped: set AUTHOR_MODE to enable this test (developer only!)
t/003_all_pm_pod.t .................. skipped: set AUTHOR_MODE to enable this test (developer only!)
t/004_all_pm_pod_spelling.t ......... skipped: set AUTHOR_MODE to enable this test (developer only!)
t/005_all_pm_pod_coverage.t ......... skipped: set AUTHOR_MODE to enable this test (developer only!)
t/auth_enc_ccm.t .................... ok
t/auth_enc_ccm_test_vector_ltc.t .... ok
t/auth_enc_chacha20poly1305.t ....... ok
t/auth_enc_eax.t .................... ok
t/auth_enc_eax_test_vector_ltc.t .... ok
t/auth_enc_gcm.t .................... ok
t/auth_enc_gcm_test_vector_ltc.t .... ok
t/auth_enc_ocb.t .................... ok
t/auth_enc_ocb_test_vectors_ietf.t .. ok
t/checksum.t ........................ ok
t/cipher_aes.t ...................... ok
t/cipher_aes_test_vectors_bc.t ...... ok
t/cipher_anubis.t ................... ok
t/cipher_blowfish.t ................. ok
t/cipher_camellia.t ................. ok
t/cipher_cast5.t .................... ok
t/cipher_des.t ...................... ok
t/cipher_des_ede.t .................. ok
t/cipher_idea.t ..................... ok
t/cipher_idea_compat.t .............. ok
t/cipher_kasumi.t ................... ok
t/cipher_khazad.t ................... ok
t/cipher_multi2.t ................... ok
t/cipher_multi2_rounds.t ............ ok
t/cipher_noekeon.t .................. ok
t/cipher_rc2.t ...................... ok
t/cipher_rc5.t ...................... ok
t/cipher_rc6.t ...................... ok
t/cipher_safer_k128.t ............... ok
t/cipher_safer_k64.t ................ ok
t/cipher_safer_sk128.t .............. ok
t/cipher_safer_sk64.t ............... ok
t/cipher_saferp.t ................... ok
t/cipher_seed.t ..................... ok
t/cipher_seed_test_vectors_bc.t ..... ok
t/cipher_serpent.t .................. ok
t/cipher_serpent_compat.t ........... ok
t/cipher_skipjack.t ................. ok
t/cipher_stream.t ................... ok
t/cipher_stream_rabbit.t ............ ok
t/cipher_stream_salsa20.t ........... ok
t/cipher_test_vectors_ltc.t ......... ok
t/cipher_test_vectors_openssl.t ..... ok
t/cipher_twofish.t .................. ok
t/cipher_twofish_test_vectors_bc.t .. ok
t/cipher_xtea.t ..................... ok
t/cipher_xtea_test_vectors_bc.t ..... ok
t/crypt-misc.t ...................... ok
t/digest_blake2b_160.t .............. ok
t/digest_blake2b_256.t .............. ok
t/digest_blake2b_384.t .............. ok
t/digest_blake2b_512.t .............. ok
t/digest_blake2s_128.t .............. ok
t/digest_blake2s_160.t .............. ok
t/digest_blake2s_224.t .............. ok
t/digest_blake2s_256.t .............. ok
t/digest_chaes.t .................... ok
t/digest_keccak224.t ................ ok
t/digest_keccak256.t ................ ok
t/digest_keccak384.t ................ ok
t/digest_keccak512.t ................ ok
t/digest_md2.t ...................... ok
t/digest_md4.t ...................... ok
t/digest_md5.t ...................... ok
t/digest_ripemd128.t ................ ok
t/digest_ripemd160.t ................ ok
t/digest_ripemd256.t ................ ok
t/digest_ripemd320.t ................ ok
t/digest_sha1.t ..................... ok
t/digest_sha224.t ................... ok
t/digest_sha256.t ................... ok
t/digest_sha384.t ................... ok
t/digest_sha3_224.t ................. ok
t/digest_sha3_256.t ................. ok
t/digest_sha3_384.t ................. ok
t/digest_sha3_512.t ................. ok
t/digest_sha512.t ................... ok
t/digest_sha512_224.t ............... ok
t/digest_sha512_256.t ............... ok
t/digest_shake.t .................... ok
t/digest_test_vectors_ltc.t ......... ok
t/digest_tiger192.t ................. ok
t/digest_whirlpool.t ................ ok
t/jwk.t ............................. skipped: JSON module not installed
t/key_derivation.t .................. ok
t/mac_blake2b.t ..................... ok
t/mac_blake2s.t ..................... ok
t/mac_f9.t .......................... ok
t/mac_hmac.t ........................ ok
t/mac_hmac_nist.t ................... ok
t/mac_hmac_test_vectors_ltc.t ....... ok
t/mac_omac.t ........................ ok
t/mac_omac_test_vectors_ltc.t ....... ok
t/mac_pelican.t ..................... ok
t/mac_pmac.t ........................ ok
t/mac_pmac_test_vectors_ltc.t ....... ok
t/mac_poly1305.t .................... ok
t/mac_xcbc.t ........................ ok
# Math::BigInt VERSION=2.003003
t/mbi_ltm_01load.t .................. ok
t/mbi_ltm_bigfltpm.t ................ ok
t/mbi_ltm_bigintg.t ................. ok
t/mbi_ltm_bigintpm.t ................ ok
t/mbi_ltm_biglog.t .................. ok
t/mbi_ltm_bigroot.t ................. ok
t/mbi_ltm_bugs.t .................... ok
# use64=1 ivsize=8 ivtype=long use64bitint=define
t/mbi_ltm_mbi-from-big-scalar.t ..... ok
t/mbi_ltm_since_1.999837.t .......... ok
t/mbi_ltm_since_1.999842.t .......... ok
# Failed test at t/mbi_ltm_since_2.000000.t line 46.
# got: 'NaN'
# expected: '0'
# Failed test at t/mbi_ltm_since_2.000000.t line 51.
# got: '-2.1,0'
# expected: '-3,-0.9'
# Failed test at t/mbi_ltm_since_2.000000.t line 56.
# got: '2.1,0'
# expected: '2,0.1'
# Failed test at t/mbi_ltm_since_2.000000.t line 61.
# got: '2.1,0'
# expected: '2,-0.1'
# Failed test at t/mbi_ltm_since_2.000000.t line 66.
# got: '-2.1,0'
# expected: '-3,0.9'
# Looks like you failed 5 tests of 5.
t/mbi_ltm_since_2.000000.t ..........
Dubious, test returned 5 (wstat 1280, 0x500)
Failed 5/5 subtests
t/mbi_ltm_storable.t ................ ok
t/mode_cbc.t ........................ ok
t/mode_cfb.t ........................ ok
t/mode_ctr.t ........................ ok
t/mode_ecb.t ........................ ok
t/mode_ofb.t ........................ ok
t/pk_dh.t ........................... ok
t/pk_dsa.t .......................... ok
t/pk_dsa_test_vectors_openssl.t ..... ok
t/pk_ecc.t .......................... ok
t/pk_ecc_test_vectors_openssl.t ..... ok
t/pk_ed25519.t ...................... skipped: JSON module not installed
t/pk_enc_pem.t ...................... ok
t/pk_rsa.t .......................... ok
t/pk_rsa_test_vectors_openssl.t ..... ok
t/pk_x25519.t ....................... skipped: JSON module not installed
t/pkcs8.t ........................... ok
t/prng.t ............................ ok
t/prng_chacha20.t ................... ok
t/prng_fortuna.t .................... ok
t/prng_rc4.t ........................ ok
t/prng_sober128.t ................... ok
t/prng_yarrow.t ..................... ok
t/sshkey.t .......................... ok
Test Summary Report
-------------------
t/mbi_ltm_since_2.000000.t (Wstat: 1280 (exited 5) Tests: 5 Failed: 5)
Failed tests: 1-5
Non-zero exit status: 5
Files=138, Tests=25013, 18 wallclock secs ( 1.80 usr 0.47 sys + 14.57 cusr 1.94 csys = 18.78 CPU)
Result: FAIL
Failed 1/138 test programs. 5/25013 subtests failed.
make: *** [Makefile:1795: test_dynamic] Error 255
------------------------------
PREREQUISITES
------------------------------
Prerequisite modules loaded:
requires:
Module Need Have
------------------- ----- --------
Math::BigInt 0 2.003003
perl 5.006 5.040002
build_requires:
Module Need Have
------------------- ----- --------
ExtUtils::MakeMaker 0 7.70
Test::More 0 1.302204
configure_requires:
Module Need Have
------------------- ----- --------
ExtUtils::MakeMaker 0 7.70
------------------------------
ENVIRONMENT AND OTHER CONTEXT
------------------------------
Environment variables:
LANG = en_US.UTF-8
PATH = /usr/local/bin:/usr/bin:/bin:/usr/local/sbin:/usr/sbin:/sbin:/home/cpansand/bin/linux-gnu:/home/cpansand/bin/sh:/home/cpansand/bin:/usr/games:/home/cpansand/devel:/home/eserte/src/srezic-misc/scripts
PERL5LIB =
PERL5OPT =
PERL5_CPANPLUS_IS_RUNNING = 350784
PERL5_CPAN_IS_RUNNING = 350784
PERL5_CPAN_IS_RUNNING_IN_RECURSION = 350659,350784
PERLDOC = -MPod::Perldoc::ToTextOverstrike
PERL_BATCH = yes
PERL_CANARY_STABILITY_NOPROMPT = 1
PERL_CPAN_REPORTER_CONFIG = /var/tmp/cpansmoker-1023/2025042716/cpanreporter_000_config.ini
PERL_EXTUTILS_AUTOINSTALL = --defaultdeps
PERL_USE_UNSAFE_INC = 1
SHELL = /usr/bin/zsh
TERM = screen
TMPDIR = /var/tmp/cpansmoker-1023/2025042716
Perl special variables (and OS-specific diagnostics, for MSWin32):
$^X = /usr/bin/perl
$UID/$EUID = 1023 / 1023
$GID = 1023 1023
$EGID = 1023 1023
Perl module toolchain versions installed:
Module Have
------------------- --------
CPAN 2.38
CPAN::Meta 2.150010
Cwd 3.91
ExtUtils::CBuilder 0.280240
ExtUtils::Command 7.70
ExtUtils::Install 2.22
ExtUtils::MakeMaker 7.70
ExtUtils::Manifest 1.75
ExtUtils::ParseXS 3.51
File::Spec 3.91
JSON n/a
JSON::PP 4.16
Module::Build 0.4234
Module::Signature 0.89
Parse::CPAN::Meta 2.150010
Test2 1.302204
Test::Harness 3.50
Test::More 1.302204
YAML n/a
YAML::Syck 1.34
version 0.9933
--
Summary of my perl5 (revision 5 version 40 subversion 2) configuration:
Platform:
osname=linux
osvers=6.11.0
archname=x86_64-linux-thread-multi
uname='linux localhost 6.11.0 #1 smp preempt_dynamic 6.11.0 x86_64 gnulinux '
config_args='-des -Doptimize=none -Dccflags=-O2 -flto=auto -ffat-lto-objects -fexceptions -g -grecord-gcc-switches -pipe -Wall -Wno-complain-wrong-lang -Werror=format-security -Wp,-U_FORTIFY_SOURCE,-D_FORTIFY_SOURCE=3 -Wp,-D_GLIBCXX_ASSERTIONS -specs=/usr/lib/rpm/redhat/redhat-hardened-cc1 -fstack-protector-strong -specs=/usr/lib/rpm/redhat/redhat-annobin-cc1 -m64 -march=x86-64 -mtune=generic -fasynchronous-unwind-tables -fstack-clash-protection -fcf-protection -mtls-dialect=gnu2 -fno-omit-frame-pointer -mno-omit-leaf-frame-pointer -Dldflags=-Wl,-z,relro -Wl,--as-needed -Wl,-z,pack-relative-relocs -Wl,-z,now -specs=/usr/lib/rpm/redhat/redhat-hardened-ld -specs=/usr/lib/rpm/redhat/redhat-annobin-cc1 -Wl,--build-id=sha1 -Dccdlflags=-Wl,--enable-new-dtags -Wl,-z,relro -Wl,--as-needed -Wl,-z,pack-relative-relocs -Wl,-z,now -specs=/usr/lib/rpm/redhat/redhat-hardened-ld -specs=/usr/lib/rpm/redhat/redhat-annobin-cc1 -Wl,--build-id=sha1 -Dlddlflags=-shared -Wl,-z,relro -Wl,--as-needed -Wl,-z,pack-relative-relocs -Wl,-z,now -specs=/usr/lib/rpm/redhat/redhat-hardened-ld -specs=/usr/lib/rpm/redhat/redhat-annobin-cc1 -Wl,--build-id=sha1 -Dshrpdir=/usr/lib64 -DDEBUGGING=-g -Dversion=5.40.2 -Dmyhostname=localhost -Dperladmin=root@localhost -Dcc=gcc -Dcf_by=Red Hat, Inc. -Dprefix=/usr -Dman1dir=/usr/share/man/man1 -Dman3dir=/usr/share/man/man3 -Dvendorprefix=/usr -Dsiteprefix=/usr/local -Dsitelib=/usr/local/share/perl5/5.40 -Dsitearch=/usr/local/lib64/perl5/5.40 -Dprivlib=/usr/share/perl5 -Dvendorlib=/usr/share/perl5/vendor_perl -Darchlib=/usr/lib64/perl5 -Dvendorarch=/usr/lib64/perl5/vendor_perl -Darchname=x86_64-linux-thread-multi -Dlibpth=/usr/local/lib64 /lib64 /usr/lib64 -Duseshrplib -Dusethreads -Duseithreads -Dusedtrace=/usr/bin/dtrace -Duselargefiles -Dd_semctl_semun -Di_db -Ui_ndbm -Di_gdbm -Di_shadow -Di_syslog -Dman3ext=3pm -Duseperlio -Dinstallusrbinperl=n -Ubincompat5005 -Uversiononly -Dpager=/usr/bin/less -isr -Dd_gethostent_r_proto -Ud_endhostent_r_proto -Ud_sethostent_r_proto -Ud_endprotoent_r_proto -Ud_setprotoent_r_proto -Ud_endservent_r_proto -Ud_setservent_r_proto -Dscriptdir=/usr/bin -Dusesitecustomize -Duse64bitint'
hint=recommended
useposix=true
d_sigaction=define
useithreads=define
usemultiplicity=define
use64bitint=define
use64bitall=define
uselongdouble=undef
usemymalloc=n
default_inc_excludes_dot=define
Compiler:
cc='gcc'
ccflags ='-D_REENTRANT -D_GNU_SOURCE -O2 -flto=auto -ffat-lto-objects -fexceptions -g -grecord-gcc-switches -pipe -Wall -Wno-complain-wrong-lang -Werror=format-security -Wp,-U_FORTIFY_SOURCE,-D_FORTIFY_SOURCE=3 -Wp,-D_GLIBCXX_ASSERTIONS -specs=/usr/lib/rpm/redhat/redhat-hardened-cc1 -fstack-protector-strong -specs=/usr/lib/rpm/redhat/redhat-annobin-cc1 -m64 -march=x86-64 -mtune=generic -fasynchronous-unwind-tables -fstack-clash-protection -fcf-protection -mtls-dialect=gnu2 -fno-omit-frame-pointer -mno-omit-leaf-frame-pointer -fwrapv -fno-strict-aliasing -I/usr/local/include -D_LARGEFILE_SOURCE -D_FILE_OFFSET_BITS=64'
optimize=' -g'
cppflags='-D_REENTRANT -D_GNU_SOURCE -O2 -flto=auto -ffat-lto-objects -fexceptions -g -grecord-gcc-switches -pipe -Wall -Wno-complain-wrong-lang -Werror=format-security -Wp,-U_FORTIFY_SOURCE,-D_FORTIFY_SOURCE=3 -Wp,-D_GLIBCXX_ASSERTIONS -specs=/usr/lib/rpm/redhat/redhat-hardened-cc1 -fstack-protector-strong -specs=/usr/lib/rpm/redhat/redhat-annobin-cc1 -m64 -march=x86-64 -mtune=generic -fasynchronous-unwind-tables -fstack-clash-protection -fcf-protection -mtls-dialect=gnu2 -fno-omit-frame-pointer -mno-omit-leaf-frame-pointer -fwrapv -fno-strict-aliasing -I/usr/local/include'
ccversion=''
gccversion='14.2.1 20250110 (Red Hat 14.2.1-7)'
gccosandvers=''
intsize=4
longsize=8
ptrsize=8
doublesize=8
byteorder=12345678
doublekind=3
d_longlong=define
longlongsize=8
d_longdbl=define
longdblsize=16
longdblkind=3
ivtype='long'
ivsize=8
nvtype='double'
nvsize=8
Off_t='off_t'
lseeksize=8
alignbytes=8
prototype=define
Linker and Libraries:
ld='gcc'
ldflags ='-Wl,-z,relro -Wl,--as-needed -Wl,-z,pack-relative-relocs -Wl,-z,now -specs=/usr/lib/rpm/redhat/redhat-hardened-ld -specs=/usr/lib/rpm/redhat/redhat-annobin-cc1 -Wl,--build-id=sha1 -fstack-protector-strong -L/usr/local/lib'
libpth=/usr/local/lib64 /lib64 /usr/lib64 /usr/local/lib /usr/lib
libs=-lpthread -lresolv -lgdbm -ldb -ldl -lm -lcrypt -lutil -lc -lgdbm_compat
perllibs=-lpthread -lresolv -ldl -lm -lcrypt -lutil -lc
libc=/lib/../lib64/libc.so.6
so=so
useshrplib=true
libperl=libperl.so
gnulibc_version='2.40'
Dynamic Linking:
dlsrc=dl_dlopen.xs
dlext=so
d_dlsymun=undef
ccdlflags='-Wl,--enable-new-dtags -Wl,-z,relro -Wl,--as-needed -Wl,-z,pack-relative-relocs -Wl,-z,now -specs=/usr/lib/rpm/redhat/redhat-hardened-ld -specs=/usr/lib/rpm/redhat/redhat-annobin-cc1 -Wl,--build-id=sha1 '
cccdlflags='-fPIC'
lddlflags='-lpthread -shared -Wl,-z,relro -Wl,--as-needed -Wl,-z,pack-relative-relocs -Wl,-z,now -specs=/usr/lib/rpm/redhat/redhat-hardened-ld -specs=/usr/lib/rpm/redhat/redhat-annobin-cc1 -Wl,--build-id=sha1 -L/usr/local/lib -fstack-protector-strong'
Characteristics of this binary (from libperl):
Compile-time options:
HAS_LONG_DOUBLE
HAS_STRTOLD
HAS_TIMES
MULTIPLICITY
PERLIO_LAYERS
PERL_COPY_ON_WRITE
PERL_DONT_CREATE_GVSV
PERL_HASH_FUNC_SIPHASH13
PERL_HASH_USE_SBOX32
PERL_MALLOC_WRAP
PERL_OP_PARENT
PERL_PRESERVE_IVUV
PERL_USE_SAFE_PUTENV
USE_64_BIT_ALL
USE_64_BIT_INT
USE_ITHREADS
USE_LARGE_FILES
USE_LOCALE
USE_LOCALE_COLLATE
USE_LOCALE_CTYPE
USE_LOCALE_NUMERIC
USE_LOCALE_TIME
USE_PERLIO
USE_PERL_ATOF
USE_REENTRANT_API
USE_SITECUSTOMIZE
USE_THREAD_SAFE_LOCALE
Locally applied patches:
Fedora Patch1: Removes date check, Fedora/RHEL specific
Fedora Patch2: support for libdir64
Fedora Patch3: use libresolv instead of libbind
Fedora Patch4: USE_MM_LD_RUN_PATH
Fedora Patch5: Provide MM::maybe_command independently (bug #1129443)
Fedora Patch6: Dont run one io test due to random builder failures
Fedora Patch8: Define SONAME for libperl.so
Fedora Patch9: Install libperl.so to -Dshrpdir value
Fedora Patch10: Make *DBM_File desctructors thread-safe (RT#61912)
Fedora Patch11: Replace EU::MakeMaker dependency with EU::MM::Utils in IPC::Cmd (bug #1129443)
Fedora Patch12: Link XS modules to pthread library to fix linking with -z defs
Fedora Patch13: Pass the correct CFLAGS to dtrace
Fedora Patch200: Link XS modules to libperl.so with EU::CBuilder on Linux
Fedora Patch201: Link XS modules to libperl.so with EU::MM on Linux
Fedora Patch202: Add definition of OPTIMIZE to .ph files
Built under linux
Compiled at Apr 14 2025 00:00:00
%ENV:
PERL5LIB=""
PERL5OPT=""
PERL5_CPANPLUS_IS_RUNNING="350784"
PERL5_CPAN_IS_RUNNING="350784"
PERL5_CPAN_IS_RUNNING_IN_RECURSION="350659,350784"
PERLDOC="-MPod::Perldoc::ToTextOverstrike"
PERL_BATCH="yes"
PERL_CANARY_STABILITY_NOPROMPT="1"
PERL_CPAN_REPORTER_CONFIG="/var/tmp/cpansmoker-1023/2025042716/cpanreporter_000_config.ini"
PERL_EXTUTILS_AUTOINSTALL="--defaultdeps"
PERL_USE_UNSAFE_INC="1"
@INC:
/usr/local/lib64/perl5/5.40
/usr/local/share/perl5/5.40
/usr/lib64/perl5/vendor_perl
/usr/share/perl5/vendor_perl
/usr/lib64/perl5
/usr/share/perl5
.