Text-ANSI-Printf v2.01 Perl 5 v5.18.1 i686-linux-thread-multi

Status
Fail
From
Chris Williams (BINGOS)
Dist
Text-ANSI-Printf v2.01
Platform
Perl 5 v5.18.1 i686-linux-thread-multi
Date
2020-11-20 08:47:58
ID
1707e5ae-2b0d-11eb-84bc-edd243e66a77
This distribution has been tested as part of the CPAN Testers
project, supporting the Perl programming language.  See
http://wiki.cpantesters.org/ for more information or email
questions to cpan-testers-discuss@perl.org


--

Dear Kaz Utashiro,

This is a computer-generated error report created automatically by
CPANPLUS, version 0.9908. Testers personal comments may appear
at the end of this report.


Thank you for uploading your work to CPAN.  However, it appears that
there were some problems testing your distribution.

TEST RESULTS:

Below is the error stack from stage 'make test':

t/00_compile.t .... ok
Use of uninitialized value in substitution (s///) at /home/cpan/pit/jail/Nrt4RInzwm/lib/perl5/Text/Conceal.pm line 144.
Use of uninitialized value in substitution iterator at /home/cpan/pit/jail/Nrt4RInzwm/lib/perl5/Text/Conceal.pm line 70.

#   Failed test 'ASCII %s (1-column)'
#   at t/01_simple.t line 20.
#          got: '            '
#     expected: '           a'
Use of uninitialized value in substitution (s///) at /home/cpan/pit/jail/Nrt4RInzwm/lib/perl5/Text/Conceal.pm line 144.
Use of uninitialized value in substitution iterator at /home/cpan/pit/jail/Nrt4RInzwm/lib/perl5/Text/Conceal.pm line 70.

#   Failed test 'ASCII %s'
#   at t/01_simple.t line 21.
#          got: '            '
#     expected: '       abcde'
Use of uninitialized value in substitution (s///) at /home/cpan/pit/jail/Nrt4RInzwm/lib/perl5/Text/Conceal.pm line 144.
Use of uninitialized value in substitution iterator at /home/cpan/pit/jail/Nrt4RInzwm/lib/perl5/Text/Conceal.pm line 70.

#   Failed test 'wide %s'
#   at t/01_simple.t line 24.
#          got: '            '
#     expected: '  あいうえお'
Use of uninitialized value in substitution (s///) at /home/cpan/pit/jail/Nrt4RInzwm/lib/perl5/Text/Conceal.pm line 144.
Use of uninitialized value in substitution iterator at /home/cpan/pit/jail/Nrt4RInzwm/lib/perl5/Text/Conceal.pm line 70.

#   Failed test 'wide %s'
#   at t/01_simple.t line 25.
#          got: '            '
#     expected: ' aあいうえお'
Use of uninitialized value in substitution (s///) at /home/cpan/pit/jail/Nrt4RInzwm/lib/perl5/Text/Conceal.pm line 144.
Use of uninitialized value in substitution iterator at /home/cpan/pit/jail/Nrt4RInzwm/lib/perl5/Text/Conceal.pm line 70.

#   Failed test 'wide %s'
#   at t/01_simple.t line 26.
#          got: '            '
#     expected: 'aaあいうえお'
Use of uninitialized value in substitution (s///) at /home/cpan/pit/jail/Nrt4RInzwm/lib/perl5/Text/Conceal.pm line 144.
Use of uninitialized value in substitution iterator at /home/cpan/pit/jail/Nrt4RInzwm/lib/perl5/Text/Conceal.pm line 70.

#   Failed test 'wide %s'
#   at t/01_simple.t line 27.
#          got: '            '
#     expected: 'aaaあいうえお'
Use of uninitialized value in substitution (s///) at /home/cpan/pit/jail/Nrt4RInzwm/lib/perl5/Text/Conceal.pm line 144.
Use of uninitialized value in substitution iterator at /home/cpan/pit/jail/Nrt4RInzwm/lib/perl5/Text/Conceal.pm line 70.

#   Failed test 'wide %-s'
#   at t/01_simple.t line 29.
#          got: '            '
#     expected: 'あいうえお  '
Use of uninitialized value in substitution (s///) at /home/cpan/pit/jail/Nrt4RInzwm/lib/perl5/Text/Conceal.pm line 144.
Use of uninitialized value in substitution iterator at /home/cpan/pit/jail/Nrt4RInzwm/lib/perl5/Text/Conceal.pm line 70.

#   Failed test 'wide %-s'
#   at t/01_simple.t line 30.
#          got: '            '
#     expected: 'aあいうえお '
Use of uninitialized value in substitution (s///) at /home/cpan/pit/jail/Nrt4RInzwm/lib/perl5/Text/Conceal.pm line 144.
Use of uninitialized value in substitution iterator at /home/cpan/pit/jail/Nrt4RInzwm/lib/perl5/Text/Conceal.pm line 70.

#   Failed test 'wide %-s'
#   at t/01_simple.t line 31.
#          got: '            '
#     expected: 'aaあいうえお'
Use of uninitialized value in substitution (s///) at /home/cpan/pit/jail/Nrt4RInzwm/lib/perl5/Text/Conceal.pm line 144.
Use of uninitialized value in substitution iterator at /home/cpan/pit/jail/Nrt4RInzwm/lib/perl5/Text/Conceal.pm line 70.

#   Failed test 'wide %-s'
#   at t/01_simple.t line 32.
#          got: '            '
#     expected: 'aaaあいうえお'
Use of uninitialized value in substitution (s///) at /home/cpan/pit/jail/Nrt4RInzwm/lib/perl5/Text/Conceal.pm line 144.
Use of uninitialized value in substitution iterator at /home/cpan/pit/jail/Nrt4RInzwm/lib/perl5/Text/Conceal.pm line 70.

#   Failed test 'half %s'
#   at t/01_simple.t line 34.
#          got: '       '
#     expected: '  アイウエオ'
Use of uninitialized value in substitution (s///) at /home/cpan/pit/jail/Nrt4RInzwm/lib/perl5/Text/Conceal.pm line 144.
Use of uninitialized value in substitution iterator at /home/cpan/pit/jail/Nrt4RInzwm/lib/perl5/Text/Conceal.pm line 70.

#   Failed test 'half %s'
#   at t/01_simple.t line 35.
#          got: '       '
#     expected: ' aアイウエオ'
Use of uninitialized value in substitution (s///) at /home/cpan/pit/jail/Nrt4RInzwm/lib/perl5/Text/Conceal.pm line 144.
Use of uninitialized value in substitution iterator at /home/cpan/pit/jail/Nrt4RInzwm/lib/perl5/Text/Conceal.pm line 70.

#   Failed test 'half %s'
#   at t/01_simple.t line 36.
#          got: '       '
#     expected: 'aaアイウエオ'
Use of uninitialized value in substitution (s///) at /home/cpan/pit/jail/Nrt4RInzwm/lib/perl5/Text/Conceal.pm line 144.
Use of uninitialized value in substitution iterator at /home/cpan/pit/jail/Nrt4RInzwm/lib/perl5/Text/Conceal.pm line 70.

#   Failed test 'half %s'
#   at t/01_simple.t line 37.
#          got: '       '
#     expected: 'aaaアイウエオ'
Use of uninitialized value in substitution (s///) at /home/cpan/pit/jail/Nrt4RInzwm/lib/perl5/Text/Conceal.pm line 144.
Use of uninitialized value in substitution iterator at /home/cpan/pit/jail/Nrt4RInzwm/lib/perl5/Text/Conceal.pm line 70.

#   Failed test 'half %-s'
#   at t/01_simple.t line 39.
#          got: '       '
#     expected: 'アイウエオ  '
Use of uninitialized value in substitution (s///) at /home/cpan/pit/jail/Nrt4RInzwm/lib/perl5/Text/Conceal.pm line 144.
Use of uninitialized value in substitution iterator at /home/cpan/pit/jail/Nrt4RInzwm/lib/perl5/Text/Conceal.pm line 70.

#   Failed test 'half %-s'
#   at t/01_simple.t line 40.
#          got: '       '
#     expected: 'aアイウエオ '
Use of uninitialized value in substitution (s///) at /home/cpan/pit/jail/Nrt4RInzwm/lib/perl5/Text/Conceal.pm line 144.
Use of uninitialized value in substitution iterator at /home/cpan/pit/jail/Nrt4RInzwm/lib/perl5/Text/Conceal.pm line 70.

#   Failed test 'half %-s'
#   at t/01_simple.t line 41.
#          got: '       '
#     expected: 'aaアイウエオ'
Use of uninitialized value in substitution (s///) at /home/cpan/pit/jail/Nrt4RInzwm/lib/perl5/Text/Conceal.pm line 144.
Use of uninitialized value in substitution iterator at /home/cpan/pit/jail/Nrt4RInzwm/lib/perl5/Text/Conceal.pm line 70.

#   Failed test 'half %-s'
#   at t/01_simple.t line 42.
#          got: '       '
#     expected: 'aaaアイウエオ'
# Looks like you failed 18 tests of 20.
t/01_simple.t ..... 
Dubious, test returned 18 (wstat 4608, 0x1200)
Failed 18/20 subtests 
Use of uninitialized value in substitution (s///) at /home/cpan/pit/jail/Nrt4RInzwm/lib/perl5/Text/Conceal.pm line 144.
Use of uninitialized value in substitution iterator at /home/cpan/pit/jail/Nrt4RInzwm/lib/perl5/Text/Conceal.pm line 70.

#   Failed test 'ASCII %s'
#   at t/02_export.t line 19.
#          got: '            '
#     expected: '       abcde'
Use of uninitialized value in substitution (s///) at /home/cpan/pit/jail/Nrt4RInzwm/lib/perl5/Text/Conceal.pm line 144.
Use of uninitialized value in substitution iterator at /home/cpan/pit/jail/Nrt4RInzwm/lib/perl5/Text/Conceal.pm line 70.

#   Failed test 'wide %s'
#   at t/02_export.t line 22.
#          got: '            '
#     expected: '  あいうえお'
Use of uninitialized value in substitution (s///) at /home/cpan/pit/jail/Nrt4RInzwm/lib/perl5/Text/Conceal.pm line 144.
Use of uninitialized value in substitution iterator at /home/cpan/pit/jail/Nrt4RInzwm/lib/perl5/Text/Conceal.pm line 70.

#   Failed test 'wide %s'
#   at t/02_export.t line 23.
#          got: '            '
#     expected: ' aあいうえお'
Use of uninitialized value in substitution (s///) at /home/cpan/pit/jail/Nrt4RInzwm/lib/perl5/Text/Conceal.pm line 144.
Use of uninitialized value in substitution iterator at /home/cpan/pit/jail/Nrt4RInzwm/lib/perl5/Text/Conceal.pm line 70.

#   Failed test 'wide %s'
#   at t/02_export.t line 24.
#          got: '            '
#     expected: 'aaあいうえお'
Use of uninitialized value in substitution (s///) at /home/cpan/pit/jail/Nrt4RInzwm/lib/perl5/Text/Conceal.pm line 144.
Use of uninitialized value in substitution iterator at /home/cpan/pit/jail/Nrt4RInzwm/lib/perl5/Text/Conceal.pm line 70.

#   Failed test 'wide %s'
#   at t/02_export.t line 25.
#          got: '            '
#     expected: 'aaaあいうえお'
Use of uninitialized value in substitution (s///) at /home/cpan/pit/jail/Nrt4RInzwm/lib/perl5/Text/Conceal.pm line 144.
Use of uninitialized value in substitution iterator at /home/cpan/pit/jail/Nrt4RInzwm/lib/perl5/Text/Conceal.pm line 70.

#   Failed test 'wide %-s'
#   at t/02_export.t line 27.
#          got: '            '
#     expected: 'あいうえお  '
Use of uninitialized value in substitution (s///) at /home/cpan/pit/jail/Nrt4RInzwm/lib/perl5/Text/Conceal.pm line 144.
Use of uninitialized value in substitution iterator at /home/cpan/pit/jail/Nrt4RInzwm/lib/perl5/Text/Conceal.pm line 70.

#   Failed test 'wide %-s'
#   at t/02_export.t line 28.
#          got: '            '
#     expected: 'aあいうえお '
Use of uninitialized value in substitution (s///) at /home/cpan/pit/jail/Nrt4RInzwm/lib/perl5/Text/Conceal.pm line 144.
Use of uninitialized value in substitution iterator at /home/cpan/pit/jail/Nrt4RInzwm/lib/perl5/Text/Conceal.pm line 70.

#   Failed test 'wide %-s'
#   at t/02_export.t line 29.
#          got: '            '
#     expected: 'aaあいうえお'
Use of uninitialized value in substitution (s///) at /home/cpan/pit/jail/Nrt4RInzwm/lib/perl5/Text/Conceal.pm line 144.
Use of uninitialized value in substitution iterator at /home/cpan/pit/jail/Nrt4RInzwm/lib/perl5/Text/Conceal.pm line 70.

#   Failed test 'wide %-s'
#   at t/02_export.t line 30.
#          got: '            '
#     expected: 'aaaあいうえお'
Use of uninitialized value in substitution (s///) at /home/cpan/pit/jail/Nrt4RInzwm/lib/perl5/Text/Conceal.pm line 144.
Use of uninitialized value in substitution iterator at /home/cpan/pit/jail/Nrt4RInzwm/lib/perl5/Text/Conceal.pm line 70.

#   Failed test 'half %s'
#   at t/02_export.t line 32.
#          got: '       '
#     expected: '  アイウエオ'
Use of uninitialized value in substitution (s///) at /home/cpan/pit/jail/Nrt4RInzwm/lib/perl5/Text/Conceal.pm line 144.
Use of uninitialized value in substitution iterator at /home/cpan/pit/jail/Nrt4RInzwm/lib/perl5/Text/Conceal.pm line 70.

#   Failed test 'half %s'
#   at t/02_export.t line 33.
#          got: '       '
#     expected: ' aアイウエオ'
Use of uninitialized value in substitution (s///) at /home/cpan/pit/jail/Nrt4RInzwm/lib/perl5/Text/Conceal.pm line 144.
Use of uninitialized value in substitution iterator at /home/cpan/pit/jail/Nrt4RInzwm/lib/perl5/Text/Conceal.pm line 70.

#   Failed test 'half %s'
#   at t/02_export.t line 34.
#          got: '       '
#     expected: 'aaアイウエオ'
Use of uninitialized value in substitution (s///) at /home/cpan/pit/jail/Nrt4RInzwm/lib/perl5/Text/Conceal.pm line 144.
Use of uninitialized value in substitution iterator at /home/cpan/pit/jail/Nrt4RInzwm/lib/perl5/Text/Conceal.pm line 70.

#   Failed test 'half %s'
#   at t/02_export.t line 35.
#          got: '       '
#     expected: 'aaaアイウエオ'
Use of uninitialized value in substitution (s///) at /home/cpan/pit/jail/Nrt4RInzwm/lib/perl5/Text/Conceal.pm line 144.
Use of uninitialized value in substitution iterator at /home/cpan/pit/jail/Nrt4RInzwm/lib/perl5/Text/Conceal.pm line 70.

#   Failed test 'half %-s'
#   at t/02_export.t line 37.
#          got: '       '
#     expected: 'アイウエオ  '
Use of uninitialized value in substitution (s///) at /home/cpan/pit/jail/Nrt4RInzwm/lib/perl5/Text/Conceal.pm line 144.
Use of uninitialized value in substitution iterator at /home/cpan/pit/jail/Nrt4RInzwm/lib/perl5/Text/Conceal.pm line 70.

#   Failed test 'half %-s'
#   at t/02_export.t line 38.
#          got: '       '
#     expected: 'aアイウエオ '
Use of uninitialized value in substitution (s///) at /home/cpan/pit/jail/Nrt4RInzwm/lib/perl5/Text/Conceal.pm line 144.
Use of uninitialized value in substitution iterator at /home/cpan/pit/jail/Nrt4RInzwm/lib/perl5/Text/Conceal.pm line 70.

#   Failed test 'half %-s'
#   at t/02_export.t line 39.
#          got: '       '
#     expected: 'aaアイウエオ'
Use of uninitialized value in substitution (s///) at /home/cpan/pit/jail/Nrt4RInzwm/lib/perl5/Text/Conceal.pm line 144.
Use of uninitialized value in substitution iterator at /home/cpan/pit/jail/Nrt4RInzwm/lib/perl5/Text/Conceal.pm line 70.

#   Failed test 'half %-s'
#   at t/02_export.t line 40.
#          got: '       '
#     expected: 'aaaアイウエオ'
# Looks like you failed 17 tests of 18.
t/02_export.t ..... 
Dubious, test returned 17 (wstat 4352, 0x1100)
Failed 17/18 subtests 
Use of uninitialized value in substitution (s///) at /home/cpan/pit/jail/Nrt4RInzwm/lib/perl5/Text/Conceal.pm line 144.
Use of uninitialized value in substitution iterator at /home/cpan/pit/jail/Nrt4RInzwm/lib/perl5/Text/Conceal.pm line 70.

#   Failed test 'ASCII %.5s'
#   at t/03_shorten.t line 14.
#          got: ''
#     expected: 'abcde'
Use of uninitialized value in substitution (s///) at /home/cpan/pit/jail/Nrt4RInzwm/lib/perl5/Text/Conceal.pm line 144.
Use of uninitialized value in substitution iterator at /home/cpan/pit/jail/Nrt4RInzwm/lib/perl5/Text/Conceal.pm line 70.

#   Failed test 'ASCII %.4s'
#   at t/03_shorten.t line 15.
#          got: ''
#     expected: 'abcd'
Use of uninitialized value in substitution (s///) at /home/cpan/pit/jail/Nrt4RInzwm/lib/perl5/Text/Conceal.pm line 144.
Use of uninitialized value in substitution iterator at /home/cpan/pit/jail/Nrt4RInzwm/lib/perl5/Text/Conceal.pm line 70.

#   Failed test 'ASCII %.3s'
#   at t/03_shorten.t line 16.
#          got: ''
#     expected: 'abc'
Use of uninitialized value in substitution (s///) at /home/cpan/pit/jail/Nrt4RInzwm/lib/perl5/Text/Conceal.pm line 144.
Use of uninitialized value in substitution iterator at /home/cpan/pit/jail/Nrt4RInzwm/lib/perl5/Text/Conceal.pm line 70.

#   Failed test 'ASCII %.2s'
#   at t/03_shorten.t line 17.
#          got: ''
#     expected: 'ab'
Use of uninitialized value in substitution (s///) at /home/cpan/pit/jail/Nrt4RInzwm/lib/perl5/Text/Conceal.pm line 144.
Use of uninitialized value in substitution iterator at /home/cpan/pit/jail/Nrt4RInzwm/lib/perl5/Text/Conceal.pm line 70.

#   Failed test 'ASCII %.1s'
#   at t/03_shorten.t line 18.
#          got: ''
#     expected: 'a'
Use of uninitialized value in substitution (s///) at /home/cpan/pit/jail/Nrt4RInzwm/lib/perl5/Text/Conceal.pm line 144.
Use of uninitialized value in substitution iterator at /home/cpan/pit/jail/Nrt4RInzwm/lib/perl5/Text/Conceal.pm line 70.
Use of uninitialized value in substitution (s///) at /home/cpan/pit/jail/Nrt4RInzwm/lib/perl5/Text/Conceal.pm line 144.
Use of uninitialized value in substitution iterator at /home/cpan/pit/jail/Nrt4RInzwm/lib/perl5/Text/Conceal.pm line 70.

#   Failed test 'wide %.10s'
#   at t/03_shorten.t line 21.
#          got: ''
#     expected: 'あいうえお'
Use of uninitialized value in substitution (s///) at /home/cpan/pit/jail/Nrt4RInzwm/lib/perl5/Text/Conceal.pm line 144.
Use of uninitialized value in substitution iterator at /home/cpan/pit/jail/Nrt4RInzwm/lib/perl5/Text/Conceal.pm line 70.

#   Failed test 'wide %.9s'
#   at t/03_shorten.t line 22.
#          got: ''
#     expected: 'あいうえ '
Use of uninitialized value in substitution (s///) at /home/cpan/pit/jail/Nrt4RInzwm/lib/perl5/Text/Conceal.pm line 144.
Use of uninitialized value in substitution iterator at /home/cpan/pit/jail/Nrt4RInzwm/lib/perl5/Text/Conceal.pm line 70.

#   Failed test 'wide %.8s'
#   at t/03_shorten.t line 23.
#          got: ''
#     expected: 'あいうえ'
Use of uninitialized value in substitution (s///) at /home/cpan/pit/jail/Nrt4RInzwm/lib/perl5/Text/Conceal.pm line 144.
Use of uninitialized value in substitution iterator at /home/cpan/pit/jail/Nrt4RInzwm/lib/perl5/Text/Conceal.pm line 70.

#   Failed test 'wide %.7s'
#   at t/03_shorten.t line 24.
#          got: ''
#     expected: 'あいう '
Use of uninitialized value in substitution (s///) at /home/cpan/pit/jail/Nrt4RInzwm/lib/perl5/Text/Conceal.pm line 144.
Use of uninitialized value in substitution iterator at /home/cpan/pit/jail/Nrt4RInzwm/lib/perl5/Text/Conceal.pm line 70.

#   Failed test 'wide %.2s'
#   at t/03_shorten.t line 25.
#          got: ''
#     expected: 'あ'
Use of uninitialized value in substitution (s///) at /home/cpan/pit/jail/Nrt4RInzwm/lib/perl5/Text/Conceal.pm line 144.
Use of uninitialized value in substitution iterator at /home/cpan/pit/jail/Nrt4RInzwm/lib/perl5/Text/Conceal.pm line 70.

#   Failed test 'wide %.1s'
#   at t/03_shorten.t line 26.
#          got: ''
#     expected: ' '
Use of uninitialized value in substitution (s///) at /home/cpan/pit/jail/Nrt4RInzwm/lib/perl5/Text/Conceal.pm line 144.
Use of uninitialized value in substitution iterator at /home/cpan/pit/jail/Nrt4RInzwm/lib/perl5/Text/Conceal.pm line 70.
Use of uninitialized value in substitution (s///) at /home/cpan/pit/jail/Nrt4RInzwm/lib/perl5/Text/Conceal.pm line 144.
Use of uninitialized value in substitution iterator at /home/cpan/pit/jail/Nrt4RInzwm/lib/perl5/Text/Conceal.pm line 70.

#   Failed test 'wide %-.10s'
#   at t/03_shorten.t line 29.
#          got: ''
#     expected: 'あいうえお'
Use of uninitialized value in substitution (s///) at /home/cpan/pit/jail/Nrt4RInzwm/lib/perl5/Text/Conceal.pm line 144.
Use of uninitialized value in substitution iterator at /home/cpan/pit/jail/Nrt4RInzwm/lib/perl5/Text/Conceal.pm line 70.

#   Failed test 'wide %-.9s'
#   at t/03_shorten.t line 30.
#          got: ''
#     expected: 'あいうえ '
Use of uninitialized value in substitution (s///) at /home/cpan/pit/jail/Nrt4RInzwm/lib/perl5/Text/Conceal.pm line 144.
Use of uninitialized value in substitution iterator at /home/cpan/pit/jail/Nrt4RInzwm/lib/perl5/Text/Conceal.pm line 70.

#   Failed test 'wide %-.8s'
#   at t/03_shorten.t line 31.
#          got: ''
#     expected: 'あいうえ'
Use of uninitialized value in substitution (s///) at /home/cpan/pit/jail/Nrt4RInzwm/lib/perl5/Text/Conceal.pm line 144.
Use of uninitialized value in substitution iterator at /home/cpan/pit/jail/Nrt4RInzwm/lib/perl5/Text/Conceal.pm line 70.

#   Failed test 'wide %-.7s'
#   at t/03_shorten.t line 32.
#          got: ''
#     expected: 'あいう '
Use of uninitialized value in substitution (s///) at /home/cpan/pit/jail/Nrt4RInzwm/lib/perl5/Text/Conceal.pm line 144.
Use of uninitialized value in substitution iterator at /home/cpan/pit/jail/Nrt4RInzwm/lib/perl5/Text/Conceal.pm line 70.

#   Failed test 'half %.5s'
#   at t/03_shorten.t line 34.
#          got: ''
#     expected: 'アイウエオ'
Use of uninitialized value in substitution (s///) at /home/cpan/pit/jail/Nrt4RInzwm/lib/perl5/Text/Conceal.pm line 144.
Use of uninitialized value in substitution iterator at /home/cpan/pit/jail/Nrt4RInzwm/lib/perl5/Text/Conceal.pm line 70.

#   Failed test 'half %.4s'
#   at t/03_shorten.t line 35.
#          got: ''
#     expected: 'アイウエ'
Use of uninitialized value in substitution (s///) at /home/cpan/pit/jail/Nrt4RInzwm/lib/perl5/Text/Conceal.pm line 144.
Use of uninitialized value in substitution iterator at /home/cpan/pit/jail/Nrt4RInzwm/lib/perl5/Text/Conceal.pm line 70.

#   Failed test 'half %.3s'
#   at t/03_shorten.t line 36.
#          got: ''
#     expected: 'アイウ'
Use of uninitialized value in substitution (s///) at /home/cpan/pit/jail/Nrt4RInzwm/lib/perl5/Text/Conceal.pm line 144.
Use of uninitialized value in substitution iterator at /home/cpan/pit/jail/Nrt4RInzwm/lib/perl5/Text/Conceal.pm line 70.

#   Failed test 'half %.2s'
#   at t/03_shorten.t line 37.
#          got: ''
#     expected: 'アイ'
Use of uninitialized value in substitution (s///) at /home/cpan/pit/jail/Nrt4RInzwm/lib/perl5/Text/Conceal.pm line 144.
Use of uninitialized value in substitution iterator at /home/cpan/pit/jail/Nrt4RInzwm/lib/perl5/Text/Conceal.pm line 70.

#   Failed test 'half %.1s'
#   at t/03_shorten.t line 38.
#          got: ''
#     expected: 'ï½±'
Use of uninitialized value in substitution (s///) at /home/cpan/pit/jail/Nrt4RInzwm/lib/perl5/Text/Conceal.pm line 144.
Use of uninitialized value in substitution iterator at /home/cpan/pit/jail/Nrt4RInzwm/lib/perl5/Text/Conceal.pm line 70.
# Looks like you failed 20 tests of 23.
t/03_shorten.t .... 
Dubious, test returned 20 (wstat 5120, 0x1400)
Failed 20/23 subtests 
Use of uninitialized value in substitution (s///) at /home/cpan/pit/jail/Nrt4RInzwm/lib/perl5/Text/Conceal.pm line 144.
Use of uninitialized value in substitution iterator at /home/cpan/pit/jail/Nrt4RInzwm/lib/perl5/Text/Conceal.pm line 70.

#   Failed test 'ASCII %s'
#   at t/04_backspace.t line 13.
#          got: '            '
#     expected: '       aabbccddee'
Use of uninitialized value in substitution (s///) at /home/cpan/pit/jail/Nrt4RInzwm/lib/perl5/Text/Conceal.pm line 144.
Use of uninitialized value in substitution iterator at /home/cpan/pit/jail/Nrt4RInzwm/lib/perl5/Text/Conceal.pm line 70.

#   Failed test 'wide %s'
#   at t/04_backspace.t line 16.
#          got: '            '
#     expected: '  ああいいううええおお'
Use of uninitialized value in substitution (s///) at /home/cpan/pit/jail/Nrt4RInzwm/lib/perl5/Text/Conceal.pm line 144.
Use of uninitialized value in substitution iterator at /home/cpan/pit/jail/Nrt4RInzwm/lib/perl5/Text/Conceal.pm line 70.

#   Failed test 'wide %s'
#   at t/04_backspace.t line 17.
#          got: '            '
#     expected: ' aaああいいううええおお'
Use of uninitialized value in substitution (s///) at /home/cpan/pit/jail/Nrt4RInzwm/lib/perl5/Text/Conceal.pm line 144.
Use of uninitialized value in substitution iterator at /home/cpan/pit/jail/Nrt4RInzwm/lib/perl5/Text/Conceal.pm line 70.

#   Failed test 'wide %s'
#   at t/04_backspace.t line 18.
#          got: '            '
#     expected: 'aaaaああいいううええおお'
Use of uninitialized value in substitution (s///) at /home/cpan/pit/jail/Nrt4RInzwm/lib/perl5/Text/Conceal.pm line 144.
Use of uninitialized value in substitution iterator at /home/cpan/pit/jail/Nrt4RInzwm/lib/perl5/Text/Conceal.pm line 70.

#   Failed test 'wide %s'
#   at t/04_backspace.t line 19.
#          got: '            '
#     expected: 'aaaaaaああいいううええおお'
Use of uninitialized value in substitution (s///) at /home/cpan/pit/jail/Nrt4RInzwm/lib/perl5/Text/Conceal.pm line 144.
Use of uninitialized value in substitution iterator at /home/cpan/pit/jail/Nrt4RInzwm/lib/perl5/Text/Conceal.pm line 70.

#   Failed test 'wide %-s'
#   at t/04_backspace.t line 21.
#          got: '            '
#     expected: 'ああいいううええおお  '
Use of uninitialized value in substitution (s///) at /home/cpan/pit/jail/Nrt4RInzwm/lib/perl5/Text/Conceal.pm line 144.
Use of uninitialized value in substitution iterator at /home/cpan/pit/jail/Nrt4RInzwm/lib/perl5/Text/Conceal.pm line 70.

#   Failed test 'wide %-s'
#   at t/04_backspace.t line 22.
#          got: '            '
#     expected: 'aaああいいううええおお '
Use of uninitialized value in substitution (s///) at /home/cpan/pit/jail/Nrt4RInzwm/lib/perl5/Text/Conceal.pm line 144.
Use of uninitialized value in substitution iterator at /home/cpan/pit/jail/Nrt4RInzwm/lib/perl5/Text/Conceal.pm line 70.

#   Failed test 'wide %-s'
#   at t/04_backspace.t line 23.
#          got: '            '
#     expected: 'aaaaああいいううええおお'
Use of uninitialized value in substitution (s///) at /home/cpan/pit/jail/Nrt4RInzwm/lib/perl5/Text/Conceal.pm line 144.
Use of uninitialized value in substitution iterator at /home/cpan/pit/jail/Nrt4RInzwm/lib/perl5/Text/Conceal.pm line 70.

#   Failed test 'wide %-s'
#   at t/04_backspace.t line 24.
#          got: '            '
#     expected: 'aaaaaaああいいううええおお'
Use of uninitialized value in substitution (s///) at /home/cpan/pit/jail/Nrt4RInzwm/lib/perl5/Text/Conceal.pm line 144.
Use of uninitialized value in substitution iterator at /home/cpan/pit/jail/Nrt4RInzwm/lib/perl5/Text/Conceal.pm line 70.

#   Failed test 'half %s'
#   at t/04_backspace.t line 26.
#          got: '       '
#     expected: '  アアイイウウエエオオ'
Use of uninitialized value in substitution (s///) at /home/cpan/pit/jail/Nrt4RInzwm/lib/perl5/Text/Conceal.pm line 144.
Use of uninitialized value in substitution iterator at /home/cpan/pit/jail/Nrt4RInzwm/lib/perl5/Text/Conceal.pm line 70.

#   Failed test 'half %s'
#   at t/04_backspace.t line 27.
#          got: '       '
#     expected: ' aaアアイイウウエエオオ'
Use of uninitialized value in substitution (s///) at /home/cpan/pit/jail/Nrt4RInzwm/lib/perl5/Text/Conceal.pm line 144.
Use of uninitialized value in substitution iterator at /home/cpan/pit/jail/Nrt4RInzwm/lib/perl5/Text/Conceal.pm line 70.

#   Failed test 'half %s'
#   at t/04_backspace.t line 28.
#          got: '       '
#     expected: 'aaaaアアイイウウエエオオ'
Use of uninitialized value in substitution (s///) at /home/cpan/pit/jail/Nrt4RInzwm/lib/perl5/Text/Conceal.pm line 144.
Use of uninitialized value in substitution iterator at /home/cpan/pit/jail/Nrt4RInzwm/lib/perl5/Text/Conceal.pm line 70.

#   Failed test 'half %s'
#   at t/04_backspace.t line 29.
#          got: '       '
#     expected: 'aaaaaaアアイイウウエエオオ'
Use of uninitialized value in substitution (s///) at /home/cpan/pit/jail/Nrt4RInzwm/lib/perl5/Text/Conceal.pm line 144.
Use of uninitialized value in substitution iterator at /home/cpan/pit/jail/Nrt4RInzwm/lib/perl5/Text/Conceal.pm line 70.

#   Failed test 'half %-s'
#   at t/04_backspace.t line 31.
#          got: '       '
#     expected: 'アアイイウウエエオオ  '
Use of uninitialized value in substitution (s///) at /home/cpan/pit/jail/Nrt4RInzwm/lib/perl5/Text/Conceal.pm line 144.
Use of uninitialized value in substitution iterator at /home/cpan/pit/jail/Nrt4RInzwm/lib/perl5/Text/Conceal.pm line 70.

#   Failed test 'half %-s'
#   at t/04_backspace.t line 32.
#          got: '       '
#     expected: 'aaアアイイウウエエオオ '
Use of uninitialized value in substitution (s///) at /home/cpan/pit/jail/Nrt4RInzwm/lib/perl5/Text/Conceal.pm line 144.
Use of uninitialized value in substitution iterator at /home/cpan/pit/jail/Nrt4RInzwm/lib/perl5/Text/Conceal.pm line 70.

#   Failed test 'half %-s'
#   at t/04_backspace.t line 33.
#          got: '       '
#     expected: 'aaaaアアイイウウエエオオ'
Use of uninitialized value in substitution (s///) at /home/cpan/pit/jail/Nrt4RInzwm/lib/perl5/Text/Conceal.pm line 144.
Use of uninitialized value in substitution iterator at /home/cpan/pit/jail/Nrt4RInzwm/lib/perl5/Text/Conceal.pm line 70.

#   Failed test 'half %-s'
#   at t/04_backspace.t line 34.
#          got: '       '
#     expected: 'aaaaaaアアイイウウエエオオ'
# Looks like you failed 17 tests of 17.
t/04_backspace.t .. 
Dubious, test returned 17 (wstat 4352, 0x1100)
Failed 17/17 subtests 

Test Summary Report
-------------------
t/01_simple.t   (Wstat: 4608 Tests: 20 Failed: 18)
  Failed tests:  3-20
  Non-zero exit status: 18
t/02_export.t   (Wstat: 4352 Tests: 18 Failed: 17)
  Failed tests:  2-18
  Non-zero exit status: 17
t/03_shorten.t  (Wstat: 5120 Tests: 23 Failed: 20)
  Failed tests:  1-5, 7-12, 14-22
  Non-zero exit status: 20
t/04_backspace.t (Wstat: 4352 Tests: 17 Failed: 17)
  Failed tests:  1-17
  Non-zero exit status: 17
Files=5, Tests=79,  1 wallclock secs ( 0.03 usr  0.01 sys +  0.34 cusr  0.05 csys =  0.43 CPU)
Result: FAIL


PREREQUISITES:

Here is a list of prerequisites you specified and versions we
managed to load:

	  Module Name                        Have     Want
	  Test::More                     1.302181     0.98
	  Text::ANSI::Fold::Util             0.04     0.04
	  Text::Conceal                      0.99     0.99

Perl module toolchain versions installed:
	Module Name                        Have
	CPANPLUS                         0.9908
	CPANPLUS::Dist::Build              0.90
	Cwd                                3.75
	ExtUtils::CBuilder             0.280234
	ExtUtils::Command                  7.48
	ExtUtils::Install                  2.18
	ExtUtils::MakeMaker                7.48
	ExtUtils::Manifest                 1.72
	ExtUtils::ParseXS                  3.35
	File::Spec                         3.75
	Module::Build                    0.4231
	Pod::Parser                        1.60
	Pod::Simple                        3.28
	Test2                          1.302181
	Test::Harness                      3.42
	Test::More                     1.302181
	version                          0.9928

******************************** NOTE ********************************
The comments above are created mechanically, possibly without manual
checking by the sender.  As there are many people performing automatic
tests on each upload to CPAN, it is likely that you will receive
identical messages about the same problem.

If you believe that the message is mistaken, please reply to the first
one with correction and/or additional informations, and do not take
it personally.  We appreciate your patience. :)
**********************************************************************

Additional comments:


This report was machine-generated by CPANPLUS::Dist::YACSmoke 1.08.
Powered by minismokebox version 0.68

CPANPLUS is prefering Build.PL

------------------------------
ENVIRONMENT AND OTHER CONTEXT
------------------------------

Environment variables:

    AUTOMATED_TESTING = 1
    LANG = en_GB.UTF-8
    LANGUAGE = en_GB:en
    NONINTERACTIVE_TESTING = 1
    PATH = /usr/local/bin:/usr/bin:/bin:/usr/local/games:/usr/games
    PERL5LIB = /home/cpan/pit/jail/Nrt4RInzwm/lib/perl5:/home/cpan/pit/thr/conf/perl-5.18.1/.cpanplus/5.18.1/build/C1KAuQcRCj/Text-VisualWidth-PP-0.05/blib/lib:/home/cpan/pit/thr/conf/perl-5.18.1/.cpanplus/5.18.1/build/C1KAuQcRCj/Text-VisualWidth-PP-0.05/blib/arch:/home/cpan/pit/thr/conf/perl-5.18.1/.cpanplus/5.18.1/build/glwhh0MIE5/Text-ANSI-Fold-2.06/blib/lib:/home/cpan/pit/thr/conf/perl-5.18.1/.cpanplus/5.18.1/build/glwhh0MIE5/Text-ANSI-Fold-2.06/blib/arch:/home/cpan/pit/thr/conf/perl-5.18.1/.cpanplus/5.18.1/build/czE5ZqHhCS/Text-ANSI-Fold-Util-0.04/blib/lib:/home/cpan/pit/thr/conf/perl-5.18.1/.cpanplus/5.18.1/build/czE5ZqHhCS/Text-ANSI-Fold-Util-0.04/blib/arch:/home/cpan/pit/thr/conf/perl-5.18.1/.cpanplus/5.18.1/build/QDD5JnBI00/Text-Conceal-0.99/blib/lib:/home/cpan/pit/thr/conf/perl-5.18.1/.cpanplus/5.18.1/build/QDD5JnBI00/Text-Conceal-0.99/blib/arch:/home/cpan/pit/thr/conf/perl-5.18.1/.cpanplus/5.18.1/build/EwZ9QxLBU7/Text-ANSI-Printf-2.01/blib/lib:/home/cpan/pit/thr/conf/perl-5.18.1/.cpanplus/5.18.1/build/EwZ9QxLBU7/Text-ANSI-Printf-2.01/blib/arch
    PERL5_CPANPLUS_IS_RUNNING = 22009
    PERL5_CPANPLUS_IS_VERSION = 0.9908
    PERL5_MINISMOKEBOX = 0.68
    PERL5_YACSMOKE_BASE = /home/cpan/pit/thr/conf/perl-5.18.1
    PERL_EXTUTILS_AUTOINSTALL = --defaultdeps
    PERL_LOCAL_LIB_ROOT = /home/cpan/pit/jail/Nrt4RInzwm
    PERL_MB_OPT = --install_base "/home/cpan/pit/jail/Nrt4RInzwm"
    PERL_MM_OPT = INSTALL_BASE=/home/cpan/pit/jail/Nrt4RInzwm
    PERL_MM_USE_DEFAULT = 1
    SHELL = /bin/bash
    TERM = screen

Perl special variables (and OS-specific diagnostics, for MSWin32):

    Perl: $^X = /home/cpan/pit/thr/perl-5.18.1/bin/perl
    UID:  $<  = 1001
    EUID: $>  = 1001
    GID:  $(  = 1001 1001
    EGID: $)  = 1001 1001


-------------------------------


--

Summary of my perl5 (revision 5 version 18 subversion 1) configuration:
   
  Platform:
    osname=linux, osvers=4.19.0-6-686, archname=i686-linux-thread-multi
    uname='linux dagobah 4.19.0-6-686 #1 smp debian 4.19.67-2+deb10u2 (2019-11-11) i686 gnulinux '
    config_args='-des -Dprefix=/home/cpan/pit/thr/perl-5.18.1 -Dusethreads'
    hint=recommended, useposix=true, d_sigaction=define
    useithreads=define, usemultiplicity=define
    useperlio=define, d_sfio=undef, uselargefiles=define, usesocks=undef
    use64bitint=undef, use64bitall=undef, uselongdouble=undef
    usemymalloc=n, bincompat5005=undef
  Compiler:
    cc='cc', ccflags ='-D_REENTRANT -D_GNU_SOURCE -fwrapv -fno-strict-aliasing -pipe -fstack-protector -I/usr/local/include -D_LARGEFILE_SOURCE -D_FILE_OFFSET_BITS=64',
    optimize='-O2',
    cppflags='-D_REENTRANT -D_GNU_SOURCE -fwrapv -fno-strict-aliasing -pipe -fstack-protector -I/usr/local/include'
    ccversion='', gccversion='8.3.0', gccosandvers=''
    intsize=4, longsize=4, ptrsize=4, doublesize=8, byteorder=1234
    d_longlong=define, longlongsize=8, d_longdbl=define, longdblsize=12
    ivtype='long', ivsize=4, nvtype='double', nvsize=8, Off_t='off_t', lseeksize=8
    alignbytes=4, prototype=define
  Linker and Libraries:
    ld='cc', ldflags =' -fstack-protector -L/usr/local/lib'
    libpth=/usr/local/lib /lib/i386-linux-gnu /lib/../lib /usr/lib/i386-linux-gnu /usr/lib/../lib /lib /usr/lib /lib64 /usr/lib64
    libs=-lnsl -lgdbm -ldl -lm -lcrypt -lutil -lpthread -lc
    perllibs=-lnsl -ldl -lm -lcrypt -lutil -lpthread -lc
    libc=libc-2.28.so, so=so, useshrplib=false, libperl=libperl.a
    gnulibc_version='2.28'
  Dynamic Linking:
    dlsrc=dl_dlopen.xs, dlext=so, d_dlsymun=undef, ccdlflags='-Wl,-E'
    cccdlflags='-fPIC', lddlflags='-shared -O2 -L/usr/local/lib -fstack-protector'


Characteristics of this binary (from libperl): 
  Compile-time options: HAS_TIMES MULTIPLICITY PERLIO_LAYERS
                        PERL_DONT_CREATE_GVSV
                        PERL_HASH_FUNC_ONE_AT_A_TIME_HARD
                        PERL_IMPLICIT_CONTEXT PERL_MALLOC_WRAP
                        PERL_PRESERVE_IVUV PERL_SAWAMPERSAND USE_ITHREADS
                        USE_LARGE_FILES USE_LOCALE USE_LOCALE_COLLATE
                        USE_LOCALE_CTYPE USE_LOCALE_NUMERIC USE_PERLIO
                        USE_PERL_ATOF USE_REENTRANT_API
  Locally applied patches:
	Devel::PatchPerl 1.80
  Built under linux
  Compiled at Nov 28 2019 21:30:07
  %ENV:
    PERL5LIB="/home/cpan/pit/jail/Nrt4RInzwm/lib/perl5:/home/cpan/pit/thr/conf/perl-5.18.1/.cpanplus/5.18.1/build/C1KAuQcRCj/Text-VisualWidth-PP-0.05/blib/lib:/home/cpan/pit/thr/conf/perl-5.18.1/.cpanplus/5.18.1/build/C1KAuQcRCj/Text-VisualWidth-PP-0.05/blib/arch:/home/cpan/pit/thr/conf/perl-5.18.1/.cpanplus/5.18.1/build/glwhh0MIE5/Text-ANSI-Fold-2.06/blib/lib:/home/cpan/pit/thr/conf/perl-5.18.1/.cpanplus/5.18.1/build/glwhh0MIE5/Text-ANSI-Fold-2.06/blib/arch:/home/cpan/pit/thr/conf/perl-5.18.1/.cpanplus/5.18.1/build/czE5ZqHhCS/Text-ANSI-Fold-Util-0.04/blib/lib:/home/cpan/pit/thr/conf/perl-5.18.1/.cpanplus/5.18.1/build/czE5ZqHhCS/Text-ANSI-Fold-Util-0.04/blib/arch:/home/cpan/pit/thr/conf/perl-5.18.1/.cpanplus/5.18.1/build/QDD5JnBI00/Text-Conceal-0.99/blib/lib:/home/cpan/pit/thr/conf/perl-5.18.1/.cpanplus/5.18.1/build/QDD5JnBI00/Text-Conceal-0.99/blib/arch:/home/cpan/pit/thr/conf/perl-5.18.1/.cpanplus/5.18.1/build/EwZ9QxLBU7/Text-ANSI-Printf-2.01/blib/lib:/home/cpan/pit/thr/conf/perl-5.18.1/.cpanplus/5.18.1/build/EwZ9QxLBU7/Text-ANSI-Printf-2.01/blib/arch"
    PERL5_CPANPLUS_IS_RUNNING="22009"
    PERL5_CPANPLUS_IS_VERSION="0.9908"
    PERL5_MINISMOKEBOX="0.68"
    PERL5_YACSMOKE_BASE="/home/cpan/pit/thr/conf/perl-5.18.1"
    PERL_EXTUTILS_AUTOINSTALL="--defaultdeps"
    PERL_LOCAL_LIB_ROOT="/home/cpan/pit/jail/Nrt4RInzwm"
    PERL_MB_OPT="--install_base "/home/cpan/pit/jail/Nrt4RInzwm""
    PERL_MM_OPT="INSTALL_BASE=/home/cpan/pit/jail/Nrt4RInzwm"
    PERL_MM_USE_DEFAULT="1"
  @INC:
    /home/cpan/pit/jail/Nrt4RInzwm/lib/perl5/5.18.1/i686-linux-thread-multi
    /home/cpan/pit/jail/Nrt4RInzwm/lib/perl5/5.18.1
    /home/cpan/pit/jail/Nrt4RInzwm/lib/perl5/i686-linux-thread-multi
    /home/cpan/pit/jail/Nrt4RInzwm/lib/perl5
    /home/cpan/pit/thr/conf/perl-5.18.1/.cpanplus/5.18.1/build/C1KAuQcRCj/Text-VisualWidth-PP-0.05/blib/lib
    /home/cpan/pit/thr/conf/perl-5.18.1/.cpanplus/5.18.1/build/C1KAuQcRCj/Text-VisualWidth-PP-0.05/blib/arch
    /home/cpan/pit/thr/conf/perl-5.18.1/.cpanplus/5.18.1/build/glwhh0MIE5/Text-ANSI-Fold-2.06/blib/lib
    /home/cpan/pit/thr/conf/perl-5.18.1/.cpanplus/5.18.1/build/glwhh0MIE5/Text-ANSI-Fold-2.06/blib/arch
    /home/cpan/pit/thr/conf/perl-5.18.1/.cpanplus/5.18.1/build/czE5ZqHhCS/Text-ANSI-Fold-Util-0.04/blib/lib
    /home/cpan/pit/thr/conf/perl-5.18.1/.cpanplus/5.18.1/build/czE5ZqHhCS/Text-ANSI-Fold-Util-0.04/blib/arch
    /home/cpan/pit/thr/conf/perl-5.18.1/.cpanplus/5.18.1/build/QDD5JnBI00/Text-Conceal-0.99/blib/lib
    /home/cpan/pit/thr/conf/perl-5.18.1/.cpanplus/5.18.1/build/QDD5JnBI00/Text-Conceal-0.99/blib/arch
    /home/cpan/pit/thr/conf/perl-5.18.1/.cpanplus/5.18.1/build/EwZ9QxLBU7/Text-ANSI-Printf-2.01/blib/lib
    /home/cpan/pit/thr/conf/perl-5.18.1/.cpanplus/5.18.1/build/EwZ9QxLBU7/Text-ANSI-Printf-2.01/blib/arch
    /home/cpan/pit/thr/perl-5.18.1/lib/site_perl/5.18.1/i686-linux-thread-multi
    /home/cpan/pit/thr/perl-5.18.1/lib/site_perl/5.18.1
    /home/cpan/pit/thr/perl-5.18.1/lib/5.18.1/i686-linux-thread-multi
    /home/cpan/pit/thr/perl-5.18.1/lib/5.18.1
    .