FFI-Platypus v2.08 Perl 5 v5.38.2 MSWin32-x86-multi-thread-64int
- Status
- Fail
- From
- gregor herrmann
- Dist
-
FFI-Platypus v2.08
- Platform
- Perl 5 v5.38.2 MSWin32-x86-multi-thread-64int
- Date
- 2023-12-01 21:58:10
- ID
- 15c2f4ce-6c68-1014-8648-35aa6a97e739
This distribution has been tested as part of the CPAN Testers
project, supporting the Perl programming language. See
http://wiki.cpantesters.org/ for more information or email
questions to cpan-testers-discuss@perl.org
--
Dear Graham Ollis,
This is a computer-generated report for FFI-Platypus-2.08
on perl 5.38.2, created by CPAN-Reporter-1.2019.
Thank you for uploading your work to CPAN. However, there was a problem
testing your distribution.
If you think this report is invalid, please consult the CPAN Testers Wiki
for suggestions on how to avoid getting FAIL reports for missing library
or binary dependencies, unsupported operating systems, and so on:
http://wiki.cpantesters.org/wiki/CPANAuthorNotes
Sections of this report:
* Tester comments
* Program output
* Prerequisites
* Environment and other context
------------------------------
TESTER COMMENTS
------------------------------
Additional comments from tester:
this report is from an automated smoke testing program
and was not reviewed by a human for accuracy
------------------------------
PROGRAM OUTPUT
------------------------------
Output from 'C:\strawberry\c\bin\gmake.EXE test':
"C:\Strawberry\perl\bin\perl.exe" -MExtUtils::Command::MM -e cp_nonempty -- lib/FFI/Platypus.bs blib\arch\auto\FFI\Platypus\Platypus.bs 644
CC t/ffi/align.c
CC t/ffi/align_array.c
CC t/ffi/align_fixed.c
CC t/ffi/align_string.c
CC t/ffi/basic.c
CC t/ffi/closure.c
CC t/ffi/color.c
CC t/ffi/complex_double.c
CC t/ffi/complex_float.c
CC t/ffi/double.c
CC t/ffi/float.c
CC t/ffi/gh117.c
CC t/ffi/gh174.c
CC t/ffi/longdouble.c
CC t/ffi/memcmp4.c
CC t/ffi/meta.c
CC t/ffi/pointer.c
CC t/ffi/record.c
CC t/ffi/sint16.c
CC t/ffi/sint32.c
CC t/ffi/sint64.c
CC t/ffi/sint8.c
CC t/ffi/string.c
CC t/ffi/string_array.c
CC t/ffi/uint16.c
CC t/ffi/uint32.c
CC t/ffi/uint64.c
CC t/ffi/uint8.c
CC t/ffi/variadic.c
LD t/ffi/test.dll
"C:\Strawberry\perl\bin\perl.exe" "-MExtUtils::Command::MM" "-MTest::Harness" "-e" "undef *Test::Harness::Switches; test_harness(0, 'blib\lib', 'blib\arch')" t/*.t
#
#
#
# HARNESS_ACTIVE=1
# HARNESS_VERSION=3.48
# PERL5LIB=C:\cpan\build\FFI-Platypus-2.08-0\blib\lib;C:\cpan\build\FFI-Platypus-2.08-0\blib\arch
# PERL5_CPANPLUS_IS_RUNNING=3328
# PERL5_CPAN_IS_RUNNING=3328
# PERL5_CPAN_IS_RUNNING_IN_RECURSION=6336,3328
# PERL_CR_SMOKER_CURRENT=FFI-C-Stat-0.03
# PERL_EXTUTILS_AUTOINSTALL=--defaultdeps
# PERL_MM_USE_DEFAULT=1
# PERL_USE_UNSAFE_INC=1
#
#
#
# PERL5LIB path
# C:\cpan\build\FFI-Platypus-2.08-0\blib\lib
# C:\cpan\build\FFI-Platypus-2.08-0\blib\arch
#
#
#
# perl 5.038002 MSWin32 MSWin32-x86-multi-thread-64int
# Alien::Base 2.80
# Alien::FFI -
# Capture::Tiny 0.48
# Devel::Hide 0.0015
# ExtUtils::CBuilder 0.280238
# ExtUtils::MakeMaker 7.70
# ExtUtils::ParseXS 3.51
# FFI::CheckLib 0.31
# File::Spec::Functions 3.88
# IPC::Cmd 1.04
# JSON::PP 4.16
# List::Util 1.63
# Math::LongDouble -
# PkgConfig 0.25026
# Test2::API 1.302198
# Test2::V0 0.000159
# autodie 2.36
# constant 1.33
# forks -
# parent 0.241
#
#
#
# mode : system
# Alien::FFI::PkgConfigPP->VERSION =
# Alien::FFI::PkgConfigPP->install_type = system
# Alien::FFI::PkgConfigPP->cflags =
# Alien::FFI::PkgConfigPP->libs = -LC:/Strawberry/c/lib/pkgconfig/../../lib/../lib -lffi
# Alien::FFI::PkgConfigPP->version = 3.3
#
#
#
# ffi.platypus.memory.strdup_impl =libc
# ffi.platypus.memory.strndup_impl=ffi
#
#
#
# Types:
# double : double, float complex
# float : float
# longdouble : double complex, long double, long double complex
# sint16 : int16_t, short, signed short
# sint32 : int, int32_t, intptr_t, long, off_t, ptrdiff_t, senum, signed int, signed long, ssize_t, time_t
# sint64 : int64_t, intmax_t, long long, signed long long
# sint8 : char, int8_t, signed char
# uint16 : ino_t, mode_t, uint16_t, unsigned short, ushort, wchar_t, wint_t
# uint32 : dev_t, enum, size_t, uint, uint32_t, uintptr_t, ulong, unsigned int, unsigned long
# uint64 : uint64_t, uintmax_t, unsigned long long
# uint8 : bool, uchar, uint8_t, unsigned char
#
#
#
# ABIs:
# default_abi 5
# fastcall 4
# ms_cdecl 5
# pascal 6
# register 7
# stdcall 2
# sysv 1
# thiscall 3
#
#
#
# Probes:
# longdouble 1
# strnlen 1
# abi 1
# bigendian64 0
# bigendian 0
# recordvalue 1
# alloca 1
# complex 1
# variadic 1
#
#
#
# [PLATFORM]
# osname : MSWin32
# cc : gcc
# cxx : g++
# cxxld : g++
# for : gfortran
# ld : g++
# ccflags : -DWIN32 -DPERL_TEXTMODE_SCRIPTS -DMULTIPLICITY -DPERL_IMPLICIT_SYS -DUSE_PERLIO -D__USE_MINGW_ANSI_STDIO -fwrapv -fno-strict-aliasing -mms-bitfields -Os -IC:\cpan\build\FFI-Platypus-2.08-0\blib\lib\auto\share\dist\FFI-Platypus\include
# ldflags : -shared -s -LC:\STRAWB~1\perl\lib\CORE -LC:\STRAWB~1\c\lib -LC:\STRAWB~1\c\i686-w64-mingw32\lib -LC:\STRAWB~1\c\lib\gcc\i686-w64-mingw32\8.3.0 -Wl,--enable-auto-import -Wl,--export-all-symbols -Wl,--enable-auto-image-base
# object suffix : .o
# library prefix :
# library suffix : .dll
# cc mm works : -MM
#
#
#
t/00_diag.t .............................. ok
t/ffi_build.t ............................ ok
t/ffi_build_file_base.t .................. ok
t/ffi_build_file_c.t ..................... ok
t/ffi_build_file_cxx.t ................... ok
t/ffi_build_file_library.t ............... ok
t/ffi_build_file_object.t ................ ok
t/ffi_build_mm.t ......................... ok
t/ffi_build_platform.t ................... ok
t/ffi_build_plugin.t ..................... ok
t/ffi_build_plugindata.t ................. ok
t/ffi_platypus.t .........................
Dubious, test returned 29 (wstat 7424, 0x1d00)
All 10 subtests passed
t/ffi_platypus_api.t ..................... ok
t/ffi_platypus_buffer.t .................. ok
t/ffi_platypus_bundle.t ..................
Dubious, test returned 29 (wstat 7424, 0x1d00)
All 4 subtests passed
t/ffi_platypus_closure.t .................
Dubious, test returned 29 (wstat 7424, 0x1d00)
All 4 subtests passed
t/ffi_platypus_constant.t ................
Dubious, test returned 29 (wstat 7424, 0x1d00)
No subtests run
t/ffi_platypus_dl.t ...................... ok
t/ffi_platypus_function.t ................ ok
t/ffi_platypus_function_wrapper.t ........ ok
t/ffi_platypus_internal.t ................ ok
t/ffi_platypus_lang.t .................... ok
t/ffi_platypus_lang_asm.t ................ ok
t/ffi_platypus_lang_c.t .................. ok
t/ffi_platypus_lang_win32.t .............. ok
t/ffi_platypus_legacy.t .................. ok
t/ffi_platypus_memory.t .................. ok
t/ffi_platypus_record.t .................. ok
t/ffi_platypus_record_meta.t ............. ok
t/ffi_platypus_record_tiearray.t ......... ok
t/ffi_platypus_shareconfig.t ............. ok
t/ffi_platypus_type.t .................... ok
t/ffi_platypus_type_pointersizebuffer.t .. ok
t/ffi_platypus_type_stringarray.t ........ ok
t/ffi_platypus_type_stringpointer.t ...... ok
t/ffi_platypus_type_widestring.t ......... ok
t/ffi_platypus_typeparser.t .............. ok
t/ffi_platypus_typeparser_version0.t ..... ok
t/ffi_platypus_typeparser_version1.t ..... ok
t/ffi_platypus_typeparser_version2.t ..... ok
t/ffi_probe.t ............................ ok
t/ffi_probe_runner.t ..................... ok
t/ffi_probe_runner_builder.t ............. ok
t/ffi_probe_runner_result.t .............. ok
t/ffi_temp.t ............................. ok
t/forks.t ................................ skipped: Test requires forks
t/gh117.t ................................ ok
t/gh129.t ................................ ok
t/gh323.t ................................ ok
t/memory.t ............................... skipped: tested only in CI
t/threads.t .............................. ok
t/type_complex_double.t .................. ok
t/type_complex_float.t ................... ok
t/type_custom.t .......................... ok
t/type_double.t ..........................
Dubious, test returned 29 (wstat 7424, 0x1d00)
No subtests run
t/type_float.t ...........................
Dubious, test returned 29 (wstat 7424, 0x1d00)
No subtests run
t/type_longdouble.t ...................... ok
t/type_longdouble__array.t ............... ok
t/type_longdouble__hide.t ................ ok
t/type_longdouble__ptr.t ................. ok
t/type_opaque.t ..........................
Dubious, test returned 29 (wstat 7424, 0x1d00)
No subtests run
t/type_record.t ..........................
Dubious, test returned 29 (wstat 7424, 0x1d00)
All 3 subtests passed
t/type_record_value.t ....................
Dubious, test returned 29 (wstat 7424, 0x1d00)
All 1 subtests passed
t/type_sint16.t ..........................
Dubious, test returned 29 (wstat 7424, 0x1d00)
No subtests run
t/type_sint32.t ..........................
Dubious, test returned 29 (wstat 7424, 0x1d00)
No subtests run
t/type_sint64.t ..........................
Dubious, test returned 29 (wstat 7424, 0x1d00)
No subtests run
t/type_sint8.t ...........................
Dubious, test returned 29 (wstat 7424, 0x1d00)
No subtests run
t/type_string.t ..........................
Dubious, test returned 29 (wstat 7424, 0x1d00)
No subtests run
t/type_uint16.t ..........................
Dubious, test returned 29 (wstat 7424, 0x1d00)
No subtests run
t/type_uint32.t ..........................
Dubious, test returned 29 (wstat 7424, 0x1d00)
No subtests run
t/type_uint64.t ..........................
Dubious, test returned 29 (wstat 7424, 0x1d00)
No subtests run
t/type_uint8.t ...........................
Dubious, test returned 29 (wstat 7424, 0x1d00)
No subtests run
Test Summary Report
-------------------
t/ffi_platypus.t (Wstat: 7424 (exited 29) Tests: 10 Failed: 0)
Non-zero exit status: 29
Parse errors: No plan found in TAP output
t/ffi_platypus_bundle.t (Wstat: 7424 (exited 29) Tests: 4 Failed: 0)
Non-zero exit status: 29
Parse errors: No plan found in TAP output
t/ffi_platypus_closure.t (Wstat: 7424 (exited 29) Tests: 4 Failed: 0)
Non-zero exit status: 29
Parse errors: No plan found in TAP output
t/ffi_platypus_constant.t (Wstat: 7424 (exited 29) Tests: 0 Failed: 0)
Non-zero exit status: 29
Parse errors: No plan found in TAP output
t/type_double.t (Wstat: 7424 (exited 29) Tests: 0 Failed: 0)
Non-zero exit status: 29
Parse errors: No plan found in TAP output
t/type_float.t (Wstat: 7424 (exited 29) Tests: 0 Failed: 0)
Non-zero exit status: 29
Parse errors: No plan found in TAP output
t/type_opaque.t (Wstat: 7424 (exited 29) Tests: 0 Failed: 0)
Non-zero exit status: 29
Parse errors: No plan found in TAP output
t/type_record.t (Wstat: 7424 (exited 29) Tests: 3 Failed: 0)
Non-zero exit status: 29
Parse errors: No plan found in TAP output
t/type_record_value.t (Wstat: 7424 (exited 29) Tests: 1 Failed: 0)
Non-zero exit status: 29
Parse errors: No plan found in TAP output
t/type_sint16.t (Wstat: 7424 (exited 29) Tests: 0 Failed: 0)
Non-zero exit status: 29
Parse errors: No plan found in TAP output
t/type_sint32.t (Wstat: 7424 (exited 29) Tests: 0 Failed: 0)
Non-zero exit status: 29
Parse errors: No plan found in TAP output
t/type_sint64.t (Wstat: 7424 (exited 29) Tests: 0 Failed: 0)
Non-zero exit status: 29
Parse errors: No plan found in TAP output
t/type_sint8.t (Wstat: 7424 (exited 29) Tests: 0 Failed: 0)
Non-zero exit status: 29
Parse errors: No plan found in TAP output
t/type_string.t (Wstat: 7424 (exited 29) Tests: 0 Failed: 0)
Non-zero exit status: 29
Parse errors: No plan found in TAP output
t/type_uint16.t (Wstat: 7424 (exited 29) Tests: 0 Failed: 0)
Non-zero exit status: 29
Parse errors: No plan found in TAP output
t/type_uint32.t (Wstat: 7424 (exited 29) Tests: 0 Failed: 0)
Non-zero exit status: 29
Parse errors: No plan found in TAP output
t/type_uint64.t (Wstat: 7424 (exited 29) Tests: 0 Failed: 0)
Non-zero exit status: 29
Parse errors: No plan found in TAP output
t/type_uint8.t (Wstat: 7424 (exited 29) Tests: 0 Failed: 0)
Non-zero exit status: 29
Parse errors: No plan found in TAP output
Files=72, Tests=242, 141 wallclock secs ( 0.80 usr + 0.14 sys = 0.94 CPU)
Result: FAIL
Failed 18/72 test programs. 0/242 subtests failed.
gmake.EXE: *** [Makefile:1153: test_dynamic] Error 29
------------------------------
PREREQUISITES
------------------------------
Prerequisite modules loaded:
requires:
Module Need Have
--------------------- -------- --------
autodie 0 2.36
Capture::Tiny 0 0.48
constant 1.32 1.33
ExtUtils::MakeMaker 7.12 7.70
FFI::CheckLib 0.05 0.31
File::Spec::Functions 0 3.88
IPC::Cmd 0 1.04
JSON::PP 0 4.16
List::Util 1.45 1.63
parent 0 0.241
perl 5.008004 5.038002
build_requires:
Module Need Have
--------------------- -------- --------
Capture::Tiny 0 0.48
ExtUtils::CBuilder 0 0.280238
Test2::API 1.302015 1.302198
Test2::V0 0.000121 0.000159
configure_requires:
Module Need Have
--------------------- -------- --------
Capture::Tiny 0 0.48
ExtUtils::MakeMaker 7.12 7.70
ExtUtils::ParseXS 3.30 3.51
IPC::Cmd 0 1.04
JSON::PP 0 4.16
parent 0 0.241
perl 5.006 5.038002
------------------------------
ENVIRONMENT AND OTHER CONTEXT
------------------------------
Environment variables:
AUTOMATED_TESTING = 1
COMSPEC = C:\WINDOWS\system32\cmd.exe
NONINTERACTIVE_TESTING = 1
NUMBER_OF_PROCESSORS = 2
PATH = C:\WINDOWS\system32;C:\strawberry\c\bin;C:\strawberry\perl\site\bin;C:\strawberry\perl\bin
PERL5LIB =
PERL5OPT =
PERL5_CPANPLUS_IS_RUNNING = 3328
PERL5_CPAN_IS_RUNNING = 3328
PERL5_CPAN_IS_RUNNING_IN_RECURSION = 6336,3328
PERL_CR_SMOKER_CURRENT = FFI-C-Stat-0.03
PERL_EXTUTILS_AUTOINSTALL = --defaultdeps
PERL_MM_USE_DEFAULT = 1
PERL_USE_UNSAFE_INC = 1
PROCESSOR_IDENTIFIER = x86 Family 6 Model 15 Stepping 11, GenuineIntel
TEMP = C:\Users\smoker\AppData\Local\Temp
Perl special variables (and OS-specific diagnostics, for MSWin32):
$^X = C:\Strawberry\perl\bin\perl.exe
$UID/$EUID = 0 / 0
$GID = 0
$EGID = 0
Win32::GetOSName = Win10
Win32::GetOSVersion = , 10, 0, 19045, 2, 0, 0, 256, 1
Win32::FsType = NTFS
Win32::IsAdminUser = 0
Perl module toolchain versions installed:
Module Have
------------------- --------
CPAN 2.36
CPAN::Meta 2.150010
Cwd 3.89
ExtUtils::CBuilder 0.280238
ExtUtils::Command 7.70
ExtUtils::Install 2.22
ExtUtils::MakeMaker 7.70
ExtUtils::Manifest 1.75
ExtUtils::ParseXS 3.51
File::Spec 3.88
JSON 4.10
JSON::PP 4.16
Module::Build 0.4234
Module::Signature n/a
Parse::CPAN::Meta 2.150010
Test2 1.302198
Test::Harness 3.48
Test::More 1.302198
YAML 1.30
YAML::Syck 1.34
version 0.9930
--
Summary of my perl5 (revision 5 version 38 subversion 2) configuration:
Platform:
osname=MSWin32
osvers=10.0.19045.3693
archname=MSWin32-x86-multi-thread-64int
uname='Win32 strawberry-perl 5.38.2.1 # 01:08:54 Thu November 30 2023 x32'
config_args='undef'
hint=recommended
useposix=true
d_sigaction=undef
useithreads=define
usemultiplicity=define
use64bitint=define
use64bitall=undef
uselongdouble=undef
usemymalloc=n
default_inc_excludes_dot=define
Compiler:
cc='gcc'
ccflags =' -DWIN32 -DPERL_TEXTMODE_SCRIPTS -DMULTIPLICITY -DPERL_IMPLICIT_SYS -DUSE_PERLIO -D__USE_MINGW_ANSI_STDIO -fwrapv -fno-strict-aliasing -mms-bitfields'
optimize='-Os'
cppflags='-DWIN32'
ccversion=''
gccversion='8.3.0'
gccosandvers=''
intsize=4
longsize=4
ptrsize=4
doublesize=8
byteorder=12345678
doublekind=3
d_longlong=define
longlongsize=8
d_longdbl=define
longdblsize=12
longdblkind=3
ivtype='long long'
ivsize=8
nvtype='double'
nvsize=8
Off_t='long long'
lseeksize=8
alignbytes=8
prototype=define
Linker and Libraries:
ld='g++'
ldflags ='-s -L"C:\STRAWB~1\perl\lib\CORE" -L"C:\STRAWB~1\c\lib" -L"C:\STRAWB~1\c\i686-w64-mingw32\lib" -L"C:\STRAWB~1\c\lib\gcc\i686-w64-mingw32\8.3.0"'
libpth=C:\STRAWB~1\c\lib C:\STRAWB~1\c\i686-w64-mingw32\lib C:\STRAWB~1\c\lib\gcc\i686-w64-mingw32\8.3.0 C:\STRAWB~1\c\i686-w64-mingw32\lib C:\STRAWB~1\c\lib\gcc\i686-w64-mingw32\8.3.0
libs= -lmoldname -lkernel32 -luser32 -lgdi32 -lwinspool -lcomdlg32 -ladvapi32 -lshell32 -lole32 -loleaut32 -lnetapi32 -luuid -lws2_32 -lmpr -lwinmm -lversion -lodbc32 -lodbccp32 -lcomctl32
perllibs= -lmoldname -lkernel32 -luser32 -lgdi32 -lwinspool -lcomdlg32 -ladvapi32 -lshell32 -lole32 -loleaut32 -lnetapi32 -luuid -lws2_32 -lmpr -lwinmm -lversion -lodbc32 -lodbccp32 -lcomctl32
libc=
so=dll
useshrplib=true
libperl=libperl538.a
gnulibc_version=''
Dynamic Linking:
dlsrc=dl_win32.xs
dlext=xs.dll
d_dlsymun=undef
ccdlflags=' '
cccdlflags=' '
lddlflags='-shared -s -L"C:\STRAWB~1\perl\lib\CORE" -L"C:\STRAWB~1\c\lib" -L"C:\STRAWB~1\c\i686-w64-mingw32\lib" -L"C:\STRAWB~1\c\lib\gcc\i686-w64-mingw32\8.3.0"'
Characteristics of this binary (from libperl):
Compile-time options:
HAS_LONG_DOUBLE
HAS_TIMES
HAVE_INTERP_INTERN
MULTIPLICITY
PERLIO_LAYERS
PERL_COPY_ON_WRITE
PERL_DONT_CREATE_GVSV
PERL_HASH_FUNC_SIPHASH13
PERL_HASH_USE_SBOX32
PERL_IMPLICIT_SYS
PERL_MALLOC_WRAP
PERL_OP_PARENT
PERL_PRESERVE_IVUV
PERL_USE_SAFE_PUTENV
USE_64_BIT_INT
USE_ITHREADS
USE_LARGE_FILES
USE_LOCALE
USE_LOCALE_COLLATE
USE_LOCALE_CTYPE
USE_LOCALE_NUMERIC
USE_LOCALE_TIME
USE_PERLIO
USE_PERL_ATOF
Built under MSWin32
Compiled at Nov 30 2023 12:14:21
%ENV:
PERL5_CPANPLUS_IS_RUNNING="3328"
PERL5_CPAN_IS_RUNNING="3328"
PERL5_CPAN_IS_RUNNING_IN_RECURSION="6336,3328"
PERL_CR_SMOKER_CURRENT="FFI-C-Stat-0.03"
PERL_EXTUTILS_AUTOINSTALL="--defaultdeps"
PERL_MM_USE_DEFAULT="1"
PERL_USE_UNSAFE_INC="1"
@INC:
C:/Strawberry/perl/site/lib/MSWin32-x86-multi-thread-64int
C:/Strawberry/perl/site/lib
C:/Strawberry/perl/vendor/lib
C:/Strawberry/perl/lib
.