Net-Stomp v0.62 Perl 5 v5.8.9 MSWin32-x86-multi-thread
- Status
- Fail
- From
- NONAME
- Dist
-
Net-Stomp v0.62
- Platform
- Perl 5 v5.8.9 MSWin32-x86-multi-thread
- Date
- 2024-03-02 17:03:30
- ID
- 14bfa64a-6de0-1014-a018-de9db03d33c9
This distribution has been tested as part of the CPAN Testers
project, supporting the Perl programming language. See
http://wiki.cpantesters.org/ for more information or email
questions to cpan-testers-discuss@perl.org
--
Dear Gianni Ceccarelli,
This is a computer-generated report for Net-Stomp-0.62
on perl 5.8.9, created by CPAN-Reporter-1.2018.
Thank you for uploading your work to CPAN. However, there was a problem
testing your distribution.
If you think this report is invalid, please consult the CPAN Testers Wiki
for suggestions on how to avoid getting FAIL reports for missing library
or binary dependencies, unsupported operating systems, and so on:
http://wiki.cpantesters.org/wiki/CPANAuthorNotes
Sections of this report:
* Tester comments
* Program output
* Prerequisites
* Environment and other context
------------------------------
TESTER COMMENTS
------------------------------
Additional comments from tester:
none provided
------------------------------
PROGRAM OUTPUT
------------------------------
Output from 'C:\Strawberry\perl\bin\perl.exe ./Build test':
Global symbol "$sub" requires explicit package name at C:\strawberry\cpan\build\Net-Stomp-0.62-0\blib\lib/Net/Stomp.pm line 199.
Global symbol "$sub" requires explicit package name at C:\strawberry\cpan\build\Net-Stomp-0.62-0\blib\lib/Net/Stomp.pm line 199.
Global symbol "$timeout" requires explicit package name at C:\strawberry\cpan\build\Net-Stomp-0.62-0\blib\lib/Net/Stomp.pm line 199.
Global symbol "$timeout" requires explicit package name at C:\strawberry\cpan\build\Net-Stomp-0.62-0\blib\lib/Net/Stomp.pm line 199.
Global symbol "$body" requires explicit package name at C:\strawberry\cpan\build\Net-Stomp-0.62-0\blib\lib/Net/Stomp.pm line 199.
Global symbol "$body" requires explicit package name at C:\strawberry\cpan\build\Net-Stomp-0.62-0\blib\lib/Net/Stomp.pm line 199.
Global symbol "$receipt_id" requires explicit package name at C:\strawberry\cpan\build\Net-Stomp-0.62-0\blib\lib/Net/Stomp.pm line 199.
Global symbol "$receipt_id" requires explicit package name at C:\strawberry\cpan\build\Net-Stomp-0.62-0\blib\lib/Net/Stomp.pm line 199.
Global symbol "$receipt_id" requires explicit package name at C:\strawberry\cpan\build\Net-Stomp-0.62-0\blib\lib/Net/Stomp.pm line 199.
Global symbol "$receipt_timeout" requires explicit package name at C:\strawberry\cpan\build\Net-Stomp-0.62-0\blib\lib/Net/Stomp.pm line 199.
Global symbol "$receipt_frame" requires explicit package name at C:\strawberry\cpan\build\Net-Stomp-0.62-0\blib\lib/Net/Stomp.pm line 199.
Global symbol "$receipt_timeout" requires explicit package name at C:\strawberry\cpan\build\Net-Stomp-0.62-0\blib\lib/Net/Stomp.pm line 199.
Global symbol "$receipt_timeout" requires explicit package name at C:\strawberry\cpan\build\Net-Stomp-0.62-0\blib\lib/Net/Stomp.pm line 199.
Global symbol "$receipt_frame" requires explicit package name at C:\strawberry\cpan\build\Net-Stomp-0.62-0\blib\lib/Net/Stomp.pm line 199.
Global symbol "$receipt_frame" requires explicit package name at C:\strawberry\cpan\build\Net-Stomp-0.62-0\blib\lib/Net/Stomp.pm line 199.
Global symbol "$receipt_frame" requires explicit package name at C:\strawberry\cpan\build\Net-Stomp-0.62-0\blib\lib/Net/Stomp.pm line 199.
Global symbol "$receipt_frame" requires explicit package name at C:\strawberry\cpan\build\Net-Stomp-0.62-0\blib\lib/Net/Stomp.pm line 199.
Global symbol "$receipt_id" requires explicit package name at C:\strawberry\cpan\build\Net-Stomp-0.62-0\blib\lib/Net/Stomp.pm line 199.
Global symbol "$receipt_frame" requires explicit package name at C:\strawberry\cpan\build\Net-Stomp-0.62-0\blib\lib/Net/Stomp.pm line 199.
Global symbol "$receipt_frame" requires explicit package name at C:\strawberry\cpan\build\Net-Stomp-0.62-0\blib\lib/Net/Stomp.pm line 199.
Global symbol "$transaction_id" requires explicit package name at C:\strawberry\cpan\build\Net-Stomp-0.62-0\blib\lib/Net/Stomp.pm line 199.
Global symbol "$transaction_id" requires explicit package name at C:\strawberry\cpan\build\Net-Stomp-0.62-0\blib\lib/Net/Stomp.pm line 199.
Global symbol "$begin_frame" requires explicit package name at C:\strawberry\cpan\build\Net-Stomp-0.62-0\blib\lib/Net/Stomp.pm line 199.
Global symbol "$transaction_id" requires explicit package name at C:\strawberry\cpan\build\Net-Stomp-0.62-0\blib\lib/Net/Stomp.pm line 199.
Global symbol "$begin_frame" requires explicit package name at C:\strawberry\cpan\build\Net-Stomp-0.62-0\blib\lib/Net/Stomp.pm line 199.
Global symbol "$transaction_id" requires explicit package name at C:\strawberry\cpan\build\Net-Stomp-0.62-0\blib\lib/Net/Stomp.pm line 199.
Global symbol "$receipt_frame" requires explicit package name at C:\strawberry\cpan\build\Net-Stomp-0.62-0\blib\lib/Net/Stomp.pm line 199.
Global symbol "$ret" requires explicit package name at C:\strawberry\cpan\build\Net-Stomp-0.62-0\blib\lib/Net/Stomp.pm line 199.
Global symbol "$receipt_frame" requires explicit package name at C:\strawberry\cpan\build\Net-Stomp-0.62-0\blib\lib/Net/Stomp.pm line 199.
Global symbol "$receipt_frame" requires explicit package name at C:\strawberry\cpan\build\Net-Stomp-0.62-0\blib\lib/Net/Stomp.pm line 199.
Global symbol "$ret" requires explicit package name at C:\strawberry\cpan\build\Net-Stomp-0.62-0\blib\lib/Net/Stomp.pm line 199.
Global symbol "$transaction_id" requires explicit package name at C:\strawberry\cpan\build\Net-Stomp-0.62-0\blib\lib/Net/Stomp.pm line 199.
Global symbol "$frame_commit" requires explicit package name at C:\strawberry\cpan\build\Net-Stomp-0.62-0\blib\lib/Net/Stomp.pm line 199.
Global symbol "$transaction_id" requires explicit package name at C:\strawberry\cpan\build\Net-Stomp-0.62-0\blib\lib/Net/Stomp.pm line 199.
Global symbol "$frame_commit" requires explicit package name at C:\strawberry\cpan\build\Net-Stomp-0.62-0\blib\lib/Net/Stomp.pm line 199.
Global symbol "$transaction_id" requires explicit package name at C:\strawberry\cpan\build\Net-Stomp-0.62-0\blib\lib/Net/Stomp.pm line 199.
Global symbol "$frame_abort" requires explicit package name at C:\strawberry\cpan\build\Net-Stomp-0.62-0\blib\lib/Net/Stomp.pm line 199.
Global symbol "$transaction_id" requires explicit package name at C:\strawberry\cpan\build\Net-Stomp-0.62-0\blib\lib/Net/Stomp.pm line 199.
Global symbol "$frame_abort" requires explicit package name at C:\strawberry\cpan\build\Net-Stomp-0.62-0\blib\lib/Net/Stomp.pm line 199.
Global symbol "$ret" requires explicit package name at C:\strawberry\cpan\build\Net-Stomp-0.62-0\blib\lib/Net/Stomp.pm line 199.
Global symbol "$subs" requires explicit package name at C:\strawberry\cpan\build\Net-Stomp-0.62-0\blib\lib/Net/Stomp.pm line 199.
Global symbol "$subs" requires explicit package name at C:\strawberry\cpan\build\Net-Stomp-0.62-0\blib\lib/Net/Stomp.pm line 199.
Global symbol "$subs" requires explicit package name at C:\strawberry\cpan\build\Net-Stomp-0.62-0\blib\lib/Net/Stomp.pm line 199.
Global symbol "$subs" requires explicit package name at C:\strawberry\cpan\build\Net-Stomp-0.62-0\blib\lib/Net/Stomp.pm line 199.
Global symbol "$id" requires explicit package name at C:\strawberry\cpan\build\Net-Stomp-0.62-0\blib\lib/Net/Stomp.pm line 199.
Global symbol "$id" requires explicit package name at C:\strawberry\cpan\build\Net-Stomp-0.62-0\blib\lib/Net/Stomp.pm line 199.
Global symbol "$id" requires explicit package name at C:\strawberry\cpan\build\Net-Stomp-0.62-0\blib\lib/Net/Stomp.pm line 199.
Global symbol "$id" requires explicit package name at C:\strawberry\cpan\build\Net-Stomp-0.62-0\blib\lib/Net/Stomp.pm line 199.
Global symbol "$id" requires explicit package name at C:\strawberry\cpan\build\Net-Stomp-0.62-0\blib\lib/Net/Stomp.pm line 199.
Global symbol "$id" requires explicit package name at C:\strawberry\cpan\build\Net-Stomp-0.62-0\blib\lib/Net/Stomp.pm line 199.
Global symbol "$to_write" requires explicit package name at C:\strawberry\cpan\build\Net-Stomp-0.62-0\blib\lib/Net/Stomp.pm line 199.
Global symbol "$frame_string" requires explicit package name at C:\strawberry\cpan\build\Net-Stomp-0.62-0\blib\lib/Net/Stomp.pm line 199.
Global symbol "$written" requires explicit package name at C:\strawberry\cpan\build\Net-Stomp-0.62-0\blib\lib/Net/Stomp.pm line 199.
Global symbol "$to_write" requires explicit package name at C:\strawberry\cpan\build\Net-Stomp-0.62-0\blib\lib/Net/Stomp.pm line 199.
Global symbol "$written" requires explicit package name at C:\strawberry\cpan\build\Net-Stomp-0.62-0\blib\lib/Net/Stomp.pm line 199.
Global symbol "$to_write" requires explicit package name at C:\strawberry\cpan\build\Net-Stomp-0.62-0\blib\lib/Net/Stomp.pm line 199.
Global symbol "$written" requires explicit package name at C:\strawberry\cpan\build\Net-Stomp-0.62-0\blib\lib/Net/Stomp.pm line 199.
Global symbol "$to_write" requires explicit package name at C:\strawberry\cpan\build\Net-Stomp-0.62-0\blib\lib/Net/Stomp.pm line 199.
Global symbol "$written" requires explicit package name at C:\strawberry\cpan\build\Net-Stomp-0.62-0\blib\lib/Net/Stomp.pm line 199.
Global symbol "$written" requires explicit package name at C:\strawberry\cpan\build\Net-Stomp-0.62-0\blib\lib/Net/Stomp.pm line 199.
Global symbol "$frame_string" requires explicit package name at C:\strawberry\cpan\build\Net-Stomp-0.62-0\blib\lib/Net/Stomp.pm line 199.
Global symbol "$written" requires explicit package name at C:\strawberry\cpan\build\Net-Stomp-0.62-0\blib\lib/Net/Stomp.pm line 199.
Global symbol "$timeout" requires explicit package name at C:\strawberry\cpan\build\Net-Stomp-0.62-0\blib\lib/Net/Stomp.pm line 199.
Global symbol "$timeout" requires explicit package name at C:\strawberry\cpan\build\Net-Stomp-0.62-0\blib\lib/Net/Stomp.pm line 199.
Global symbol "$len" requires explicit package name at C:\strawberry\cpan\build\Net-Stomp-0.62-0\blib\lib/Net/Stomp.pm line 199.
Global symbol "$len" requires explicit package name at C:\strawberry\cpan\build\Net-Stomp-0.62-0\blib\lib/Net/Stomp.pm line 199.
Global symbol "$len" requires explicit package name at C:\strawberry\cpan\build\Net-Stomp-0.62-0\blib\lib/Net/Stomp.pm line 199.
Global symbol "$len" requires explicit package name at C:\strawberry\cpan\build\Net-Stomp-0.62-0\blib\lib/Net/Stomp.pm line 199.
Global symbol "$len" requires explicit package name at C:\strawberry\cpan\build\Net-Stomp-0.62-0\blib\lib/Net/Stomp.pm line 199.
syntax error at C:\strawberry\cpan\build\Net-Stomp-0.62-0\blib\lib/Net/Stomp.pm line 456, near "[^"
(Might be a runaway multi-line // string starting on line 199)
C:\strawberry\cpan\build\Net-Stomp-0.62-0\blib\lib/Net/Stomp.pm has too many errors.
Compilation failed in require at t/lib/TestHelp.pm line 10.
BEGIN failed--compilation aborted at t/lib/TestHelp.pm line 10.
Compilation failed in require at t\connect-disconnect.t line 2.
BEGIN failed--compilation aborted at t\connect-disconnect.t line 2.
t\connect-disconnect.t ..
Dubious, test returned 9 (wstat 2304, 0x900)
No subtests run
Global symbol "$sub" requires explicit package name at C:\strawberry\cpan\build\Net-Stomp-0.62-0\blib\lib/Net/Stomp.pm line 199.
Global symbol "$sub" requires explicit package name at C:\strawberry\cpan\build\Net-Stomp-0.62-0\blib\lib/Net/Stomp.pm line 199.
Global symbol "$timeout" requires explicit package name at C:\strawberry\cpan\build\Net-Stomp-0.62-0\blib\lib/Net/Stomp.pm line 199.
Global symbol "$timeout" requires explicit package name at C:\strawberry\cpan\build\Net-Stomp-0.62-0\blib\lib/Net/Stomp.pm line 199.
Global symbol "$body" requires explicit package name at C:\strawberry\cpan\build\Net-Stomp-0.62-0\blib\lib/Net/Stomp.pm line 199.
Global symbol "$body" requires explicit package name at C:\strawberry\cpan\build\Net-Stomp-0.62-0\blib\lib/Net/Stomp.pm line 199.
Global symbol "$receipt_id" requires explicit package name at C:\strawberry\cpan\build\Net-Stomp-0.62-0\blib\lib/Net/Stomp.pm line 199.
Global symbol "$receipt_id" requires explicit package name at C:\strawberry\cpan\build\Net-Stomp-0.62-0\blib\lib/Net/Stomp.pm line 199.
Global symbol "$receipt_id" requires explicit package name at C:\strawberry\cpan\build\Net-Stomp-0.62-0\blib\lib/Net/Stomp.pm line 199.
Global symbol "$receipt_timeout" requires explicit package name at C:\strawberry\cpan\build\Net-Stomp-0.62-0\blib\lib/Net/Stomp.pm line 199.
Global symbol "$receipt_frame" requires explicit package name at C:\strawberry\cpan\build\Net-Stomp-0.62-0\blib\lib/Net/Stomp.pm line 199.
Global symbol "$receipt_timeout" requires explicit package name at C:\strawberry\cpan\build\Net-Stomp-0.62-0\blib\lib/Net/Stomp.pm line 199.
Global symbol "$receipt_timeout" requires explicit package name at C:\strawberry\cpan\build\Net-Stomp-0.62-0\blib\lib/Net/Stomp.pm line 199.
Global symbol "$receipt_frame" requires explicit package name at C:\strawberry\cpan\build\Net-Stomp-0.62-0\blib\lib/Net/Stomp.pm line 199.
Global symbol "$receipt_frame" requires explicit package name at C:\strawberry\cpan\build\Net-Stomp-0.62-0\blib\lib/Net/Stomp.pm line 199.
Global symbol "$receipt_frame" requires explicit package name at C:\strawberry\cpan\build\Net-Stomp-0.62-0\blib\lib/Net/Stomp.pm line 199.
Global symbol "$receipt_frame" requires explicit package name at C:\strawberry\cpan\build\Net-Stomp-0.62-0\blib\lib/Net/Stomp.pm line 199.
Global symbol "$receipt_id" requires explicit package name at C:\strawberry\cpan\build\Net-Stomp-0.62-0\blib\lib/Net/Stomp.pm line 199.
Global symbol "$receipt_frame" requires explicit package name at C:\strawberry\cpan\build\Net-Stomp-0.62-0\blib\lib/Net/Stomp.pm line 199.
Global symbol "$receipt_frame" requires explicit package name at C:\strawberry\cpan\build\Net-Stomp-0.62-0\blib\lib/Net/Stomp.pm line 199.
Global symbol "$transaction_id" requires explicit package name at C:\strawberry\cpan\build\Net-Stomp-0.62-0\blib\lib/Net/Stomp.pm line 199.
Global symbol "$transaction_id" requires explicit package name at C:\strawberry\cpan\build\Net-Stomp-0.62-0\blib\lib/Net/Stomp.pm line 199.
Global symbol "$begin_frame" requires explicit package name at C:\strawberry\cpan\build\Net-Stomp-0.62-0\blib\lib/Net/Stomp.pm line 199.
Global symbol "$transaction_id" requires explicit package name at C:\strawberry\cpan\build\Net-Stomp-0.62-0\blib\lib/Net/Stomp.pm line 199.
Global symbol "$begin_frame" requires explicit package name at C:\strawberry\cpan\build\Net-Stomp-0.62-0\blib\lib/Net/Stomp.pm line 199.
Global symbol "$transaction_id" requires explicit package name at C:\strawberry\cpan\build\Net-Stomp-0.62-0\blib\lib/Net/Stomp.pm line 199.
Global symbol "$receipt_frame" requires explicit package name at C:\strawberry\cpan\build\Net-Stomp-0.62-0\blib\lib/Net/Stomp.pm line 199.
Global symbol "$ret" requires explicit package name at C:\strawberry\cpan\build\Net-Stomp-0.62-0\blib\lib/Net/Stomp.pm line 199.
Global symbol "$receipt_frame" requires explicit package name at C:\strawberry\cpan\build\Net-Stomp-0.62-0\blib\lib/Net/Stomp.pm line 199.
Global symbol "$receipt_frame" requires explicit package name at C:\strawberry\cpan\build\Net-Stomp-0.62-0\blib\lib/Net/Stomp.pm line 199.
Global symbol "$ret" requires explicit package name at C:\strawberry\cpan\build\Net-Stomp-0.62-0\blib\lib/Net/Stomp.pm line 199.
Global symbol "$transaction_id" requires explicit package name at C:\strawberry\cpan\build\Net-Stomp-0.62-0\blib\lib/Net/Stomp.pm line 199.
Global symbol "$frame_commit" requires explicit package name at C:\strawberry\cpan\build\Net-Stomp-0.62-0\blib\lib/Net/Stomp.pm line 199.
Global symbol "$transaction_id" requires explicit package name at C:\strawberry\cpan\build\Net-Stomp-0.62-0\blib\lib/Net/Stomp.pm line 199.
Global symbol "$frame_commit" requires explicit package name at C:\strawberry\cpan\build\Net-Stomp-0.62-0\blib\lib/Net/Stomp.pm line 199.
Global symbol "$transaction_id" requires explicit package name at C:\strawberry\cpan\build\Net-Stomp-0.62-0\blib\lib/Net/Stomp.pm line 199.
Global symbol "$frame_abort" requires explicit package name at C:\strawberry\cpan\build\Net-Stomp-0.62-0\blib\lib/Net/Stomp.pm line 199.
Global symbol "$transaction_id" requires explicit package name at C:\strawberry\cpan\build\Net-Stomp-0.62-0\blib\lib/Net/Stomp.pm line 199.
Global symbol "$frame_abort" requires explicit package name at C:\strawberry\cpan\build\Net-Stomp-0.62-0\blib\lib/Net/Stomp.pm line 199.
Global symbol "$ret" requires explicit package name at C:\strawberry\cpan\build\Net-Stomp-0.62-0\blib\lib/Net/Stomp.pm line 199.
Global symbol "$subs" requires explicit package name at C:\strawberry\cpan\build\Net-Stomp-0.62-0\blib\lib/Net/Stomp.pm line 199.
Global symbol "$subs" requires explicit package name at C:\strawberry\cpan\build\Net-Stomp-0.62-0\blib\lib/Net/Stomp.pm line 199.
Global symbol "$subs" requires explicit package name at C:\strawberry\cpan\build\Net-Stomp-0.62-0\blib\lib/Net/Stomp.pm line 199.
Global symbol "$subs" requires explicit package name at C:\strawberry\cpan\build\Net-Stomp-0.62-0\blib\lib/Net/Stomp.pm line 199.
Global symbol "$id" requires explicit package name at C:\strawberry\cpan\build\Net-Stomp-0.62-0\blib\lib/Net/Stomp.pm line 199.
Global symbol "$id" requires explicit package name at C:\strawberry\cpan\build\Net-Stomp-0.62-0\blib\lib/Net/Stomp.pm line 199.
Global symbol "$id" requires explicit package name at C:\strawberry\cpan\build\Net-Stomp-0.62-0\blib\lib/Net/Stomp.pm line 199.
Global symbol "$id" requires explicit package name at C:\strawberry\cpan\build\Net-Stomp-0.62-0\blib\lib/Net/Stomp.pm line 199.
Global symbol "$id" requires explicit package name at C:\strawberry\cpan\build\Net-Stomp-0.62-0\blib\lib/Net/Stomp.pm line 199.
Global symbol "$id" requires explicit package name at C:\strawberry\cpan\build\Net-Stomp-0.62-0\blib\lib/Net/Stomp.pm line 199.
Global symbol "$to_write" requires explicit package name at C:\strawberry\cpan\build\Net-Stomp-0.62-0\blib\lib/Net/Stomp.pm line 199.
Global symbol "$frame_string" requires explicit package name at C:\strawberry\cpan\build\Net-Stomp-0.62-0\blib\lib/Net/Stomp.pm line 199.
Global symbol "$written" requires explicit package name at C:\strawberry\cpan\build\Net-Stomp-0.62-0\blib\lib/Net/Stomp.pm line 199.
Global symbol "$to_write" requires explicit package name at C:\strawberry\cpan\build\Net-Stomp-0.62-0\blib\lib/Net/Stomp.pm line 199.
Global symbol "$written" requires explicit package name at C:\strawberry\cpan\build\Net-Stomp-0.62-0\blib\lib/Net/Stomp.pm line 199.
Global symbol "$to_write" requires explicit package name at C:\strawberry\cpan\build\Net-Stomp-0.62-0\blib\lib/Net/Stomp.pm line 199.
Global symbol "$written" requires explicit package name at C:\strawberry\cpan\build\Net-Stomp-0.62-0\blib\lib/Net/Stomp.pm line 199.
Global symbol "$to_write" requires explicit package name at C:\strawberry\cpan\build\Net-Stomp-0.62-0\blib\lib/Net/Stomp.pm line 199.
Global symbol "$written" requires explicit package name at C:\strawberry\cpan\build\Net-Stomp-0.62-0\blib\lib/Net/Stomp.pm line 199.
Global symbol "$written" requires explicit package name at C:\strawberry\cpan\build\Net-Stomp-0.62-0\blib\lib/Net/Stomp.pm line 199.
Global symbol "$frame_string" requires explicit package name at C:\strawberry\cpan\build\Net-Stomp-0.62-0\blib\lib/Net/Stomp.pm line 199.
Global symbol "$written" requires explicit package name at C:\strawberry\cpan\build\Net-Stomp-0.62-0\blib\lib/Net/Stomp.pm line 199.
Global symbol "$timeout" requires explicit package name at C:\strawberry\cpan\build\Net-Stomp-0.62-0\blib\lib/Net/Stomp.pm line 199.
Global symbol "$timeout" requires explicit package name at C:\strawberry\cpan\build\Net-Stomp-0.62-0\blib\lib/Net/Stomp.pm line 199.
Global symbol "$len" requires explicit package name at C:\strawberry\cpan\build\Net-Stomp-0.62-0\blib\lib/Net/Stomp.pm line 199.
Global symbol "$len" requires explicit package name at C:\strawberry\cpan\build\Net-Stomp-0.62-0\blib\lib/Net/Stomp.pm line 199.
Global symbol "$len" requires explicit package name at C:\strawberry\cpan\build\Net-Stomp-0.62-0\blib\lib/Net/Stomp.pm line 199.
Global symbol "$len" requires explicit package name at C:\strawberry\cpan\build\Net-Stomp-0.62-0\blib\lib/Net/Stomp.pm line 199.
Global symbol "$len" requires explicit package name at C:\strawberry\cpan\build\Net-Stomp-0.62-0\blib\lib/Net/Stomp.pm line 199.
syntax error at C:\strawberry\cpan\build\Net-Stomp-0.62-0\blib\lib/Net/Stomp.pm line 456, near "[^"
(Might be a runaway multi-line // string starting on line 199)
C:\strawberry\cpan\build\Net-Stomp-0.62-0\blib\lib/Net/Stomp.pm has too many errors.
Compilation failed in require at t/lib/TestHelp.pm line 10.
BEGIN failed--compilation aborted at t/lib/TestHelp.pm line 10.
Compilation failed in require at t\constructor.t line 3.
BEGIN failed--compilation aborted at t\constructor.t line 3.
t\constructor.t .........
Dubious, test returned 9 (wstat 2304, 0x900)
No subtests run
Global symbol "$sub" requires explicit package name at C:\strawberry\cpan\build\Net-Stomp-0.62-0\blib\lib/Net/Stomp.pm line 199.
Global symbol "$sub" requires explicit package name at C:\strawberry\cpan\build\Net-Stomp-0.62-0\blib\lib/Net/Stomp.pm line 199.
Global symbol "$timeout" requires explicit package name at C:\strawberry\cpan\build\Net-Stomp-0.62-0\blib\lib/Net/Stomp.pm line 199.
Global symbol "$timeout" requires explicit package name at C:\strawberry\cpan\build\Net-Stomp-0.62-0\blib\lib/Net/Stomp.pm line 199.
Global symbol "$body" requires explicit package name at C:\strawberry\cpan\build\Net-Stomp-0.62-0\blib\lib/Net/Stomp.pm line 199.
Global symbol "$body" requires explicit package name at C:\strawberry\cpan\build\Net-Stomp-0.62-0\blib\lib/Net/Stomp.pm line 199.
Global symbol "$receipt_id" requires explicit package name at C:\strawberry\cpan\build\Net-Stomp-0.62-0\blib\lib/Net/Stomp.pm line 199.
Global symbol "$receipt_id" requires explicit package name at C:\strawberry\cpan\build\Net-Stomp-0.62-0\blib\lib/Net/Stomp.pm line 199.
Global symbol "$receipt_id" requires explicit package name at C:\strawberry\cpan\build\Net-Stomp-0.62-0\blib\lib/Net/Stomp.pm line 199.
Global symbol "$receipt_timeout" requires explicit package name at C:\strawberry\cpan\build\Net-Stomp-0.62-0\blib\lib/Net/Stomp.pm line 199.
Global symbol "$receipt_frame" requires explicit package name at C:\strawberry\cpan\build\Net-Stomp-0.62-0\blib\lib/Net/Stomp.pm line 199.
Global symbol "$receipt_timeout" requires explicit package name at C:\strawberry\cpan\build\Net-Stomp-0.62-0\blib\lib/Net/Stomp.pm line 199.
Global symbol "$receipt_timeout" requires explicit package name at C:\strawberry\cpan\build\Net-Stomp-0.62-0\blib\lib/Net/Stomp.pm line 199.
Global symbol "$receipt_frame" requires explicit package name at C:\strawberry\cpan\build\Net-Stomp-0.62-0\blib\lib/Net/Stomp.pm line 199.
Global symbol "$receipt_frame" requires explicit package name at C:\strawberry\cpan\build\Net-Stomp-0.62-0\blib\lib/Net/Stomp.pm line 199.
Global symbol "$receipt_frame" requires explicit package name at C:\strawberry\cpan\build\Net-Stomp-0.62-0\blib\lib/Net/Stomp.pm line 199.
Global symbol "$receipt_frame" requires explicit package name at C:\strawberry\cpan\build\Net-Stomp-0.62-0\blib\lib/Net/Stomp.pm line 199.
Global symbol "$receipt_id" requires explicit package name at C:\strawberry\cpan\build\Net-Stomp-0.62-0\blib\lib/Net/Stomp.pm line 199.
Global symbol "$receipt_frame" requires explicit package name at C:\strawberry\cpan\build\Net-Stomp-0.62-0\blib\lib/Net/Stomp.pm line 199.
Global symbol "$receipt_frame" requires explicit package name at C:\strawberry\cpan\build\Net-Stomp-0.62-0\blib\lib/Net/Stomp.pm line 199.
Global symbol "$transaction_id" requires explicit package name at C:\strawberry\cpan\build\Net-Stomp-0.62-0\blib\lib/Net/Stomp.pm line 199.
Global symbol "$transaction_id" requires explicit package name at C:\strawberry\cpan\build\Net-Stomp-0.62-0\blib\lib/Net/Stomp.pm line 199.
Global symbol "$begin_frame" requires explicit package name at C:\strawberry\cpan\build\Net-Stomp-0.62-0\blib\lib/Net/Stomp.pm line 199.
Global symbol "$transaction_id" requires explicit package name at C:\strawberry\cpan\build\Net-Stomp-0.62-0\blib\lib/Net/Stomp.pm line 199.
Global symbol "$begin_frame" requires explicit package name at C:\strawberry\cpan\build\Net-Stomp-0.62-0\blib\lib/Net/Stomp.pm line 199.
Global symbol "$transaction_id" requires explicit package name at C:\strawberry\cpan\build\Net-Stomp-0.62-0\blib\lib/Net/Stomp.pm line 199.
Global symbol "$receipt_frame" requires explicit package name at C:\strawberry\cpan\build\Net-Stomp-0.62-0\blib\lib/Net/Stomp.pm line 199.
Global symbol "$ret" requires explicit package name at C:\strawberry\cpan\build\Net-Stomp-0.62-0\blib\lib/Net/Stomp.pm line 199.
Global symbol "$receipt_frame" requires explicit package name at C:\strawberry\cpan\build\Net-Stomp-0.62-0\blib\lib/Net/Stomp.pm line 199.
Global symbol "$receipt_frame" requires explicit package name at C:\strawberry\cpan\build\Net-Stomp-0.62-0\blib\lib/Net/Stomp.pm line 199.
Global symbol "$ret" requires explicit package name at C:\strawberry\cpan\build\Net-Stomp-0.62-0\blib\lib/Net/Stomp.pm line 199.
Global symbol "$transaction_id" requires explicit package name at C:\strawberry\cpan\build\Net-Stomp-0.62-0\blib\lib/Net/Stomp.pm line 199.
Global symbol "$frame_commit" requires explicit package name at C:\strawberry\cpan\build\Net-Stomp-0.62-0\blib\lib/Net/Stomp.pm line 199.
Global symbol "$transaction_id" requires explicit package name at C:\strawberry\cpan\build\Net-Stomp-0.62-0\blib\lib/Net/Stomp.pm line 199.
Global symbol "$frame_commit" requires explicit package name at C:\strawberry\cpan\build\Net-Stomp-0.62-0\blib\lib/Net/Stomp.pm line 199.
Global symbol "$transaction_id" requires explicit package name at C:\strawberry\cpan\build\Net-Stomp-0.62-0\blib\lib/Net/Stomp.pm line 199.
Global symbol "$frame_abort" requires explicit package name at C:\strawberry\cpan\build\Net-Stomp-0.62-0\blib\lib/Net/Stomp.pm line 199.
Global symbol "$transaction_id" requires explicit package name at C:\strawberry\cpan\build\Net-Stomp-0.62-0\blib\lib/Net/Stomp.pm line 199.
Global symbol "$frame_abort" requires explicit package name at C:\strawberry\cpan\build\Net-Stomp-0.62-0\blib\lib/Net/Stomp.pm line 199.
Global symbol "$ret" requires explicit package name at C:\strawberry\cpan\build\Net-Stomp-0.62-0\blib\lib/Net/Stomp.pm line 199.
Global symbol "$subs" requires explicit package name at C:\strawberry\cpan\build\Net-Stomp-0.62-0\blib\lib/Net/Stomp.pm line 199.
Global symbol "$subs" requires explicit package name at C:\strawberry\cpan\build\Net-Stomp-0.62-0\blib\lib/Net/Stomp.pm line 199.
Global symbol "$subs" requires explicit package name at C:\strawberry\cpan\build\Net-Stomp-0.62-0\blib\lib/Net/Stomp.pm line 199.
Global symbol "$subs" requires explicit package name at C:\strawberry\cpan\build\Net-Stomp-0.62-0\blib\lib/Net/Stomp.pm line 199.
Global symbol "$id" requires explicit package name at C:\strawberry\cpan\build\Net-Stomp-0.62-0\blib\lib/Net/Stomp.pm line 199.
Global symbol "$id" requires explicit package name at C:\strawberry\cpan\build\Net-Stomp-0.62-0\blib\lib/Net/Stomp.pm line 199.
Global symbol "$id" requires explicit package name at C:\strawberry\cpan\build\Net-Stomp-0.62-0\blib\lib/Net/Stomp.pm line 199.
Global symbol "$id" requires explicit package name at C:\strawberry\cpan\build\Net-Stomp-0.62-0\blib\lib/Net/Stomp.pm line 199.
Global symbol "$id" requires explicit package name at C:\strawberry\cpan\build\Net-Stomp-0.62-0\blib\lib/Net/Stomp.pm line 199.
Global symbol "$id" requires explicit package name at C:\strawberry\cpan\build\Net-Stomp-0.62-0\blib\lib/Net/Stomp.pm line 199.
Global symbol "$to_write" requires explicit package name at C:\strawberry\cpan\build\Net-Stomp-0.62-0\blib\lib/Net/Stomp.pm line 199.
Global symbol "$frame_string" requires explicit package name at C:\strawberry\cpan\build\Net-Stomp-0.62-0\blib\lib/Net/Stomp.pm line 199.
Global symbol "$written" requires explicit package name at C:\strawberry\cpan\build\Net-Stomp-0.62-0\blib\lib/Net/Stomp.pm line 199.
Global symbol "$to_write" requires explicit package name at C:\strawberry\cpan\build\Net-Stomp-0.62-0\blib\lib/Net/Stomp.pm line 199.
Global symbol "$written" requires explicit package name at C:\strawberry\cpan\build\Net-Stomp-0.62-0\blib\lib/Net/Stomp.pm line 199.
Global symbol "$to_write" requires explicit package name at C:\strawberry\cpan\build\Net-Stomp-0.62-0\blib\lib/Net/Stomp.pm line 199.
Global symbol "$written" requires explicit package name at C:\strawberry\cpan\build\Net-Stomp-0.62-0\blib\lib/Net/Stomp.pm line 199.
Global symbol "$to_write" requires explicit package name at C:\strawberry\cpan\build\Net-Stomp-0.62-0\blib\lib/Net/Stomp.pm line 199.
Global symbol "$written" requires explicit package name at C:\strawberry\cpan\build\Net-Stomp-0.62-0\blib\lib/Net/Stomp.pm line 199.
Global symbol "$written" requires explicit package name at C:\strawberry\cpan\build\Net-Stomp-0.62-0\blib\lib/Net/Stomp.pm line 199.
Global symbol "$frame_string" requires explicit package name at C:\strawberry\cpan\build\Net-Stomp-0.62-0\blib\lib/Net/Stomp.pm line 199.
Global symbol "$written" requires explicit package name at C:\strawberry\cpan\build\Net-Stomp-0.62-0\blib\lib/Net/Stomp.pm line 199.
Global symbol "$timeout" requires explicit package name at C:\strawberry\cpan\build\Net-Stomp-0.62-0\blib\lib/Net/Stomp.pm line 199.
Global symbol "$timeout" requires explicit package name at C:\strawberry\cpan\build\Net-Stomp-0.62-0\blib\lib/Net/Stomp.pm line 199.
Global symbol "$len" requires explicit package name at C:\strawberry\cpan\build\Net-Stomp-0.62-0\blib\lib/Net/Stomp.pm line 199.
Global symbol "$len" requires explicit package name at C:\strawberry\cpan\build\Net-Stomp-0.62-0\blib\lib/Net/Stomp.pm line 199.
Global symbol "$len" requires explicit package name at C:\strawberry\cpan\build\Net-Stomp-0.62-0\blib\lib/Net/Stomp.pm line 199.
Global symbol "$len" requires explicit package name at C:\strawberry\cpan\build\Net-Stomp-0.62-0\blib\lib/Net/Stomp.pm line 199.
Global symbol "$len" requires explicit package name at C:\strawberry\cpan\build\Net-Stomp-0.62-0\blib\lib/Net/Stomp.pm line 199.
syntax error at C:\strawberry\cpan\build\Net-Stomp-0.62-0\blib\lib/Net/Stomp.pm line 456, near "[^"
(Might be a runaway multi-line // string starting on line 199)
C:\strawberry\cpan\build\Net-Stomp-0.62-0\blib\lib/Net/Stomp.pm has too many errors.
Compilation failed in require at t/lib/TestHelp.pm line 10.
BEGIN failed--compilation aborted at t/lib/TestHelp.pm line 10.
Compilation failed in require at t\failover.t line 3.
BEGIN failed--compilation aborted at t\failover.t line 3.
t\failover.t ............
Dubious, test returned 9 (wstat 2304, 0x900)
No subtests run
Global symbol "$sub" requires explicit package name at C:\strawberry\cpan\build\Net-Stomp-0.62-0\blib\lib/Net/Stomp.pm line 199.
Global symbol "$sub" requires explicit package name at C:\strawberry\cpan\build\Net-Stomp-0.62-0\blib\lib/Net/Stomp.pm line 199.
Global symbol "$timeout" requires explicit package name at C:\strawberry\cpan\build\Net-Stomp-0.62-0\blib\lib/Net/Stomp.pm line 199.
Global symbol "$timeout" requires explicit package name at C:\strawberry\cpan\build\Net-Stomp-0.62-0\blib\lib/Net/Stomp.pm line 199.
Global symbol "$body" requires explicit package name at C:\strawberry\cpan\build\Net-Stomp-0.62-0\blib\lib/Net/Stomp.pm line 199.
Global symbol "$body" requires explicit package name at C:\strawberry\cpan\build\Net-Stomp-0.62-0\blib\lib/Net/Stomp.pm line 199.
Global symbol "$receipt_id" requires explicit package name at C:\strawberry\cpan\build\Net-Stomp-0.62-0\blib\lib/Net/Stomp.pm line 199.
Global symbol "$receipt_id" requires explicit package name at C:\strawberry\cpan\build\Net-Stomp-0.62-0\blib\lib/Net/Stomp.pm line 199.
Global symbol "$receipt_id" requires explicit package name at C:\strawberry\cpan\build\Net-Stomp-0.62-0\blib\lib/Net/Stomp.pm line 199.
Global symbol "$receipt_timeout" requires explicit package name at C:\strawberry\cpan\build\Net-Stomp-0.62-0\blib\lib/Net/Stomp.pm line 199.
Global symbol "$receipt_frame" requires explicit package name at C:\strawberry\cpan\build\Net-Stomp-0.62-0\blib\lib/Net/Stomp.pm line 199.
Global symbol "$receipt_timeout" requires explicit package name at C:\strawberry\cpan\build\Net-Stomp-0.62-0\blib\lib/Net/Stomp.pm line 199.
Global symbol "$receipt_timeout" requires explicit package name at C:\strawberry\cpan\build\Net-Stomp-0.62-0\blib\lib/Net/Stomp.pm line 199.
Global symbol "$receipt_frame" requires explicit package name at C:\strawberry\cpan\build\Net-Stomp-0.62-0\blib\lib/Net/Stomp.pm line 199.
Global symbol "$receipt_frame" requires explicit package name at C:\strawberry\cpan\build\Net-Stomp-0.62-0\blib\lib/Net/Stomp.pm line 199.
Global symbol "$receipt_frame" requires explicit package name at C:\strawberry\cpan\build\Net-Stomp-0.62-0\blib\lib/Net/Stomp.pm line 199.
Global symbol "$receipt_frame" requires explicit package name at C:\strawberry\cpan\build\Net-Stomp-0.62-0\blib\lib/Net/Stomp.pm line 199.
Global symbol "$receipt_id" requires explicit package name at C:\strawberry\cpan\build\Net-Stomp-0.62-0\blib\lib/Net/Stomp.pm line 199.
Global symbol "$receipt_frame" requires explicit package name at C:\strawberry\cpan\build\Net-Stomp-0.62-0\blib\lib/Net/Stomp.pm line 199.
Global symbol "$receipt_frame" requires explicit package name at C:\strawberry\cpan\build\Net-Stomp-0.62-0\blib\lib/Net/Stomp.pm line 199.
Global symbol "$transaction_id" requires explicit package name at C:\strawberry\cpan\build\Net-Stomp-0.62-0\blib\lib/Net/Stomp.pm line 199.
Global symbol "$transaction_id" requires explicit package name at C:\strawberry\cpan\build\Net-Stomp-0.62-0\blib\lib/Net/Stomp.pm line 199.
Global symbol "$begin_frame" requires explicit package name at C:\strawberry\cpan\build\Net-Stomp-0.62-0\blib\lib/Net/Stomp.pm line 199.
Global symbol "$transaction_id" requires explicit package name at C:\strawberry\cpan\build\Net-Stomp-0.62-0\blib\lib/Net/Stomp.pm line 199.
Global symbol "$begin_frame" requires explicit package name at C:\strawberry\cpan\build\Net-Stomp-0.62-0\blib\lib/Net/Stomp.pm line 199.
Global symbol "$transaction_id" requires explicit package name at C:\strawberry\cpan\build\Net-Stomp-0.62-0\blib\lib/Net/Stomp.pm line 199.
Global symbol "$receipt_frame" requires explicit package name at C:\strawberry\cpan\build\Net-Stomp-0.62-0\blib\lib/Net/Stomp.pm line 199.
Global symbol "$ret" requires explicit package name at C:\strawberry\cpan\build\Net-Stomp-0.62-0\blib\lib/Net/Stomp.pm line 199.
Global symbol "$receipt_frame" requires explicit package name at C:\strawberry\cpan\build\Net-Stomp-0.62-0\blib\lib/Net/Stomp.pm line 199.
Global symbol "$receipt_frame" requires explicit package name at C:\strawberry\cpan\build\Net-Stomp-0.62-0\blib\lib/Net/Stomp.pm line 199.
Global symbol "$ret" requires explicit package name at C:\strawberry\cpan\build\Net-Stomp-0.62-0\blib\lib/Net/Stomp.pm line 199.
Global symbol "$transaction_id" requires explicit package name at C:\strawberry\cpan\build\Net-Stomp-0.62-0\blib\lib/Net/Stomp.pm line 199.
Global symbol "$frame_commit" requires explicit package name at C:\strawberry\cpan\build\Net-Stomp-0.62-0\blib\lib/Net/Stomp.pm line 199.
Global symbol "$transaction_id" requires explicit package name at C:\strawberry\cpan\build\Net-Stomp-0.62-0\blib\lib/Net/Stomp.pm line 199.
Global symbol "$frame_commit" requires explicit package name at C:\strawberry\cpan\build\Net-Stomp-0.62-0\blib\lib/Net/Stomp.pm line 199.
Global symbol "$transaction_id" requires explicit package name at C:\strawberry\cpan\build\Net-Stomp-0.62-0\blib\lib/Net/Stomp.pm line 199.
Global symbol "$frame_abort" requires explicit package name at C:\strawberry\cpan\build\Net-Stomp-0.62-0\blib\lib/Net/Stomp.pm line 199.
Global symbol "$transaction_id" requires explicit package name at C:\strawberry\cpan\build\Net-Stomp-0.62-0\blib\lib/Net/Stomp.pm line 199.
Global symbol "$frame_abort" requires explicit package name at C:\strawberry\cpan\build\Net-Stomp-0.62-0\blib\lib/Net/Stomp.pm line 199.
Global symbol "$ret" requires explicit package name at C:\strawberry\cpan\build\Net-Stomp-0.62-0\blib\lib/Net/Stomp.pm line 199.
Global symbol "$subs" requires explicit package name at C:\strawberry\cpan\build\Net-Stomp-0.62-0\blib\lib/Net/Stomp.pm line 199.
Global symbol "$subs" requires explicit package name at C:\strawberry\cpan\build\Net-Stomp-0.62-0\blib\lib/Net/Stomp.pm line 199.
Global symbol "$subs" requires explicit package name at C:\strawberry\cpan\build\Net-Stomp-0.62-0\blib\lib/Net/Stomp.pm line 199.
Global symbol "$subs" requires explicit package name at C:\strawberry\cpan\build\Net-Stomp-0.62-0\blib\lib/Net/Stomp.pm line 199.
Global symbol "$id" requires explicit package name at C:\strawberry\cpan\build\Net-Stomp-0.62-0\blib\lib/Net/Stomp.pm line 199.
Global symbol "$id" requires explicit package name at C:\strawberry\cpan\build\Net-Stomp-0.62-0\blib\lib/Net/Stomp.pm line 199.
Global symbol "$id" requires explicit package name at C:\strawberry\cpan\build\Net-Stomp-0.62-0\blib\lib/Net/Stomp.pm line 199.
Global symbol "$id" requires explicit package name at C:\strawberry\cpan\build\Net-Stomp-0.62-0\blib\lib/Net/Stomp.pm line 199.
Global symbol "$id" requires explicit package name at C:\strawberry\cpan\build\Net-Stomp-0.62-0\blib\lib/Net/Stomp.pm line 199.
Global symbol "$id" requires explicit package name at C:\strawberry\cpan\build\Net-Stomp-0.62-0\blib\lib/Net/Stomp.pm line 199.
Global symbol "$to_write" requires explicit package name at C:\strawberry\cpan\build\Net-Stomp-0.62-0\blib\lib/Net/Stomp.pm line 199.
Global symbol "$frame_string" requires explicit package name at C:\strawberry\cpan\build\Net-Stomp-0.62-0\blib\lib/Net/Stomp.pm line 199.
Global symbol "$written" requires explicit package name at C:\strawberry\cpan\build\Net-Stomp-0.62-0\blib\lib/Net/Stomp.pm line 199.
Global symbol "$to_write" requires explicit package name at C:\strawberry\cpan\build\Net-Stomp-0.62-0\blib\lib/Net/Stomp.pm line 199.
Global symbol "$written" requires explicit package name at C:\strawberry\cpan\build\Net-Stomp-0.62-0\blib\lib/Net/Stomp.pm line 199.
Global symbol "$to_write" requires explicit package name at C:\strawberry\cpan\build\Net-Stomp-0.62-0\blib\lib/Net/Stomp.pm line 199.
Global symbol "$written" requires explicit package name at C:\strawberry\cpan\build\Net-Stomp-0.62-0\blib\lib/Net/Stomp.pm line 199.
Global symbol "$to_write" requires explicit package name at C:\strawberry\cpan\build\Net-Stomp-0.62-0\blib\lib/Net/Stomp.pm line 199.
Global symbol "$written" requires explicit package name at C:\strawberry\cpan\build\Net-Stomp-0.62-0\blib\lib/Net/Stomp.pm line 199.
Global symbol "$written" requires explicit package name at C:\strawberry\cpan\build\Net-Stomp-0.62-0\blib\lib/Net/Stomp.pm line 199.
Global symbol "$frame_string" requires explicit package name at C:\strawberry\cpan\build\Net-Stomp-0.62-0\blib\lib/Net/Stomp.pm line 199.
Global symbol "$written" requires explicit package name at C:\strawberry\cpan\build\Net-Stomp-0.62-0\blib\lib/Net/Stomp.pm line 199.
Global symbol "$timeout" requires explicit package name at C:\strawberry\cpan\build\Net-Stomp-0.62-0\blib\lib/Net/Stomp.pm line 199.
Global symbol "$timeout" requires explicit package name at C:\strawberry\cpan\build\Net-Stomp-0.62-0\blib\lib/Net/Stomp.pm line 199.
Global symbol "$len" requires explicit package name at C:\strawberry\cpan\build\Net-Stomp-0.62-0\blib\lib/Net/Stomp.pm line 199.
Global symbol "$len" requires explicit package name at C:\strawberry\cpan\build\Net-Stomp-0.62-0\blib\lib/Net/Stomp.pm line 199.
Global symbol "$len" requires explicit package name at C:\strawberry\cpan\build\Net-Stomp-0.62-0\blib\lib/Net/Stomp.pm line 199.
Global symbol "$len" requires explicit package name at C:\strawberry\cpan\build\Net-Stomp-0.62-0\blib\lib/Net/Stomp.pm line 199.
Global symbol "$len" requires explicit package name at C:\strawberry\cpan\build\Net-Stomp-0.62-0\blib\lib/Net/Stomp.pm line 199.
syntax error at C:\strawberry\cpan\build\Net-Stomp-0.62-0\blib\lib/Net/Stomp.pm line 456, near "[^"
(Might be a runaway multi-line // string starting on line 199)
C:\strawberry\cpan\build\Net-Stomp-0.62-0\blib\lib/Net/Stomp.pm has too many errors.
Compilation failed in require at t/lib/TestHelp.pm line 10.
BEGIN failed--compilation aborted at t/lib/TestHelp.pm line 10.
Compilation failed in require at t\frame-accessors.t line 3.
BEGIN failed--compilation aborted at t\frame-accessors.t line 3.
t\frame-accessors.t .....
Dubious, test returned 9 (wstat 2304, 0x900)
No subtests run
Global symbol "$sub" requires explicit package name at C:\strawberry\cpan\build\Net-Stomp-0.62-0\blib\lib/Net/Stomp.pm line 199.
Global symbol "$sub" requires explicit package name at C:\strawberry\cpan\build\Net-Stomp-0.62-0\blib\lib/Net/Stomp.pm line 199.
Global symbol "$timeout" requires explicit package name at C:\strawberry\cpan\build\Net-Stomp-0.62-0\blib\lib/Net/Stomp.pm line 199.
Global symbol "$timeout" requires explicit package name at C:\strawberry\cpan\build\Net-Stomp-0.62-0\blib\lib/Net/Stomp.pm line 199.
Global symbol "$body" requires explicit package name at C:\strawberry\cpan\build\Net-Stomp-0.62-0\blib\lib/Net/Stomp.pm line 199.
Global symbol "$body" requires explicit package name at C:\strawberry\cpan\build\Net-Stomp-0.62-0\blib\lib/Net/Stomp.pm line 199.
Global symbol "$receipt_id" requires explicit package name at C:\strawberry\cpan\build\Net-Stomp-0.62-0\blib\lib/Net/Stomp.pm line 199.
Global symbol "$receipt_id" requires explicit package name at C:\strawberry\cpan\build\Net-Stomp-0.62-0\blib\lib/Net/Stomp.pm line 199.
Global symbol "$receipt_id" requires explicit package name at C:\strawberry\cpan\build\Net-Stomp-0.62-0\blib\lib/Net/Stomp.pm line 199.
Global symbol "$receipt_timeout" requires explicit package name at C:\strawberry\cpan\build\Net-Stomp-0.62-0\blib\lib/Net/Stomp.pm line 199.
Global symbol "$receipt_frame" requires explicit package name at C:\strawberry\cpan\build\Net-Stomp-0.62-0\blib\lib/Net/Stomp.pm line 199.
Global symbol "$receipt_timeout" requires explicit package name at C:\strawberry\cpan\build\Net-Stomp-0.62-0\blib\lib/Net/Stomp.pm line 199.
Global symbol "$receipt_timeout" requires explicit package name at C:\strawberry\cpan\build\Net-Stomp-0.62-0\blib\lib/Net/Stomp.pm line 199.
Global symbol "$receipt_frame" requires explicit package name at C:\strawberry\cpan\build\Net-Stomp-0.62-0\blib\lib/Net/Stomp.pm line 199.
Global symbol "$receipt_frame" requires explicit package name at C:\strawberry\cpan\build\Net-Stomp-0.62-0\blib\lib/Net/Stomp.pm line 199.
Global symbol "$receipt_frame" requires explicit package name at C:\strawberry\cpan\build\Net-Stomp-0.62-0\blib\lib/Net/Stomp.pm line 199.
Global symbol "$receipt_frame" requires explicit package name at C:\strawberry\cpan\build\Net-Stomp-0.62-0\blib\lib/Net/Stomp.pm line 199.
Global symbol "$receipt_id" requires explicit package name at C:\strawberry\cpan\build\Net-Stomp-0.62-0\blib\lib/Net/Stomp.pm line 199.
Global symbol "$receipt_frame" requires explicit package name at C:\strawberry\cpan\build\Net-Stomp-0.62-0\blib\lib/Net/Stomp.pm line 199.
Global symbol "$receipt_frame" requires explicit package name at C:\strawberry\cpan\build\Net-Stomp-0.62-0\blib\lib/Net/Stomp.pm line 199.
Global symbol "$transaction_id" requires explicit package name at C:\strawberry\cpan\build\Net-Stomp-0.62-0\blib\lib/Net/Stomp.pm line 199.
Global symbol "$transaction_id" requires explicit package name at C:\strawberry\cpan\build\Net-Stomp-0.62-0\blib\lib/Net/Stomp.pm line 199.
Global symbol "$begin_frame" requires explicit package name at C:\strawberry\cpan\build\Net-Stomp-0.62-0\blib\lib/Net/Stomp.pm line 199.
Global symbol "$transaction_id" requires explicit package name at C:\strawberry\cpan\build\Net-Stomp-0.62-0\blib\lib/Net/Stomp.pm line 199.
Global symbol "$begin_frame" requires explicit package name at C:\strawberry\cpan\build\Net-Stomp-0.62-0\blib\lib/Net/Stomp.pm line 199.
Global symbol "$transaction_id" requires explicit package name at C:\strawberry\cpan\build\Net-Stomp-0.62-0\blib\lib/Net/Stomp.pm line 199.
Global symbol "$receipt_frame" requires explicit package name at C:\strawberry\cpan\build\Net-Stomp-0.62-0\blib\lib/Net/Stomp.pm line 199.
Global symbol "$ret" requires explicit package name at C:\strawberry\cpan\build\Net-Stomp-0.62-0\blib\lib/Net/Stomp.pm line 199.
Global symbol "$receipt_frame" requires explicit package name at C:\strawberry\cpan\build\Net-Stomp-0.62-0\blib\lib/Net/Stomp.pm line 199.
Global symbol "$receipt_frame" requires explicit package name at C:\strawberry\cpan\build\Net-Stomp-0.62-0\blib\lib/Net/Stomp.pm line 199.
Global symbol "$ret" requires explicit package name at C:\strawberry\cpan\build\Net-Stomp-0.62-0\blib\lib/Net/Stomp.pm line 199.
Global symbol "$transaction_id" requires explicit package name at C:\strawberry\cpan\build\Net-Stomp-0.62-0\blib\lib/Net/Stomp.pm line 199.
Global symbol "$frame_commit" requires explicit package name at C:\strawberry\cpan\build\Net-Stomp-0.62-0\blib\lib/Net/Stomp.pm line 199.
Global symbol "$transaction_id" requires explicit package name at C:\strawberry\cpan\build\Net-Stomp-0.62-0\blib\lib/Net/Stomp.pm line 199.
Global symbol "$frame_commit" requires explicit package name at C:\strawberry\cpan\build\Net-Stomp-0.62-0\blib\lib/Net/Stomp.pm line 199.
Global symbol "$transaction_id" requires explicit package name at C:\strawberry\cpan\build\Net-Stomp-0.62-0\blib\lib/Net/Stomp.pm line 199.
Global symbol "$frame_abort" requires explicit package name at C:\strawberry\cpan\build\Net-Stomp-0.62-0\blib\lib/Net/Stomp.pm line 199.
Global symbol "$transaction_id" requires explicit package name at C:\strawberry\cpan\build\Net-Stomp-0.62-0\blib\lib/Net/Stomp.pm line 199.
Global symbol "$frame_abort" requires explicit package name at C:\strawberry\cpan\build\Net-Stomp-0.62-0\blib\lib/Net/Stomp.pm line 199.
Global symbol "$ret" requires explicit package name at C:\strawberry\cpan\build\Net-Stomp-0.62-0\blib\lib/Net/Stomp.pm line 199.
Global symbol "$subs" requires explicit package name at C:\strawberry\cpan\build\Net-Stomp-0.62-0\blib\lib/Net/Stomp.pm line 199.
Global symbol "$subs" requires explicit package name at C:\strawberry\cpan\build\Net-Stomp-0.62-0\blib\lib/Net/Stomp.pm line 199.
Global symbol "$subs" requires explicit package name at C:\strawberry\cpan\build\Net-Stomp-0.62-0\blib\lib/Net/Stomp.pm line 199.
Global symbol "$subs" requires explicit package name at C:\strawberry\cpan\build\Net-Stomp-0.62-0\blib\lib/Net/Stomp.pm line 199.
Global symbol "$id" requires explicit package name at C:\strawberry\cpan\build\Net-Stomp-0.62-0\blib\lib/Net/Stomp.pm line 199.
Global symbol "$id" requires explicit package name at C:\strawberry\cpan\build\Net-Stomp-0.62-0\blib\lib/Net/Stomp.pm line 199.
Global symbol "$id" requires explicit package name at C:\strawberry\cpan\build\Net-Stomp-0.62-0\blib\lib/Net/Stomp.pm line 199.
Global symbol "$id" requires explicit package name at C:\strawberry\cpan\build\Net-Stomp-0.62-0\blib\lib/Net/Stomp.pm line 199.
Global symbol "$id" requires explicit package name at C:\strawberry\cpan\build\Net-Stomp-0.62-0\blib\lib/Net/Stomp.pm line 199.
Global symbol "$id" requires explicit package name at C:\strawberry\cpan\build\Net-Stomp-0.62-0\blib\lib/Net/Stomp.pm line 199.
Global symbol "$to_write" requires explicit package name at C:\strawberry\cpan\build\Net-Stomp-0.62-0\blib\lib/Net/Stomp.pm line 199.
Global symbol "$frame_string" requires explicit package name at C:\strawberry\cpan\build\Net-Stomp-0.62-0\blib\lib/Net/Stomp.pm line 199.
Global symbol "$written" requires explicit package name at C:\strawberry\cpan\build\Net-Stomp-0.62-0\blib\lib/Net/Stomp.pm line 199.
Global symbol "$to_write" requires explicit package name at C:\strawberry\cpan\build\Net-Stomp-0.62-0\blib\lib/Net/Stomp.pm line 199.
Global symbol "$written" requires explicit package name at C:\strawberry\cpan\build\Net-Stomp-0.62-0\blib\lib/Net/Stomp.pm line 199.
Global symbol "$to_write" requires explicit package name at C:\strawberry\cpan\build\Net-Stomp-0.62-0\blib\lib/Net/Stomp.pm line 199.
Global symbol "$written" requires explicit package name at C:\strawberry\cpan\build\Net-Stomp-0.62-0\blib\lib/Net/Stomp.pm line 199.
Global symbol "$to_write" requires explicit package name at C:\strawberry\cpan\build\Net-Stomp-0.62-0\blib\lib/Net/Stomp.pm line 199.
Global symbol "$written" requires explicit package name at C:\strawberry\cpan\build\Net-Stomp-0.62-0\blib\lib/Net/Stomp.pm line 199.
Global symbol "$written" requires explicit package name at C:\strawberry\cpan\build\Net-Stomp-0.62-0\blib\lib/Net/Stomp.pm line 199.
Global symbol "$frame_string" requires explicit package name at C:\strawberry\cpan\build\Net-Stomp-0.62-0\blib\lib/Net/Stomp.pm line 199.
Global symbol "$written" requires explicit package name at C:\strawberry\cpan\build\Net-Stomp-0.62-0\blib\lib/Net/Stomp.pm line 199.
Global symbol "$timeout" requires explicit package name at C:\strawberry\cpan\build\Net-Stomp-0.62-0\blib\lib/Net/Stomp.pm line 199.
Global symbol "$timeout" requires explicit package name at C:\strawberry\cpan\build\Net-Stomp-0.62-0\blib\lib/Net/Stomp.pm line 199.
Global symbol "$len" requires explicit package name at C:\strawberry\cpan\build\Net-Stomp-0.62-0\blib\lib/Net/Stomp.pm line 199.
Global symbol "$len" requires explicit package name at C:\strawberry\cpan\build\Net-Stomp-0.62-0\blib\lib/Net/Stomp.pm line 199.
Global symbol "$len" requires explicit package name at C:\strawberry\cpan\build\Net-Stomp-0.62-0\blib\lib/Net/Stomp.pm line 199.
Global symbol "$len" requires explicit package name at C:\strawberry\cpan\build\Net-Stomp-0.62-0\blib\lib/Net/Stomp.pm line 199.
Global symbol "$len" requires explicit package name at C:\strawberry\cpan\build\Net-Stomp-0.62-0\blib\lib/Net/Stomp.pm line 199.
syntax error at C:\strawberry\cpan\build\Net-Stomp-0.62-0\blib\lib/Net/Stomp.pm line 456, near "[^"
(Might be a runaway multi-line // string starting on line 199)
C:\strawberry\cpan\build\Net-Stomp-0.62-0\blib\lib/Net/Stomp.pm has too many errors.
Compilation failed in require at t/lib/TestHelp.pm line 10.
BEGIN failed--compilation aborted at t/lib/TestHelp.pm line 10.
Compilation failed in require at t\initial-connect.t line 3.
BEGIN failed--compilation aborted at t\initial-connect.t line 3.
t\initial-connect.t .....
Dubious, test returned 9 (wstat 2304, 0x900)
No subtests run
Argument "1.07_01" isn't numeric in subroutine entry at C:\home\flower\perl5\lib\perl5/Pod/Simple.pm line 7.
t\pod.t ................. ok
# Failed test 'Pod coverage on Net::Stomp'
# at C:\home\flower\perl5\lib\perl5/Test/Pod/Coverage.pm line 133.
# Net::Stomp: requiring 'Net::Stomp' failed
# Looks like you failed 1 test of 3.
t\pod_coverage.t ........
Dubious, test returned 1 (wstat 256, 0x100)
Failed 1/3 subtests
Global symbol "$sub" requires explicit package name at C:\strawberry\cpan\build\Net-Stomp-0.62-0\blib\lib/Net/Stomp.pm line 199.
Global symbol "$sub" requires explicit package name at C:\strawberry\cpan\build\Net-Stomp-0.62-0\blib\lib/Net/Stomp.pm line 199.
Global symbol "$timeout" requires explicit package name at C:\strawberry\cpan\build\Net-Stomp-0.62-0\blib\lib/Net/Stomp.pm line 199.
Global symbol "$timeout" requires explicit package name at C:\strawberry\cpan\build\Net-Stomp-0.62-0\blib\lib/Net/Stomp.pm line 199.
Global symbol "$body" requires explicit package name at C:\strawberry\cpan\build\Net-Stomp-0.62-0\blib\lib/Net/Stomp.pm line 199.
Global symbol "$body" requires explicit package name at C:\strawberry\cpan\build\Net-Stomp-0.62-0\blib\lib/Net/Stomp.pm line 199.
Global symbol "$receipt_id" requires explicit package name at C:\strawberry\cpan\build\Net-Stomp-0.62-0\blib\lib/Net/Stomp.pm line 199.
Global symbol "$receipt_id" requires explicit package name at C:\strawberry\cpan\build\Net-Stomp-0.62-0\blib\lib/Net/Stomp.pm line 199.
Global symbol "$receipt_id" requires explicit package name at C:\strawberry\cpan\build\Net-Stomp-0.62-0\blib\lib/Net/Stomp.pm line 199.
Global symbol "$receipt_timeout" requires explicit package name at C:\strawberry\cpan\build\Net-Stomp-0.62-0\blib\lib/Net/Stomp.pm line 199.
Global symbol "$receipt_frame" requires explicit package name at C:\strawberry\cpan\build\Net-Stomp-0.62-0\blib\lib/Net/Stomp.pm line 199.
Global symbol "$receipt_timeout" requires explicit package name at C:\strawberry\cpan\build\Net-Stomp-0.62-0\blib\lib/Net/Stomp.pm line 199.
Global symbol "$receipt_timeout" requires explicit package name at C:\strawberry\cpan\build\Net-Stomp-0.62-0\blib\lib/Net/Stomp.pm line 199.
Global symbol "$receipt_frame" requires explicit package name at C:\strawberry\cpan\build\Net-Stomp-0.62-0\blib\lib/Net/Stomp.pm line 199.
Global symbol "$receipt_frame" requires explicit package name at C:\strawberry\cpan\build\Net-Stomp-0.62-0\blib\lib/Net/Stomp.pm line 199.
Global symbol "$receipt_frame" requires explicit package name at C:\strawberry\cpan\build\Net-Stomp-0.62-0\blib\lib/Net/Stomp.pm line 199.
Global symbol "$receipt_frame" requires explicit package name at C:\strawberry\cpan\build\Net-Stomp-0.62-0\blib\lib/Net/Stomp.pm line 199.
Global symbol "$receipt_id" requires explicit package name at C:\strawberry\cpan\build\Net-Stomp-0.62-0\blib\lib/Net/Stomp.pm line 199.
Global symbol "$receipt_frame" requires explicit package name at C:\strawberry\cpan\build\Net-Stomp-0.62-0\blib\lib/Net/Stomp.pm line 199.
Global symbol "$receipt_frame" requires explicit package name at C:\strawberry\cpan\build\Net-Stomp-0.62-0\blib\lib/Net/Stomp.pm line 199.
Global symbol "$transaction_id" requires explicit package name at C:\strawberry\cpan\build\Net-Stomp-0.62-0\blib\lib/Net/Stomp.pm line 199.
Global symbol "$transaction_id" requires explicit package name at C:\strawberry\cpan\build\Net-Stomp-0.62-0\blib\lib/Net/Stomp.pm line 199.
Global symbol "$begin_frame" requires explicit package name at C:\strawberry\cpan\build\Net-Stomp-0.62-0\blib\lib/Net/Stomp.pm line 199.
Global symbol "$transaction_id" requires explicit package name at C:\strawberry\cpan\build\Net-Stomp-0.62-0\blib\lib/Net/Stomp.pm line 199.
Global symbol "$begin_frame" requires explicit package name at C:\strawberry\cpan\build\Net-Stomp-0.62-0\blib\lib/Net/Stomp.pm line 199.
Global symbol "$transaction_id" requires explicit package name at C:\strawberry\cpan\build\Net-Stomp-0.62-0\blib\lib/Net/Stomp.pm line 199.
Global symbol "$receipt_frame" requires explicit package name at C:\strawberry\cpan\build\Net-Stomp-0.62-0\blib\lib/Net/Stomp.pm line 199.
Global symbol "$ret" requires explicit package name at C:\strawberry\cpan\build\Net-Stomp-0.62-0\blib\lib/Net/Stomp.pm line 199.
Global symbol "$receipt_frame" requires explicit package name at C:\strawberry\cpan\build\Net-Stomp-0.62-0\blib\lib/Net/Stomp.pm line 199.
Global symbol "$receipt_frame" requires explicit package name at C:\strawberry\cpan\build\Net-Stomp-0.62-0\blib\lib/Net/Stomp.pm line 199.
Global symbol "$ret" requires explicit package name at C:\strawberry\cpan\build\Net-Stomp-0.62-0\blib\lib/Net/Stomp.pm line 199.
Global symbol "$transaction_id" requires explicit package name at C:\strawberry\cpan\build\Net-Stomp-0.62-0\blib\lib/Net/Stomp.pm line 199.
Global symbol "$frame_commit" requires explicit package name at C:\strawberry\cpan\build\Net-Stomp-0.62-0\blib\lib/Net/Stomp.pm line 199.
Global symbol "$transaction_id" requires explicit package name at C:\strawberry\cpan\build\Net-Stomp-0.62-0\blib\lib/Net/Stomp.pm line 199.
Global symbol "$frame_commit" requires explicit package name at C:\strawberry\cpan\build\Net-Stomp-0.62-0\blib\lib/Net/Stomp.pm line 199.
Global symbol "$transaction_id" requires explicit package name at C:\strawberry\cpan\build\Net-Stomp-0.62-0\blib\lib/Net/Stomp.pm line 199.
Global symbol "$frame_abort" requires explicit package name at C:\strawberry\cpan\build\Net-Stomp-0.62-0\blib\lib/Net/Stomp.pm line 199.
Global symbol "$transaction_id" requires explicit package name at C:\strawberry\cpan\build\Net-Stomp-0.62-0\blib\lib/Net/Stomp.pm line 199.
Global symbol "$frame_abort" requires explicit package name at C:\strawberry\cpan\build\Net-Stomp-0.62-0\blib\lib/Net/Stomp.pm line 199.
Global symbol "$ret" requires explicit package name at C:\strawberry\cpan\build\Net-Stomp-0.62-0\blib\lib/Net/Stomp.pm line 199.
Global symbol "$subs" requires explicit package name at C:\strawberry\cpan\build\Net-Stomp-0.62-0\blib\lib/Net/Stomp.pm line 199.
Global symbol "$subs" requires explicit package name at C:\strawberry\cpan\build\Net-Stomp-0.62-0\blib\lib/Net/Stomp.pm line 199.
Global symbol "$subs" requires explicit package name at C:\strawberry\cpan\build\Net-Stomp-0.62-0\blib\lib/Net/Stomp.pm line 199.
Global symbol "$subs" requires explicit package name at C:\strawberry\cpan\build\Net-Stomp-0.62-0\blib\lib/Net/Stomp.pm line 199.
Global symbol "$id" requires explicit package name at C:\strawberry\cpan\build\Net-Stomp-0.62-0\blib\lib/Net/Stomp.pm line 199.
Global symbol "$id" requires explicit package name at C:\strawberry\cpan\build\Net-Stomp-0.62-0\blib\lib/Net/Stomp.pm line 199.
Global symbol "$id" requires explicit package name at C:\strawberry\cpan\build\Net-Stomp-0.62-0\blib\lib/Net/Stomp.pm line 199.
Global symbol "$id" requires explicit package name at C:\strawberry\cpan\build\Net-Stomp-0.62-0\blib\lib/Net/Stomp.pm line 199.
Global symbol "$id" requires explicit package name at C:\strawberry\cpan\build\Net-Stomp-0.62-0\blib\lib/Net/Stomp.pm line 199.
Global symbol "$id" requires explicit package name at C:\strawberry\cpan\build\Net-Stomp-0.62-0\blib\lib/Net/Stomp.pm line 199.
Global symbol "$to_write" requires explicit package name at C:\strawberry\cpan\build\Net-Stomp-0.62-0\blib\lib/Net/Stomp.pm line 199.
Global symbol "$frame_string" requires explicit package name at C:\strawberry\cpan\build\Net-Stomp-0.62-0\blib\lib/Net/Stomp.pm line 199.
Global symbol "$written" requires explicit package name at C:\strawberry\cpan\build\Net-Stomp-0.62-0\blib\lib/Net/Stomp.pm line 199.
Global symbol "$to_write" requires explicit package name at C:\strawberry\cpan\build\Net-Stomp-0.62-0\blib\lib/Net/Stomp.pm line 199.
Global symbol "$written" requires explicit package name at C:\strawberry\cpan\build\Net-Stomp-0.62-0\blib\lib/Net/Stomp.pm line 199.
Global symbol "$to_write" requires explicit package name at C:\strawberry\cpan\build\Net-Stomp-0.62-0\blib\lib/Net/Stomp.pm line 199.
Global symbol "$written" requires explicit package name at C:\strawberry\cpan\build\Net-Stomp-0.62-0\blib\lib/Net/Stomp.pm line 199.
Global symbol "$to_write" requires explicit package name at C:\strawberry\cpan\build\Net-Stomp-0.62-0\blib\lib/Net/Stomp.pm line 199.
Global symbol "$written" requires explicit package name at C:\strawberry\cpan\build\Net-Stomp-0.62-0\blib\lib/Net/Stomp.pm line 199.
Global symbol "$written" requires explicit package name at C:\strawberry\cpan\build\Net-Stomp-0.62-0\blib\lib/Net/Stomp.pm line 199.
Global symbol "$frame_string" requires explicit package name at C:\strawberry\cpan\build\Net-Stomp-0.62-0\blib\lib/Net/Stomp.pm line 199.
Global symbol "$written" requires explicit package name at C:\strawberry\cpan\build\Net-Stomp-0.62-0\blib\lib/Net/Stomp.pm line 199.
Global symbol "$timeout" requires explicit package name at C:\strawberry\cpan\build\Net-Stomp-0.62-0\blib\lib/Net/Stomp.pm line 199.
Global symbol "$timeout" requires explicit package name at C:\strawberry\cpan\build\Net-Stomp-0.62-0\blib\lib/Net/Stomp.pm line 199.
Global symbol "$len" requires explicit package name at C:\strawberry\cpan\build\Net-Stomp-0.62-0\blib\lib/Net/Stomp.pm line 199.
Global symbol "$len" requires explicit package name at C:\strawberry\cpan\build\Net-Stomp-0.62-0\blib\lib/Net/Stomp.pm line 199.
Global symbol "$len" requires explicit package name at C:\strawberry\cpan\build\Net-Stomp-0.62-0\blib\lib/Net/Stomp.pm line 199.
Global symbol "$len" requires explicit package name at C:\strawberry\cpan\build\Net-Stomp-0.62-0\blib\lib/Net/Stomp.pm line 199.
Global symbol "$len" requires explicit package name at C:\strawberry\cpan\build\Net-Stomp-0.62-0\blib\lib/Net/Stomp.pm line 199.
syntax error at C:\strawberry\cpan\build\Net-Stomp-0.62-0\blib\lib/Net/Stomp.pm line 456, near "[^"
(Might be a runaway multi-line // string starting on line 199)
C:\strawberry\cpan\build\Net-Stomp-0.62-0\blib\lib/Net/Stomp.pm has too many errors.
Compilation failed in require at t/lib/TestHelp.pm line 10.
BEGIN failed--compilation aborted at t/lib/TestHelp.pm line 10.
Compilation failed in require at t\read-timeout.t line 2.
BEGIN failed--compilation aborted at t\read-timeout.t line 2.
t\read-timeout.t ........
Dubious, test returned 9 (wstat 2304, 0x900)
No subtests run
Global symbol "$sub" requires explicit package name at C:\strawberry\cpan\build\Net-Stomp-0.62-0\blib\lib/Net/Stomp.pm line 199.
Global symbol "$sub" requires explicit package name at C:\strawberry\cpan\build\Net-Stomp-0.62-0\blib\lib/Net/Stomp.pm line 199.
Global symbol "$timeout" requires explicit package name at C:\strawberry\cpan\build\Net-Stomp-0.62-0\blib\lib/Net/Stomp.pm line 199.
Global symbol "$timeout" requires explicit package name at C:\strawberry\cpan\build\Net-Stomp-0.62-0\blib\lib/Net/Stomp.pm line 199.
Global symbol "$body" requires explicit package name at C:\strawberry\cpan\build\Net-Stomp-0.62-0\blib\lib/Net/Stomp.pm line 199.
Global symbol "$body" requires explicit package name at C:\strawberry\cpan\build\Net-Stomp-0.62-0\blib\lib/Net/Stomp.pm line 199.
Global symbol "$receipt_id" requires explicit package name at C:\strawberry\cpan\build\Net-Stomp-0.62-0\blib\lib/Net/Stomp.pm line 199.
Global symbol "$receipt_id" requires explicit package name at C:\strawberry\cpan\build\Net-Stomp-0.62-0\blib\lib/Net/Stomp.pm line 199.
Global symbol "$receipt_id" requires explicit package name at C:\strawberry\cpan\build\Net-Stomp-0.62-0\blib\lib/Net/Stomp.pm line 199.
Global symbol "$receipt_timeout" requires explicit package name at C:\strawberry\cpan\build\Net-Stomp-0.62-0\blib\lib/Net/Stomp.pm line 199.
Global symbol "$receipt_frame" requires explicit package name at C:\strawberry\cpan\build\Net-Stomp-0.62-0\blib\lib/Net/Stomp.pm line 199.
Global symbol "$receipt_timeout" requires explicit package name at C:\strawberry\cpan\build\Net-Stomp-0.62-0\blib\lib/Net/Stomp.pm line 199.
Global symbol "$receipt_timeout" requires explicit package name at C:\strawberry\cpan\build\Net-Stomp-0.62-0\blib\lib/Net/Stomp.pm line 199.
Global symbol "$receipt_frame" requires explicit package name at C:\strawberry\cpan\build\Net-Stomp-0.62-0\blib\lib/Net/Stomp.pm line 199.
Global symbol "$receipt_frame" requires explicit package name at C:\strawberry\cpan\build\Net-Stomp-0.62-0\blib\lib/Net/Stomp.pm line 199.
Global symbol "$receipt_frame" requires explicit package name at C:\strawberry\cpan\build\Net-Stomp-0.62-0\blib\lib/Net/Stomp.pm line 199.
Global symbol "$receipt_frame" requires explicit package name at C:\strawberry\cpan\build\Net-Stomp-0.62-0\blib\lib/Net/Stomp.pm line 199.
Global symbol "$receipt_id" requires explicit package name at C:\strawberry\cpan\build\Net-Stomp-0.62-0\blib\lib/Net/Stomp.pm line 199.
Global symbol "$receipt_frame" requires explicit package name at C:\strawberry\cpan\build\Net-Stomp-0.62-0\blib\lib/Net/Stomp.pm line 199.
Global symbol "$receipt_frame" requires explicit package name at C:\strawberry\cpan\build\Net-Stomp-0.62-0\blib\lib/Net/Stomp.pm line 199.
Global symbol "$transaction_id" requires explicit package name at C:\strawberry\cpan\build\Net-Stomp-0.62-0\blib\lib/Net/Stomp.pm line 199.
Global symbol "$transaction_id" requires explicit package name at C:\strawberry\cpan\build\Net-Stomp-0.62-0\blib\lib/Net/Stomp.pm line 199.
Global symbol "$begin_frame" requires explicit package name at C:\strawberry\cpan\build\Net-Stomp-0.62-0\blib\lib/Net/Stomp.pm line 199.
Global symbol "$transaction_id" requires explicit package name at C:\strawberry\cpan\build\Net-Stomp-0.62-0\blib\lib/Net/Stomp.pm line 199.
Global symbol "$begin_frame" requires explicit package name at C:\strawberry\cpan\build\Net-Stomp-0.62-0\blib\lib/Net/Stomp.pm line 199.
Global symbol "$transaction_id" requires explicit package name at C:\strawberry\cpan\build\Net-Stomp-0.62-0\blib\lib/Net/Stomp.pm line 199.
Global symbol "$receipt_frame" requires explicit package name at C:\strawberry\cpan\build\Net-Stomp-0.62-0\blib\lib/Net/Stomp.pm line 199.
Global symbol "$ret" requires explicit package name at C:\strawberry\cpan\build\Net-Stomp-0.62-0\blib\lib/Net/Stomp.pm line 199.
Global symbol "$receipt_frame" requires explicit package name at C:\strawberry\cpan\build\Net-Stomp-0.62-0\blib\lib/Net/Stomp.pm line 199.
Global symbol "$receipt_frame" requires explicit package name at C:\strawberry\cpan\build\Net-Stomp-0.62-0\blib\lib/Net/Stomp.pm line 199.
Global symbol "$ret" requires explicit package name at C:\strawberry\cpan\build\Net-Stomp-0.62-0\blib\lib/Net/Stomp.pm line 199.
Global symbol "$transaction_id" requires explicit package name at C:\strawberry\cpan\build\Net-Stomp-0.62-0\blib\lib/Net/Stomp.pm line 199.
Global symbol "$frame_commit" requires explicit package name at C:\strawberry\cpan\build\Net-Stomp-0.62-0\blib\lib/Net/Stomp.pm line 199.
Global symbol "$transaction_id" requires explicit package name at C:\strawberry\cpan\build\Net-Stomp-0.62-0\blib\lib/Net/Stomp.pm line 199.
Global symbol "$frame_commit" requires explicit package name at C:\strawberry\cpan\build\Net-Stomp-0.62-0\blib\lib/Net/Stomp.pm line 199.
Global symbol "$transaction_id" requires explicit package name at C:\strawberry\cpan\build\Net-Stomp-0.62-0\blib\lib/Net/Stomp.pm line 199.
Global symbol "$frame_abort" requires explicit package name at C:\strawberry\cpan\build\Net-Stomp-0.62-0\blib\lib/Net/Stomp.pm line 199.
Global symbol "$transaction_id" requires explicit package name at C:\strawberry\cpan\build\Net-Stomp-0.62-0\blib\lib/Net/Stomp.pm line 199.
Global symbol "$frame_abort" requires explicit package name at C:\strawberry\cpan\build\Net-Stomp-0.62-0\blib\lib/Net/Stomp.pm line 199.
Global symbol "$ret" requires explicit package name at C:\strawberry\cpan\build\Net-Stomp-0.62-0\blib\lib/Net/Stomp.pm line 199.
Global symbol "$subs" requires explicit package name at C:\strawberry\cpan\build\Net-Stomp-0.62-0\blib\lib/Net/Stomp.pm line 199.
Global symbol "$subs" requires explicit package name at C:\strawberry\cpan\build\Net-Stomp-0.62-0\blib\lib/Net/Stomp.pm line 199.
Global symbol "$subs" requires explicit package name at C:\strawberry\cpan\build\Net-Stomp-0.62-0\blib\lib/Net/Stomp.pm line 199.
Global symbol "$subs" requires explicit package name at C:\strawberry\cpan\build\Net-Stomp-0.62-0\blib\lib/Net/Stomp.pm line 199.
Global symbol "$id" requires explicit package name at C:\strawberry\cpan\build\Net-Stomp-0.62-0\blib\lib/Net/Stomp.pm line 199.
Global symbol "$id" requires explicit package name at C:\strawberry\cpan\build\Net-Stomp-0.62-0\blib\lib/Net/Stomp.pm line 199.
Global symbol "$id" requires explicit package name at C:\strawberry\cpan\build\Net-Stomp-0.62-0\blib\lib/Net/Stomp.pm line 199.
Global symbol "$id" requires explicit package name at C:\strawberry\cpan\build\Net-Stomp-0.62-0\blib\lib/Net/Stomp.pm line 199.
Global symbol "$id" requires explicit package name at C:\strawberry\cpan\build\Net-Stomp-0.62-0\blib\lib/Net/Stomp.pm line 199.
Global symbol "$id" requires explicit package name at C:\strawberry\cpan\build\Net-Stomp-0.62-0\blib\lib/Net/Stomp.pm line 199.
Global symbol "$to_write" requires explicit package name at C:\strawberry\cpan\build\Net-Stomp-0.62-0\blib\lib/Net/Stomp.pm line 199.
Global symbol "$frame_string" requires explicit package name at C:\strawberry\cpan\build\Net-Stomp-0.62-0\blib\lib/Net/Stomp.pm line 199.
Global symbol "$written" requires explicit package name at C:\strawberry\cpan\build\Net-Stomp-0.62-0\blib\lib/Net/Stomp.pm line 199.
Global symbol "$to_write" requires explicit package name at C:\strawberry\cpan\build\Net-Stomp-0.62-0\blib\lib/Net/Stomp.pm line 199.
Global symbol "$written" requires explicit package name at C:\strawberry\cpan\build\Net-Stomp-0.62-0\blib\lib/Net/Stomp.pm line 199.
Global symbol "$to_write" requires explicit package name at C:\strawberry\cpan\build\Net-Stomp-0.62-0\blib\lib/Net/Stomp.pm line 199.
Global symbol "$written" requires explicit package name at C:\strawberry\cpan\build\Net-Stomp-0.62-0\blib\lib/Net/Stomp.pm line 199.
Global symbol "$to_write" requires explicit package name at C:\strawberry\cpan\build\Net-Stomp-0.62-0\blib\lib/Net/Stomp.pm line 199.
Global symbol "$written" requires explicit package name at C:\strawberry\cpan\build\Net-Stomp-0.62-0\blib\lib/Net/Stomp.pm line 199.
Global symbol "$written" requires explicit package name at C:\strawberry\cpan\build\Net-Stomp-0.62-0\blib\lib/Net/Stomp.pm line 199.
Global symbol "$frame_string" requires explicit package name at C:\strawberry\cpan\build\Net-Stomp-0.62-0\blib\lib/Net/Stomp.pm line 199.
Global symbol "$written" requires explicit package name at C:\strawberry\cpan\build\Net-Stomp-0.62-0\blib\lib/Net/Stomp.pm line 199.
Global symbol "$timeout" requires explicit package name at C:\strawberry\cpan\build\Net-Stomp-0.62-0\blib\lib/Net/Stomp.pm line 199.
Global symbol "$timeout" requires explicit package name at C:\strawberry\cpan\build\Net-Stomp-0.62-0\blib\lib/Net/Stomp.pm line 199.
Global symbol "$len" requires explicit package name at C:\strawberry\cpan\build\Net-Stomp-0.62-0\blib\lib/Net/Stomp.pm line 199.
Global symbol "$len" requires explicit package name at C:\strawberry\cpan\build\Net-Stomp-0.62-0\blib\lib/Net/Stomp.pm line 199.
Global symbol "$len" requires explicit package name at C:\strawberry\cpan\build\Net-Stomp-0.62-0\blib\lib/Net/Stomp.pm line 199.
Global symbol "$len" requires explicit package name at C:\strawberry\cpan\build\Net-Stomp-0.62-0\blib\lib/Net/Stomp.pm line 199.
Global symbol "$len" requires explicit package name at C:\strawberry\cpan\build\Net-Stomp-0.62-0\blib\lib/Net/Stomp.pm line 199.
syntax error at C:\strawberry\cpan\build\Net-Stomp-0.62-0\blib\lib/Net/Stomp.pm line 456, near "[^"
(Might be a runaway multi-line // string starting on line 199)
C:\strawberry\cpan\build\Net-Stomp-0.62-0\blib\lib/Net/Stomp.pm has too many errors.
Compilation failed in require at t/lib/TestHelp.pm line 10.
BEGIN failed--compilation aborted at t/lib/TestHelp.pm line 10.
Compilation failed in require at t\receiving-frames.t line 2.
BEGIN failed--compilation aborted at t\receiving-frames.t line 2.
t\receiving-frames.t ....
Dubious, test returned 9 (wstat 2304, 0x900)
No subtests run
Global symbol "$sub" requires explicit package name at C:\strawberry\cpan\build\Net-Stomp-0.62-0\blib\lib/Net/Stomp.pm line 199.
Global symbol "$sub" requires explicit package name at C:\strawberry\cpan\build\Net-Stomp-0.62-0\blib\lib/Net/Stomp.pm line 199.
Global symbol "$timeout" requires explicit package name at C:\strawberry\cpan\build\Net-Stomp-0.62-0\blib\lib/Net/Stomp.pm line 199.
Global symbol "$timeout" requires explicit package name at C:\strawberry\cpan\build\Net-Stomp-0.62-0\blib\lib/Net/Stomp.pm line 199.
Global symbol "$body" requires explicit package name at C:\strawberry\cpan\build\Net-Stomp-0.62-0\blib\lib/Net/Stomp.pm line 199.
Global symbol "$body" requires explicit package name at C:\strawberry\cpan\build\Net-Stomp-0.62-0\blib\lib/Net/Stomp.pm line 199.
Global symbol "$receipt_id" requires explicit package name at C:\strawberry\cpan\build\Net-Stomp-0.62-0\blib\lib/Net/Stomp.pm line 199.
Global symbol "$receipt_id" requires explicit package name at C:\strawberry\cpan\build\Net-Stomp-0.62-0\blib\lib/Net/Stomp.pm line 199.
Global symbol "$receipt_id" requires explicit package name at C:\strawberry\cpan\build\Net-Stomp-0.62-0\blib\lib/Net/Stomp.pm line 199.
Global symbol "$receipt_timeout" requires explicit package name at C:\strawberry\cpan\build\Net-Stomp-0.62-0\blib\lib/Net/Stomp.pm line 199.
Global symbol "$receipt_frame" requires explicit package name at C:\strawberry\cpan\build\Net-Stomp-0.62-0\blib\lib/Net/Stomp.pm line 199.
Global symbol "$receipt_timeout" requires explicit package name at C:\strawberry\cpan\build\Net-Stomp-0.62-0\blib\lib/Net/Stomp.pm line 199.
Global symbol "$receipt_timeout" requires explicit package name at C:\strawberry\cpan\build\Net-Stomp-0.62-0\blib\lib/Net/Stomp.pm line 199.
Global symbol "$receipt_frame" requires explicit package name at C:\strawberry\cpan\build\Net-Stomp-0.62-0\blib\lib/Net/Stomp.pm line 199.
Global symbol "$receipt_frame" requires explicit package name at C:\strawberry\cpan\build\Net-Stomp-0.62-0\blib\lib/Net/Stomp.pm line 199.
Global symbol "$receipt_frame" requires explicit package name at C:\strawberry\cpan\build\Net-Stomp-0.62-0\blib\lib/Net/Stomp.pm line 199.
Global symbol "$receipt_frame" requires explicit package name at C:\strawberry\cpan\build\Net-Stomp-0.62-0\blib\lib/Net/Stomp.pm line 199.
Global symbol "$receipt_id" requires explicit package name at C:\strawberry\cpan\build\Net-Stomp-0.62-0\blib\lib/Net/Stomp.pm line 199.
Global symbol "$receipt_frame" requires explicit package name at C:\strawberry\cpan\build\Net-Stomp-0.62-0\blib\lib/Net/Stomp.pm line 199.
Global symbol "$receipt_frame" requires explicit package name at C:\strawberry\cpan\build\Net-Stomp-0.62-0\blib\lib/Net/Stomp.pm line 199.
Global symbol "$transaction_id" requires explicit package name at C:\strawberry\cpan\build\Net-Stomp-0.62-0\blib\lib/Net/Stomp.pm line 199.
Global symbol "$transaction_id" requires explicit package name at C:\strawberry\cpan\build\Net-Stomp-0.62-0\blib\lib/Net/Stomp.pm line 199.
Global symbol "$begin_frame" requires explicit package name at C:\strawberry\cpan\build\Net-Stomp-0.62-0\blib\lib/Net/Stomp.pm line 199.
Global symbol "$transaction_id" requires explicit package name at C:\strawberry\cpan\build\Net-Stomp-0.62-0\blib\lib/Net/Stomp.pm line 199.
Global symbol "$begin_frame" requires explicit package name at C:\strawberry\cpan\build\Net-Stomp-0.62-0\blib\lib/Net/Stomp.pm line 199.
Global symbol "$transaction_id" requires explicit package name at C:\strawberry\cpan\build\Net-Stomp-0.62-0\blib\lib/Net/Stomp.pm line 199.
Global symbol "$receipt_frame" requires explicit package name at C:\strawberry\cpan\build\Net-Stomp-0.62-0\blib\lib/Net/Stomp.pm line 199.
Global symbol "$ret" requires explicit package name at C:\strawberry\cpan\build\Net-Stomp-0.62-0\blib\lib/Net/Stomp.pm line 199.
Global symbol "$receipt_frame" requires explicit package name at C:\strawberry\cpan\build\Net-Stomp-0.62-0\blib\lib/Net/Stomp.pm line 199.
Global symbol "$receipt_frame" requires explicit package name at C:\strawberry\cpan\build\Net-Stomp-0.62-0\blib\lib/Net/Stomp.pm line 199.
Global symbol "$ret" requires explicit package name at C:\strawberry\cpan\build\Net-Stomp-0.62-0\blib\lib/Net/Stomp.pm line 199.
Global symbol "$transaction_id" requires explicit package name at C:\strawberry\cpan\build\Net-Stomp-0.62-0\blib\lib/Net/Stomp.pm line 199.
Global symbol "$frame_commit" requires explicit package name at C:\strawberry\cpan\build\Net-Stomp-0.62-0\blib\lib/Net/Stomp.pm line 199.
Global symbol "$transaction_id" requires explicit package name at C:\strawberry\cpan\build\Net-Stomp-0.62-0\blib\lib/Net/Stomp.pm line 199.
Global symbol "$frame_commit" requires explicit package name at C:\strawberry\cpan\build\Net-Stomp-0.62-0\blib\lib/Net/Stomp.pm line 199.
Global symbol "$transaction_id" requires explicit package name at C:\strawberry\cpan\build\Net-Stomp-0.62-0\blib\lib/Net/Stomp.pm line 199.
Global symbol "$frame_abort" requires explicit package name at C:\strawberry\cpan\build\Net-Stomp-0.62-0\blib\lib/Net/Stomp.pm line 199.
Global symbol "$transaction_id" requires explicit package name at C:\strawberry\cpan\build\Net-Stomp-0.62-0\blib\lib/Net/Stomp.pm line 199.
Global symbol "$frame_abort" requires explicit package name at C:\strawberry\cpan\build\Net-Stomp-0.62-0\blib\lib/Net/Stomp.pm line 199.
Global symbol "$ret" requires explicit package name at C:\strawberry\cpan\build\Net-Stomp-0.62-0\blib\lib/Net/Stomp.pm line 199.
Global symbol "$subs" requires explicit package name at C:\strawberry\cpan\build\Net-Stomp-0.62-0\blib\lib/Net/Stomp.pm line 199.
Global symbol "$subs" requires explicit package name at C:\strawberry\cpan\build\Net-Stomp-0.62-0\blib\lib/Net/Stomp.pm line 199.
Global symbol "$subs" requires explicit package name at C:\strawberry\cpan\build\Net-Stomp-0.62-0\blib\lib/Net/Stomp.pm line 199.
Global symbol "$subs" requires explicit package name at C:\strawberry\cpan\build\Net-Stomp-0.62-0\blib\lib/Net/Stomp.pm line 199.
Global symbol "$id" requires explicit package name at C:\strawberry\cpan\build\Net-Stomp-0.62-0\blib\lib/Net/Stomp.pm line 199.
Global symbol "$id" requires explicit package name at C:\strawberry\cpan\build\Net-Stomp-0.62-0\blib\lib/Net/Stomp.pm line 199.
Global symbol "$id" requires explicit package name at C:\strawberry\cpan\build\Net-Stomp-0.62-0\blib\lib/Net/Stomp.pm line 199.
Global symbol "$id" requires explicit package name at C:\strawberry\cpan\build\Net-Stomp-0.62-0\blib\lib/Net/Stomp.pm line 199.
Global symbol "$id" requires explicit package name at C:\strawberry\cpan\build\Net-Stomp-0.62-0\blib\lib/Net/Stomp.pm line 199.
Global symbol "$id" requires explicit package name at C:\strawberry\cpan\build\Net-Stomp-0.62-0\blib\lib/Net/Stomp.pm line 199.
Global symbol "$to_write" requires explicit package name at C:\strawberry\cpan\build\Net-Stomp-0.62-0\blib\lib/Net/Stomp.pm line 199.
Global symbol "$frame_string" requires explicit package name at C:\strawberry\cpan\build\Net-Stomp-0.62-0\blib\lib/Net/Stomp.pm line 199.
Global symbol "$written" requires explicit package name at C:\strawberry\cpan\build\Net-Stomp-0.62-0\blib\lib/Net/Stomp.pm line 199.
Global symbol "$to_write" requires explicit package name at C:\strawberry\cpan\build\Net-Stomp-0.62-0\blib\lib/Net/Stomp.pm line 199.
Global symbol "$written" requires explicit package name at C:\strawberry\cpan\build\Net-Stomp-0.62-0\blib\lib/Net/Stomp.pm line 199.
Global symbol "$to_write" requires explicit package name at C:\strawberry\cpan\build\Net-Stomp-0.62-0\blib\lib/Net/Stomp.pm line 199.
Global symbol "$written" requires explicit package name at C:\strawberry\cpan\build\Net-Stomp-0.62-0\blib\lib/Net/Stomp.pm line 199.
Global symbol "$to_write" requires explicit package name at C:\strawberry\cpan\build\Net-Stomp-0.62-0\blib\lib/Net/Stomp.pm line 199.
Global symbol "$written" requires explicit package name at C:\strawberry\cpan\build\Net-Stomp-0.62-0\blib\lib/Net/Stomp.pm line 199.
Global symbol "$written" requires explicit package name at C:\strawberry\cpan\build\Net-Stomp-0.62-0\blib\lib/Net/Stomp.pm line 199.
Global symbol "$frame_string" requires explicit package name at C:\strawberry\cpan\build\Net-Stomp-0.62-0\blib\lib/Net/Stomp.pm line 199.
Global symbol "$written" requires explicit package name at C:\strawberry\cpan\build\Net-Stomp-0.62-0\blib\lib/Net/Stomp.pm line 199.
Global symbol "$timeout" requires explicit package name at C:\strawberry\cpan\build\Net-Stomp-0.62-0\blib\lib/Net/Stomp.pm line 199.
Global symbol "$timeout" requires explicit package name at C:\strawberry\cpan\build\Net-Stomp-0.62-0\blib\lib/Net/Stomp.pm line 199.
Global symbol "$len" requires explicit package name at C:\strawberry\cpan\build\Net-Stomp-0.62-0\blib\lib/Net/Stomp.pm line 199.
Global symbol "$len" requires explicit package name at C:\strawberry\cpan\build\Net-Stomp-0.62-0\blib\lib/Net/Stomp.pm line 199.
Global symbol "$len" requires explicit package name at C:\strawberry\cpan\build\Net-Stomp-0.62-0\blib\lib/Net/Stomp.pm line 199.
Global symbol "$len" requires explicit package name at C:\strawberry\cpan\build\Net-Stomp-0.62-0\blib\lib/Net/Stomp.pm line 199.
Global symbol "$len" requires explicit package name at C:\strawberry\cpan\build\Net-Stomp-0.62-0\blib\lib/Net/Stomp.pm line 199.
syntax error at C:\strawberry\cpan\build\Net-Stomp-0.62-0\blib\lib/Net/Stomp.pm line 456, near "[^"
(Might be a runaway multi-line // string starting on line 199)
C:\strawberry\cpan\build\Net-Stomp-0.62-0\blib\lib/Net/Stomp.pm has too many errors.
Compilation failed in require at t/lib/TestHelp.pm line 10.
BEGIN failed--compilation aborted at t/lib/TestHelp.pm line 10.
Compilation failed in require at t\reconnect.t line 3.
BEGIN failed--compilation aborted at t\reconnect.t line 3.
t\reconnect.t ...........
Dubious, test returned 9 (wstat 2304, 0x900)
No subtests run
Global symbol "$sub" requires explicit package name at C:\strawberry\cpan\build\Net-Stomp-0.62-0\blib\lib/Net/Stomp.pm line 199.
Global symbol "$sub" requires explicit package name at C:\strawberry\cpan\build\Net-Stomp-0.62-0\blib\lib/Net/Stomp.pm line 199.
Global symbol "$timeout" requires explicit package name at C:\strawberry\cpan\build\Net-Stomp-0.62-0\blib\lib/Net/Stomp.pm line 199.
Global symbol "$timeout" requires explicit package name at C:\strawberry\cpan\build\Net-Stomp-0.62-0\blib\lib/Net/Stomp.pm line 199.
Global symbol "$body" requires explicit package name at C:\strawberry\cpan\build\Net-Stomp-0.62-0\blib\lib/Net/Stomp.pm line 199.
Global symbol "$body" requires explicit package name at C:\strawberry\cpan\build\Net-Stomp-0.62-0\blib\lib/Net/Stomp.pm line 199.
Global symbol "$receipt_id" requires explicit package name at C:\strawberry\cpan\build\Net-Stomp-0.62-0\blib\lib/Net/Stomp.pm line 199.
Global symbol "$receipt_id" requires explicit package name at C:\strawberry\cpan\build\Net-Stomp-0.62-0\blib\lib/Net/Stomp.pm line 199.
Global symbol "$receipt_id" requires explicit package name at C:\strawberry\cpan\build\Net-Stomp-0.62-0\blib\lib/Net/Stomp.pm line 199.
Global symbol "$receipt_timeout" requires explicit package name at C:\strawberry\cpan\build\Net-Stomp-0.62-0\blib\lib/Net/Stomp.pm line 199.
Global symbol "$receipt_frame" requires explicit package name at C:\strawberry\cpan\build\Net-Stomp-0.62-0\blib\lib/Net/Stomp.pm line 199.
Global symbol "$receipt_timeout" requires explicit package name at C:\strawberry\cpan\build\Net-Stomp-0.62-0\blib\lib/Net/Stomp.pm line 199.
Global symbol "$receipt_timeout" requires explicit package name at C:\strawberry\cpan\build\Net-Stomp-0.62-0\blib\lib/Net/Stomp.pm line 199.
Global symbol "$receipt_frame" requires explicit package name at C:\strawberry\cpan\build\Net-Stomp-0.62-0\blib\lib/Net/Stomp.pm line 199.
Global symbol "$receipt_frame" requires explicit package name at C:\strawberry\cpan\build\Net-Stomp-0.62-0\blib\lib/Net/Stomp.pm line 199.
Global symbol "$receipt_frame" requires explicit package name at C:\strawberry\cpan\build\Net-Stomp-0.62-0\blib\lib/Net/Stomp.pm line 199.
Global symbol "$receipt_frame" requires explicit package name at C:\strawberry\cpan\build\Net-Stomp-0.62-0\blib\lib/Net/Stomp.pm line 199.
Global symbol "$receipt_id" requires explicit package name at C:\strawberry\cpan\build\Net-Stomp-0.62-0\blib\lib/Net/Stomp.pm line 199.
Global symbol "$receipt_frame" requires explicit package name at C:\strawberry\cpan\build\Net-Stomp-0.62-0\blib\lib/Net/Stomp.pm line 199.
Global symbol "$receipt_frame" requires explicit package name at C:\strawberry\cpan\build\Net-Stomp-0.62-0\blib\lib/Net/Stomp.pm line 199.
Global symbol "$transaction_id" requires explicit package name at C:\strawberry\cpan\build\Net-Stomp-0.62-0\blib\lib/Net/Stomp.pm line 199.
Global symbol "$transaction_id" requires explicit package name at C:\strawberry\cpan\build\Net-Stomp-0.62-0\blib\lib/Net/Stomp.pm line 199.
Global symbol "$begin_frame" requires explicit package name at C:\strawberry\cpan\build\Net-Stomp-0.62-0\blib\lib/Net/Stomp.pm line 199.
Global symbol "$transaction_id" requires explicit package name at C:\strawberry\cpan\build\Net-Stomp-0.62-0\blib\lib/Net/Stomp.pm line 199.
Global symbol "$begin_frame" requires explicit package name at C:\strawberry\cpan\build\Net-Stomp-0.62-0\blib\lib/Net/Stomp.pm line 199.
Global symbol "$transaction_id" requires explicit package name at C:\strawberry\cpan\build\Net-Stomp-0.62-0\blib\lib/Net/Stomp.pm line 199.
Global symbol "$receipt_frame" requires explicit package name at C:\strawberry\cpan\build\Net-Stomp-0.62-0\blib\lib/Net/Stomp.pm line 199.
Global symbol "$ret" requires explicit package name at C:\strawberry\cpan\build\Net-Stomp-0.62-0\blib\lib/Net/Stomp.pm line 199.
Global symbol "$receipt_frame" requires explicit package name at C:\strawberry\cpan\build\Net-Stomp-0.62-0\blib\lib/Net/Stomp.pm line 199.
Global symbol "$receipt_frame" requires explicit package name at C:\strawberry\cpan\build\Net-Stomp-0.62-0\blib\lib/Net/Stomp.pm line 199.
Global symbol "$ret" requires explicit package name at C:\strawberry\cpan\build\Net-Stomp-0.62-0\blib\lib/Net/Stomp.pm line 199.
Global symbol "$transaction_id" requires explicit package name at C:\strawberry\cpan\build\Net-Stomp-0.62-0\blib\lib/Net/Stomp.pm line 199.
Global symbol "$frame_commit" requires explicit package name at C:\strawberry\cpan\build\Net-Stomp-0.62-0\blib\lib/Net/Stomp.pm line 199.
Global symbol "$transaction_id" requires explicit package name at C:\strawberry\cpan\build\Net-Stomp-0.62-0\blib\lib/Net/Stomp.pm line 199.
Global symbol "$frame_commit" requires explicit package name at C:\strawberry\cpan\build\Net-Stomp-0.62-0\blib\lib/Net/Stomp.pm line 199.
Global symbol "$transaction_id" requires explicit package name at C:\strawberry\cpan\build\Net-Stomp-0.62-0\blib\lib/Net/Stomp.pm line 199.
Global symbol "$frame_abort" requires explicit package name at C:\strawberry\cpan\build\Net-Stomp-0.62-0\blib\lib/Net/Stomp.pm line 199.
Global symbol "$transaction_id" requires explicit package name at C:\strawberry\cpan\build\Net-Stomp-0.62-0\blib\lib/Net/Stomp.pm line 199.
Global symbol "$frame_abort" requires explicit package name at C:\strawberry\cpan\build\Net-Stomp-0.62-0\blib\lib/Net/Stomp.pm line 199.
Global symbol "$ret" requires explicit package name at C:\strawberry\cpan\build\Net-Stomp-0.62-0\blib\lib/Net/Stomp.pm line 199.
Global symbol "$subs" requires explicit package name at C:\strawberry\cpan\build\Net-Stomp-0.62-0\blib\lib/Net/Stomp.pm line 199.
Global symbol "$subs" requires explicit package name at C:\strawberry\cpan\build\Net-Stomp-0.62-0\blib\lib/Net/Stomp.pm line 199.
Global symbol "$subs" requires explicit package name at C:\strawberry\cpan\build\Net-Stomp-0.62-0\blib\lib/Net/Stomp.pm line 199.
Global symbol "$subs" requires explicit package name at C:\strawberry\cpan\build\Net-Stomp-0.62-0\blib\lib/Net/Stomp.pm line 199.
Global symbol "$id" requires explicit package name at C:\strawberry\cpan\build\Net-Stomp-0.62-0\blib\lib/Net/Stomp.pm line 199.
Global symbol "$id" requires explicit package name at C:\strawberry\cpan\build\Net-Stomp-0.62-0\blib\lib/Net/Stomp.pm line 199.
Global symbol "$id" requires explicit package name at C:\strawberry\cpan\build\Net-Stomp-0.62-0\blib\lib/Net/Stomp.pm line 199.
Global symbol "$id" requires explicit package name at C:\strawberry\cpan\build\Net-Stomp-0.62-0\blib\lib/Net/Stomp.pm line 199.
Global symbol "$id" requires explicit package name at C:\strawberry\cpan\build\Net-Stomp-0.62-0\blib\lib/Net/Stomp.pm line 199.
Global symbol "$id" requires explicit package name at C:\strawberry\cpan\build\Net-Stomp-0.62-0\blib\lib/Net/Stomp.pm line 199.
Global symbol "$to_write" requires explicit package name at C:\strawberry\cpan\build\Net-Stomp-0.62-0\blib\lib/Net/Stomp.pm line 199.
Global symbol "$frame_string" requires explicit package name at C:\strawberry\cpan\build\Net-Stomp-0.62-0\blib\lib/Net/Stomp.pm line 199.
Global symbol "$written" requires explicit package name at C:\strawberry\cpan\build\Net-Stomp-0.62-0\blib\lib/Net/Stomp.pm line 199.
Global symbol "$to_write" requires explicit package name at C:\strawberry\cpan\build\Net-Stomp-0.62-0\blib\lib/Net/Stomp.pm line 199.
Global symbol "$written" requires explicit package name at C:\strawberry\cpan\build\Net-Stomp-0.62-0\blib\lib/Net/Stomp.pm line 199.
Global symbol "$to_write" requires explicit package name at C:\strawberry\cpan\build\Net-Stomp-0.62-0\blib\lib/Net/Stomp.pm line 199.
Global symbol "$written" requires explicit package name at C:\strawberry\cpan\build\Net-Stomp-0.62-0\blib\lib/Net/Stomp.pm line 199.
Global symbol "$to_write" requires explicit package name at C:\strawberry\cpan\build\Net-Stomp-0.62-0\blib\lib/Net/Stomp.pm line 199.
Global symbol "$written" requires explicit package name at C:\strawberry\cpan\build\Net-Stomp-0.62-0\blib\lib/Net/Stomp.pm line 199.
Global symbol "$written" requires explicit package name at C:\strawberry\cpan\build\Net-Stomp-0.62-0\blib\lib/Net/Stomp.pm line 199.
Global symbol "$frame_string" requires explicit package name at C:\strawberry\cpan\build\Net-Stomp-0.62-0\blib\lib/Net/Stomp.pm line 199.
Global symbol "$written" requires explicit package name at C:\strawberry\cpan\build\Net-Stomp-0.62-0\blib\lib/Net/Stomp.pm line 199.
Global symbol "$timeout" requires explicit package name at C:\strawberry\cpan\build\Net-Stomp-0.62-0\blib\lib/Net/Stomp.pm line 199.
Global symbol "$timeout" requires explicit package name at C:\strawberry\cpan\build\Net-Stomp-0.62-0\blib\lib/Net/Stomp.pm line 199.
Global symbol "$len" requires explicit package name at C:\strawberry\cpan\build\Net-Stomp-0.62-0\blib\lib/Net/Stomp.pm line 199.
Global symbol "$len" requires explicit package name at C:\strawberry\cpan\build\Net-Stomp-0.62-0\blib\lib/Net/Stomp.pm line 199.
Global symbol "$len" requires explicit package name at C:\strawberry\cpan\build\Net-Stomp-0.62-0\blib\lib/Net/Stomp.pm line 199.
Global symbol "$len" requires explicit package name at C:\strawberry\cpan\build\Net-Stomp-0.62-0\blib\lib/Net/Stomp.pm line 199.
Global symbol "$len" requires explicit package name at C:\strawberry\cpan\build\Net-Stomp-0.62-0\blib\lib/Net/Stomp.pm line 199.
syntax error at C:\strawberry\cpan\build\Net-Stomp-0.62-0\blib\lib/Net/Stomp.pm line 456, near "[^"
(Might be a runaway multi-line // string starting on line 199)
C:\strawberry\cpan\build\Net-Stomp-0.62-0\blib\lib/Net/Stomp.pm has too many errors.
Compilation failed in require at t/lib/TestHelp.pm line 10.
BEGIN failed--compilation aborted at t/lib/TestHelp.pm line 10.
Compilation failed in require at t\send-transactional.t line 2.
BEGIN failed--compilation aborted at t\send-transactional.t line 2.
t\send-transactional.t ..
Dubious, test returned 9 (wstat 2304, 0x900)
No subtests run
Global symbol "$sub" requires explicit package name at C:\strawberry\cpan\build\Net-Stomp-0.62-0\blib\lib/Net/Stomp.pm line 199.
Global symbol "$sub" requires explicit package name at C:\strawberry\cpan\build\Net-Stomp-0.62-0\blib\lib/Net/Stomp.pm line 199.
Global symbol "$timeout" requires explicit package name at C:\strawberry\cpan\build\Net-Stomp-0.62-0\blib\lib/Net/Stomp.pm line 199.
Global symbol "$timeout" requires explicit package name at C:\strawberry\cpan\build\Net-Stomp-0.62-0\blib\lib/Net/Stomp.pm line 199.
Global symbol "$body" requires explicit package name at C:\strawberry\cpan\build\Net-Stomp-0.62-0\blib\lib/Net/Stomp.pm line 199.
Global symbol "$body" requires explicit package name at C:\strawberry\cpan\build\Net-Stomp-0.62-0\blib\lib/Net/Stomp.pm line 199.
Global symbol "$receipt_id" requires explicit package name at C:\strawberry\cpan\build\Net-Stomp-0.62-0\blib\lib/Net/Stomp.pm line 199.
Global symbol "$receipt_id" requires explicit package name at C:\strawberry\cpan\build\Net-Stomp-0.62-0\blib\lib/Net/Stomp.pm line 199.
Global symbol "$receipt_id" requires explicit package name at C:\strawberry\cpan\build\Net-Stomp-0.62-0\blib\lib/Net/Stomp.pm line 199.
Global symbol "$receipt_timeout" requires explicit package name at C:\strawberry\cpan\build\Net-Stomp-0.62-0\blib\lib/Net/Stomp.pm line 199.
Global symbol "$receipt_frame" requires explicit package name at C:\strawberry\cpan\build\Net-Stomp-0.62-0\blib\lib/Net/Stomp.pm line 199.
Global symbol "$receipt_timeout" requires explicit package name at C:\strawberry\cpan\build\Net-Stomp-0.62-0\blib\lib/Net/Stomp.pm line 199.
Global symbol "$receipt_timeout" requires explicit package name at C:\strawberry\cpan\build\Net-Stomp-0.62-0\blib\lib/Net/Stomp.pm line 199.
Global symbol "$receipt_frame" requires explicit package name at C:\strawberry\cpan\build\Net-Stomp-0.62-0\blib\lib/Net/Stomp.pm line 199.
Global symbol "$receipt_frame" requires explicit package name at C:\strawberry\cpan\build\Net-Stomp-0.62-0\blib\lib/Net/Stomp.pm line 199.
Global symbol "$receipt_frame" requires explicit package name at C:\strawberry\cpan\build\Net-Stomp-0.62-0\blib\lib/Net/Stomp.pm line 199.
Global symbol "$receipt_frame" requires explicit package name at C:\strawberry\cpan\build\Net-Stomp-0.62-0\blib\lib/Net/Stomp.pm line 199.
Global symbol "$receipt_id" requires explicit package name at C:\strawberry\cpan\build\Net-Stomp-0.62-0\blib\lib/Net/Stomp.pm line 199.
Global symbol "$receipt_frame" requires explicit package name at C:\strawberry\cpan\build\Net-Stomp-0.62-0\blib\lib/Net/Stomp.pm line 199.
Global symbol "$receipt_frame" requires explicit package name at C:\strawberry\cpan\build\Net-Stomp-0.62-0\blib\lib/Net/Stomp.pm line 199.
Global symbol "$transaction_id" requires explicit package name at C:\strawberry\cpan\build\Net-Stomp-0.62-0\blib\lib/Net/Stomp.pm line 199.
Global symbol "$transaction_id" requires explicit package name at C:\strawberry\cpan\build\Net-Stomp-0.62-0\blib\lib/Net/Stomp.pm line 199.
Global symbol "$begin_frame" requires explicit package name at C:\strawberry\cpan\build\Net-Stomp-0.62-0\blib\lib/Net/Stomp.pm line 199.
Global symbol "$transaction_id" requires explicit package name at C:\strawberry\cpan\build\Net-Stomp-0.62-0\blib\lib/Net/Stomp.pm line 199.
Global symbol "$begin_frame" requires explicit package name at C:\strawberry\cpan\build\Net-Stomp-0.62-0\blib\lib/Net/Stomp.pm line 199.
Global symbol "$transaction_id" requires explicit package name at C:\strawberry\cpan\build\Net-Stomp-0.62-0\blib\lib/Net/Stomp.pm line 199.
Global symbol "$receipt_frame" requires explicit package name at C:\strawberry\cpan\build\Net-Stomp-0.62-0\blib\lib/Net/Stomp.pm line 199.
Global symbol "$ret" requires explicit package name at C:\strawberry\cpan\build\Net-Stomp-0.62-0\blib\lib/Net/Stomp.pm line 199.
Global symbol "$receipt_frame" requires explicit package name at C:\strawberry\cpan\build\Net-Stomp-0.62-0\blib\lib/Net/Stomp.pm line 199.
Global symbol "$receipt_frame" requires explicit package name at C:\strawberry\cpan\build\Net-Stomp-0.62-0\blib\lib/Net/Stomp.pm line 199.
Global symbol "$ret" requires explicit package name at C:\strawberry\cpan\build\Net-Stomp-0.62-0\blib\lib/Net/Stomp.pm line 199.
Global symbol "$transaction_id" requires explicit package name at C:\strawberry\cpan\build\Net-Stomp-0.62-0\blib\lib/Net/Stomp.pm line 199.
Global symbol "$frame_commit" requires explicit package name at C:\strawberry\cpan\build\Net-Stomp-0.62-0\blib\lib/Net/Stomp.pm line 199.
Global symbol "$transaction_id" requires explicit package name at C:\strawberry\cpan\build\Net-Stomp-0.62-0\blib\lib/Net/Stomp.pm line 199.
Global symbol "$frame_commit" requires explicit package name at C:\strawberry\cpan\build\Net-Stomp-0.62-0\blib\lib/Net/Stomp.pm line 199.
Global symbol "$transaction_id" requires explicit package name at C:\strawberry\cpan\build\Net-Stomp-0.62-0\blib\lib/Net/Stomp.pm line 199.
Global symbol "$frame_abort" requires explicit package name at C:\strawberry\cpan\build\Net-Stomp-0.62-0\blib\lib/Net/Stomp.pm line 199.
Global symbol "$transaction_id" requires explicit package name at C:\strawberry\cpan\build\Net-Stomp-0.62-0\blib\lib/Net/Stomp.pm line 199.
Global symbol "$frame_abort" requires explicit package name at C:\strawberry\cpan\build\Net-Stomp-0.62-0\blib\lib/Net/Stomp.pm line 199.
Global symbol "$ret" requires explicit package name at C:\strawberry\cpan\build\Net-Stomp-0.62-0\blib\lib/Net/Stomp.pm line 199.
Global symbol "$subs" requires explicit package name at C:\strawberry\cpan\build\Net-Stomp-0.62-0\blib\lib/Net/Stomp.pm line 199.
Global symbol "$subs" requires explicit package name at C:\strawberry\cpan\build\Net-Stomp-0.62-0\blib\lib/Net/Stomp.pm line 199.
Global symbol "$subs" requires explicit package name at C:\strawberry\cpan\build\Net-Stomp-0.62-0\blib\lib/Net/Stomp.pm line 199.
Global symbol "$subs" requires explicit package name at C:\strawberry\cpan\build\Net-Stomp-0.62-0\blib\lib/Net/Stomp.pm line 199.
Global symbol "$id" requires explicit package name at C:\strawberry\cpan\build\Net-Stomp-0.62-0\blib\lib/Net/Stomp.pm line 199.
Global symbol "$id" requires explicit package name at C:\strawberry\cpan\build\Net-Stomp-0.62-0\blib\lib/Net/Stomp.pm line 199.
Global symbol "$id" requires explicit package name at C:\strawberry\cpan\build\Net-Stomp-0.62-0\blib\lib/Net/Stomp.pm line 199.
Global symbol "$id" requires explicit package name at C:\strawberry\cpan\build\Net-Stomp-0.62-0\blib\lib/Net/Stomp.pm line 199.
Global symbol "$id" requires explicit package name at C:\strawberry\cpan\build\Net-Stomp-0.62-0\blib\lib/Net/Stomp.pm line 199.
Global symbol "$id" requires explicit package name at C:\strawberry\cpan\build\Net-Stomp-0.62-0\blib\lib/Net/Stomp.pm line 199.
Global symbol "$to_write" requires explicit package name at C:\strawberry\cpan\build\Net-Stomp-0.62-0\blib\lib/Net/Stomp.pm line 199.
Global symbol "$frame_string" requires explicit package name at C:\strawberry\cpan\build\Net-Stomp-0.62-0\blib\lib/Net/Stomp.pm line 199.
Global symbol "$written" requires explicit package name at C:\strawberry\cpan\build\Net-Stomp-0.62-0\blib\lib/Net/Stomp.pm line 199.
Global symbol "$to_write" requires explicit package name at C:\strawberry\cpan\build\Net-Stomp-0.62-0\blib\lib/Net/Stomp.pm line 199.
Global symbol "$written" requires explicit package name at C:\strawberry\cpan\build\Net-Stomp-0.62-0\blib\lib/Net/Stomp.pm line 199.
Global symbol "$to_write" requires explicit package name at C:\strawberry\cpan\build\Net-Stomp-0.62-0\blib\lib/Net/Stomp.pm line 199.
Global symbol "$written" requires explicit package name at C:\strawberry\cpan\build\Net-Stomp-0.62-0\blib\lib/Net/Stomp.pm line 199.
Global symbol "$to_write" requires explicit package name at C:\strawberry\cpan\build\Net-Stomp-0.62-0\blib\lib/Net/Stomp.pm line 199.
Global symbol "$written" requires explicit package name at C:\strawberry\cpan\build\Net-Stomp-0.62-0\blib\lib/Net/Stomp.pm line 199.
Global symbol "$written" requires explicit package name at C:\strawberry\cpan\build\Net-Stomp-0.62-0\blib\lib/Net/Stomp.pm line 199.
Global symbol "$frame_string" requires explicit package name at C:\strawberry\cpan\build\Net-Stomp-0.62-0\blib\lib/Net/Stomp.pm line 199.
Global symbol "$written" requires explicit package name at C:\strawberry\cpan\build\Net-Stomp-0.62-0\blib\lib/Net/Stomp.pm line 199.
Global symbol "$timeout" requires explicit package name at C:\strawberry\cpan\build\Net-Stomp-0.62-0\blib\lib/Net/Stomp.pm line 199.
Global symbol "$timeout" requires explicit package name at C:\strawberry\cpan\build\Net-Stomp-0.62-0\blib\lib/Net/Stomp.pm line 199.
Global symbol "$len" requires explicit package name at C:\strawberry\cpan\build\Net-Stomp-0.62-0\blib\lib/Net/Stomp.pm line 199.
Global symbol "$len" requires explicit package name at C:\strawberry\cpan\build\Net-Stomp-0.62-0\blib\lib/Net/Stomp.pm line 199.
Global symbol "$len" requires explicit package name at C:\strawberry\cpan\build\Net-Stomp-0.62-0\blib\lib/Net/Stomp.pm line 199.
Global symbol "$len" requires explicit package name at C:\strawberry\cpan\build\Net-Stomp-0.62-0\blib\lib/Net/Stomp.pm line 199.
Global symbol "$len" requires explicit package name at C:\strawberry\cpan\build\Net-Stomp-0.62-0\blib\lib/Net/Stomp.pm line 199.
syntax error at C:\strawberry\cpan\build\Net-Stomp-0.62-0\blib\lib/Net/Stomp.pm line 456, near "[^"
(Might be a runaway multi-line // string starting on line 199)
C:\strawberry\cpan\build\Net-Stomp-0.62-0\blib\lib/Net/Stomp.pm has too many errors.
Compilation failed in require at t/lib/TestHelp.pm line 10.
BEGIN failed--compilation aborted at t/lib/TestHelp.pm line 10.
Compilation failed in require at t\send-with-receipt.t line 2.
BEGIN failed--compilation aborted at t\send-with-receipt.t line 2.
t\send-with-receipt.t ...
Dubious, test returned 9 (wstat 2304, 0x900)
No subtests run
Global symbol "$sub" requires explicit package name at C:\strawberry\cpan\build\Net-Stomp-0.62-0\blib\lib/Net/Stomp.pm line 199.
Global symbol "$sub" requires explicit package name at C:\strawberry\cpan\build\Net-Stomp-0.62-0\blib\lib/Net/Stomp.pm line 199.
Global symbol "$timeout" requires explicit package name at C:\strawberry\cpan\build\Net-Stomp-0.62-0\blib\lib/Net/Stomp.pm line 199.
Global symbol "$timeout" requires explicit package name at C:\strawberry\cpan\build\Net-Stomp-0.62-0\blib\lib/Net/Stomp.pm line 199.
Global symbol "$body" requires explicit package name at C:\strawberry\cpan\build\Net-Stomp-0.62-0\blib\lib/Net/Stomp.pm line 199.
Global symbol "$body" requires explicit package name at C:\strawberry\cpan\build\Net-Stomp-0.62-0\blib\lib/Net/Stomp.pm line 199.
Global symbol "$receipt_id" requires explicit package name at C:\strawberry\cpan\build\Net-Stomp-0.62-0\blib\lib/Net/Stomp.pm line 199.
Global symbol "$receipt_id" requires explicit package name at C:\strawberry\cpan\build\Net-Stomp-0.62-0\blib\lib/Net/Stomp.pm line 199.
Global symbol "$receipt_id" requires explicit package name at C:\strawberry\cpan\build\Net-Stomp-0.62-0\blib\lib/Net/Stomp.pm line 199.
Global symbol "$receipt_timeout" requires explicit package name at C:\strawberry\cpan\build\Net-Stomp-0.62-0\blib\lib/Net/Stomp.pm line 199.
Global symbol "$receipt_frame" requires explicit package name at C:\strawberry\cpan\build\Net-Stomp-0.62-0\blib\lib/Net/Stomp.pm line 199.
Global symbol "$receipt_timeout" requires explicit package name at C:\strawberry\cpan\build\Net-Stomp-0.62-0\blib\lib/Net/Stomp.pm line 199.
Global symbol "$receipt_timeout" requires explicit package name at C:\strawberry\cpan\build\Net-Stomp-0.62-0\blib\lib/Net/Stomp.pm line 199.
Global symbol "$receipt_frame" requires explicit package name at C:\strawberry\cpan\build\Net-Stomp-0.62-0\blib\lib/Net/Stomp.pm line 199.
Global symbol "$receipt_frame" requires explicit package name at C:\strawberry\cpan\build\Net-Stomp-0.62-0\blib\lib/Net/Stomp.pm line 199.
Global symbol "$receipt_frame" requires explicit package name at C:\strawberry\cpan\build\Net-Stomp-0.62-0\blib\lib/Net/Stomp.pm line 199.
Global symbol "$receipt_frame" requires explicit package name at C:\strawberry\cpan\build\Net-Stomp-0.62-0\blib\lib/Net/Stomp.pm line 199.
Global symbol "$receipt_id" requires explicit package name at C:\strawberry\cpan\build\Net-Stomp-0.62-0\blib\lib/Net/Stomp.pm line 199.
Global symbol "$receipt_frame" requires explicit package name at C:\strawberry\cpan\build\Net-Stomp-0.62-0\blib\lib/Net/Stomp.pm line 199.
Global symbol "$receipt_frame" requires explicit package name at C:\strawberry\cpan\build\Net-Stomp-0.62-0\blib\lib/Net/Stomp.pm line 199.
Global symbol "$transaction_id" requires explicit package name at C:\strawberry\cpan\build\Net-Stomp-0.62-0\blib\lib/Net/Stomp.pm line 199.
Global symbol "$transaction_id" requires explicit package name at C:\strawberry\cpan\build\Net-Stomp-0.62-0\blib\lib/Net/Stomp.pm line 199.
Global symbol "$begin_frame" requires explicit package name at C:\strawberry\cpan\build\Net-Stomp-0.62-0\blib\lib/Net/Stomp.pm line 199.
Global symbol "$transaction_id" requires explicit package name at C:\strawberry\cpan\build\Net-Stomp-0.62-0\blib\lib/Net/Stomp.pm line 199.
Global symbol "$begin_frame" requires explicit package name at C:\strawberry\cpan\build\Net-Stomp-0.62-0\blib\lib/Net/Stomp.pm line 199.
Global symbol "$transaction_id" requires explicit package name at C:\strawberry\cpan\build\Net-Stomp-0.62-0\blib\lib/Net/Stomp.pm line 199.
Global symbol "$receipt_frame" requires explicit package name at C:\strawberry\cpan\build\Net-Stomp-0.62-0\blib\lib/Net/Stomp.pm line 199.
Global symbol "$ret" requires explicit package name at C:\strawberry\cpan\build\Net-Stomp-0.62-0\blib\lib/Net/Stomp.pm line 199.
Global symbol "$receipt_frame" requires explicit package name at C:\strawberry\cpan\build\Net-Stomp-0.62-0\blib\lib/Net/Stomp.pm line 199.
Global symbol "$receipt_frame" requires explicit package name at C:\strawberry\cpan\build\Net-Stomp-0.62-0\blib\lib/Net/Stomp.pm line 199.
Global symbol "$ret" requires explicit package name at C:\strawberry\cpan\build\Net-Stomp-0.62-0\blib\lib/Net/Stomp.pm line 199.
Global symbol "$transaction_id" requires explicit package name at C:\strawberry\cpan\build\Net-Stomp-0.62-0\blib\lib/Net/Stomp.pm line 199.
Global symbol "$frame_commit" requires explicit package name at C:\strawberry\cpan\build\Net-Stomp-0.62-0\blib\lib/Net/Stomp.pm line 199.
Global symbol "$transaction_id" requires explicit package name at C:\strawberry\cpan\build\Net-Stomp-0.62-0\blib\lib/Net/Stomp.pm line 199.
Global symbol "$frame_commit" requires explicit package name at C:\strawberry\cpan\build\Net-Stomp-0.62-0\blib\lib/Net/Stomp.pm line 199.
Global symbol "$transaction_id" requires explicit package name at C:\strawberry\cpan\build\Net-Stomp-0.62-0\blib\lib/Net/Stomp.pm line 199.
Global symbol "$frame_abort" requires explicit package name at C:\strawberry\cpan\build\Net-Stomp-0.62-0\blib\lib/Net/Stomp.pm line 199.
Global symbol "$transaction_id" requires explicit package name at C:\strawberry\cpan\build\Net-Stomp-0.62-0\blib\lib/Net/Stomp.pm line 199.
Global symbol "$frame_abort" requires explicit package name at C:\strawberry\cpan\build\Net-Stomp-0.62-0\blib\lib/Net/Stomp.pm line 199.
Global symbol "$ret" requires explicit package name at C:\strawberry\cpan\build\Net-Stomp-0.62-0\blib\lib/Net/Stomp.pm line 199.
Global symbol "$subs" requires explicit package name at C:\strawberry\cpan\build\Net-Stomp-0.62-0\blib\lib/Net/Stomp.pm line 199.
Global symbol "$subs" requires explicit package name at C:\strawberry\cpan\build\Net-Stomp-0.62-0\blib\lib/Net/Stomp.pm line 199.
Global symbol "$subs" requires explicit package name at C:\strawberry\cpan\build\Net-Stomp-0.62-0\blib\lib/Net/Stomp.pm line 199.
Global symbol "$subs" requires explicit package name at C:\strawberry\cpan\build\Net-Stomp-0.62-0\blib\lib/Net/Stomp.pm line 199.
Global symbol "$id" requires explicit package name at C:\strawberry\cpan\build\Net-Stomp-0.62-0\blib\lib/Net/Stomp.pm line 199.
Global symbol "$id" requires explicit package name at C:\strawberry\cpan\build\Net-Stomp-0.62-0\blib\lib/Net/Stomp.pm line 199.
Global symbol "$id" requires explicit package name at C:\strawberry\cpan\build\Net-Stomp-0.62-0\blib\lib/Net/Stomp.pm line 199.
Global symbol "$id" requires explicit package name at C:\strawberry\cpan\build\Net-Stomp-0.62-0\blib\lib/Net/Stomp.pm line 199.
Global symbol "$id" requires explicit package name at C:\strawberry\cpan\build\Net-Stomp-0.62-0\blib\lib/Net/Stomp.pm line 199.
Global symbol "$id" requires explicit package name at C:\strawberry\cpan\build\Net-Stomp-0.62-0\blib\lib/Net/Stomp.pm line 199.
Global symbol "$to_write" requires explicit package name at C:\strawberry\cpan\build\Net-Stomp-0.62-0\blib\lib/Net/Stomp.pm line 199.
Global symbol "$frame_string" requires explicit package name at C:\strawberry\cpan\build\Net-Stomp-0.62-0\blib\lib/Net/Stomp.pm line 199.
Global symbol "$written" requires explicit package name at C:\strawberry\cpan\build\Net-Stomp-0.62-0\blib\lib/Net/Stomp.pm line 199.
Global symbol "$to_write" requires explicit package name at C:\strawberry\cpan\build\Net-Stomp-0.62-0\blib\lib/Net/Stomp.pm line 199.
Global symbol "$written" requires explicit package name at C:\strawberry\cpan\build\Net-Stomp-0.62-0\blib\lib/Net/Stomp.pm line 199.
Global symbol "$to_write" requires explicit package name at C:\strawberry\cpan\build\Net-Stomp-0.62-0\blib\lib/Net/Stomp.pm line 199.
Global symbol "$written" requires explicit package name at C:\strawberry\cpan\build\Net-Stomp-0.62-0\blib\lib/Net/Stomp.pm line 199.
Global symbol "$to_write" requires explicit package name at C:\strawberry\cpan\build\Net-Stomp-0.62-0\blib\lib/Net/Stomp.pm line 199.
Global symbol "$written" requires explicit package name at C:\strawberry\cpan\build\Net-Stomp-0.62-0\blib\lib/Net/Stomp.pm line 199.
Global symbol "$written" requires explicit package name at C:\strawberry\cpan\build\Net-Stomp-0.62-0\blib\lib/Net/Stomp.pm line 199.
Global symbol "$frame_string" requires explicit package name at C:\strawberry\cpan\build\Net-Stomp-0.62-0\blib\lib/Net/Stomp.pm line 199.
Global symbol "$written" requires explicit package name at C:\strawberry\cpan\build\Net-Stomp-0.62-0\blib\lib/Net/Stomp.pm line 199.
Global symbol "$timeout" requires explicit package name at C:\strawberry\cpan\build\Net-Stomp-0.62-0\blib\lib/Net/Stomp.pm line 199.
Global symbol "$timeout" requires explicit package name at C:\strawberry\cpan\build\Net-Stomp-0.62-0\blib\lib/Net/Stomp.pm line 199.
Global symbol "$len" requires explicit package name at C:\strawberry\cpan\build\Net-Stomp-0.62-0\blib\lib/Net/Stomp.pm line 199.
Global symbol "$len" requires explicit package name at C:\strawberry\cpan\build\Net-Stomp-0.62-0\blib\lib/Net/Stomp.pm line 199.
Global symbol "$len" requires explicit package name at C:\strawberry\cpan\build\Net-Stomp-0.62-0\blib\lib/Net/Stomp.pm line 199.
Global symbol "$len" requires explicit package name at C:\strawberry\cpan\build\Net-Stomp-0.62-0\blib\lib/Net/Stomp.pm line 199.
Global symbol "$len" requires explicit package name at C:\strawberry\cpan\build\Net-Stomp-0.62-0\blib\lib/Net/Stomp.pm line 199.
syntax error at C:\strawberry\cpan\build\Net-Stomp-0.62-0\blib\lib/Net/Stomp.pm line 456, near "[^"
(Might be a runaway multi-line // string starting on line 199)
C:\strawberry\cpan\build\Net-Stomp-0.62-0\blib\lib/Net/Stomp.pm has too many errors.
Compilation failed in require at t/lib/TestHelp.pm line 10.
BEGIN failed--compilation aborted at t/lib/TestHelp.pm line 10.
Compilation failed in require at t\sending-frames.t line 2.
BEGIN failed--compilation aborted at t\sending-frames.t line 2.
t\sending-frames.t ......
Dubious, test returned 9 (wstat 2304, 0x900)
No subtests run
Test Summary Report
-------------------
t\connect-disconnect.t (Wstat: 2304 (exited 9) Tests: 0 Failed: 0)
Non-zero exit status: 9
Parse errors: No plan found in TAP output
t\constructor.t (Wstat: 2304 (exited 9) Tests: 0 Failed: 0)
Non-zero exit status: 9
Parse errors: No plan found in TAP output
t\failover.t (Wstat: 2304 (exited 9) Tests: 0 Failed: 0)
Non-zero exit status: 9
Parse errors: No plan found in TAP output
t\frame-accessors.t (Wstat: 2304 (exited 9) Tests: 0 Failed: 0)
Non-zero exit status: 9
Parse errors: No plan found in TAP output
t\initial-connect.t (Wstat: 2304 (exited 9) Tests: 0 Failed: 0)
Non-zero exit status: 9
Parse errors: No plan found in TAP output
t\pod_coverage.t (Wstat: 256 (exited 1) Tests: 3 Failed: 1)
Failed test: 1
Non-zero exit status: 1
t\read-timeout.t (Wstat: 2304 (exited 9) Tests: 0 Failed: 0)
Non-zero exit status: 9
Parse errors: No plan found in TAP output
t\receiving-frames.t (Wstat: 2304 (exited 9) Tests: 0 Failed: 0)
Non-zero exit status: 9
Parse errors: No plan found in TAP output
t\reconnect.t (Wstat: 2304 (exited 9) Tests: 0 Failed: 0)
Non-zero exit status: 9
Parse errors: No plan found in TAP output
t\send-transactional.t (Wstat: 2304 (exited 9) Tests: 0 Failed: 0)
Non-zero exit status: 9
Parse errors: No plan found in TAP output
t\send-with-receipt.t (Wstat: 2304 (exited 9) Tests: 0 Failed: 0)
Non-zero exit status: 9
Parse errors: No plan found in TAP output
t\sending-frames.t (Wstat: 2304 (exited 9) Tests: 0 Failed: 0)
Non-zero exit status: 9
Parse errors: No plan found in TAP output
Files=13, Tests=6, 8 wallclock secs ( 0.11 usr + 0.11 sys = 0.22 CPU)
Result: FAIL
Failed 12/13 test programs. 1/6 subtests failed.
------------------------------
PREREQUISITES
------------------------------
Prerequisite modules loaded:
requires:
Module Need Have
---------------------- -------- --------
Class::Accessor::Fast 0 0.51
IO::Select 0 1.17
IO::Socket::INET 0 1.31
Log::Any 1.707 1.715
build_requires:
Module Need Have
---------------------- -------- --------
Log::Any::Adapter::TAP 0.003003 0.003003
Test::Deep 0 1.128
Test::Fatal 0 0.017
Test::More 0 1.302198
Test::NiceDump v1.0.0 1.0.1
configure_requires:
Module Need Have
---------------------- -------- --------
Module::Build 0.42 0.4234
------------------------------
ENVIRONMENT AND OTHER CONTEXT
------------------------------
Environment variables:
COMSPEC = C:\windows\system32\cmd.exe
NONINTERACTIVE_TESTING = 1
NUMBER_OF_PROCESSORS = 4
PATH = C:\home\flower\perl5\bin;C:\windows\system32;C:\windows;C:\windows\System32\Wbem;C:\windows\System32\WindowsPowerShell\v1.0\;C:\Strawberry\c\bin;C:\Strawberry\perl\site\bin;C:\Strawberry\perl\bin;C:\cmake-3.27.7\bin
PERL5LIB = C:\home\flower\perl5\lib\perl5
PERL5OPT =
PERL5_CPANPLUS_IS_RUNNING = 6396
PERL5_CPAN_IS_RUNNING = 6396
PERL_LOCAL_LIB_ROOT = C:\home\flower\perl5
PERL_MB_OPT = --install_base "C:\\home\\flower\\perl5"
PERL_MM_OPT = INSTALL_BASE=C:\\home\\flower\\perl5
PERL_MM_USE_DEFAULT = 1
PROCESSOR_IDENTIFIER = x86 Family 6 Model 37 Stepping 5, GenuineIntel
TEMP = C:\Users\user\AppData\Local\Temp
TERM = dumb
Perl special variables (and OS-specific diagnostics, for MSWin32):
$^X = C:\Strawberry\perl\bin\perl.exe
$UID/$EUID = 0 / 0
$GID = 0
$EGID = 0
Win32::GetOSName = Win7
Win32::GetOSVersion = Service Pack 1, 6, 1, 7601, 2, 1, 0, 256, 1
Win32::FsType = NTFS
Win32::IsAdminUser = 0
Perl module toolchain versions installed:
Module Have
------------------- --------
CPAN 2.16
CPAN::Meta 2.150010
Cwd 3.62
ExtUtils::CBuilder 0.280236
ExtUtils::Command 7.70
ExtUtils::Install 2.22
ExtUtils::MakeMaker 7.70
ExtUtils::Manifest 1.75
ExtUtils::ParseXS 3.51
File::Spec 3.62
JSON 4.10
JSON::PP 4.17_01
Module::Build 0.4234
Module::Signature 0.88
Parse::CPAN::Meta 2.150010
Test::Harness 3.47
Test::More 1.302198
YAML 1.31
YAML::Syck 1.29
version 0.9930
--
Summary of my perl5 (revision 5 version 8 subversion 9) configuration:
Platform:
osname=MSWin32, osvers=5.1, archname=MSWin32-x86-multi-thread
uname='Win32 strawberryperl 5.8.9.5 #1 Wed Apr 28 11:51:06 2010 i386'
config_args='undef'
hint=recommended, useposix=true, d_sigaction=undef
usethreads=define use5005threads=undef useithreads=define usemultiplicity=define
useperlio=define d_sfio=undef uselargefiles=define usesocks=undef
use64bitint=undef use64bitall=undef uselongdouble=undef
usemymalloc=n, bincompat5005=undef
Compiler:
cc='gcc', ccflags =' -s -O2 -DWIN32 -DHAVE_DES_FCRYPT -DUSE_SITECUSTOMIZE -DPERL_IMPLICIT_CONTEXT -DPERL_IMPLICIT_SYS -fno-strict-aliasing -DPERL_MSVCRT_READFIX',
optimize='-s -O2',
cppflags='-DWIN32'
ccversion='', gccversion='3.4.5', gccosandvers=''
intsize=4, longsize=4, ptrsize=4, doublesize=8, byteorder=1234
d_longlong=undef, longlongsize=8, d_longdbl=define, longdblsize=12
ivtype='long', ivsize=4, nvtype='double', nvsize=8, Off_t='long long', lseeksize=8
alignbytes=8, prototype=define
Linker and Libraries:
ld='g++', ldflags ='-s -L"C:\strawberry\perl\lib\CORE" -L"C:\strawberry\c\lib"'
libpth=C:\strawberry\c\lib
libs= -lmsvcrt -lmoldname -lkernel32 -luser32 -lgdi32 -lwinspool -lcomdlg32 -ladvapi32 -lshell32 -lole32 -loleaut32 -lnetapi32 -luuid -lws2_32 -lmpr -lwinmm -lversion -lodbc32 -lodbccp32
perllibs= -lmsvcrt -lmoldname -lkernel32 -luser32 -lgdi32 -lwinspool -lcomdlg32 -ladvapi32 -lshell32 -lole32 -loleaut32 -lnetapi32 -luuid -lws2_32 -lmpr -lwinmm -lversion -lodbc32 -lodbccp32
libc=-lmsvcrt, so=dll, useshrplib=true, libperl=libperl58.a
gnulibc_version=''
Dynamic Linking:
dlsrc=dl_win32.xs, dlext=dll, d_dlsymun=undef, ccdlflags=' '
cccdlflags=' ', lddlflags='-mdll -s -L"C:\strawberry\perl\lib\CORE" -L"C:\strawberry\c\lib"'
Characteristics of this binary (from libperl):
Compile-time options: MULTIPLICITY PERL_IMPLICIT_CONTEXT PERL_IMPLICIT_SYS
PERL_MALLOC_WRAP PL_OP_SLAB_ALLOC USE_FAST_STDIO
USE_ITHREADS USE_LARGE_FILES USE_PERLIO
USE_SITECUSTOMIZE
Built under MSWin32
Compiled at Apr 28 2010 11:57:55
%ENV:
PERL5LIB="C:\home\flower\perl5\lib\perl5"
PERL5_CPANPLUS_IS_RUNNING="6396"
PERL5_CPAN_IS_RUNNING="6396"
PERL_LOCAL_LIB_ROOT="C:\home\flower\perl5"
PERL_MB_OPT="--install_base "C:\\home\\flower\\perl5""
PERL_MM_OPT="INSTALL_BASE=C:\\home\\flower\\perl5"
PERL_MM_USE_DEFAULT="1"
@INC:
C:\home\flower\perl5\lib\perl5/5.8.9/MSWin32-x86-multi-thread
C:\home\flower\perl5\lib\perl5/5.8.9
C:\home\flower\perl5\lib\perl5/MSWin32-x86-multi-thread
C:\home\flower\perl5\lib\perl5
C:/Strawberry/perl/lib
C:/Strawberry/perl/site/lib
C:\strawberry\perl\vendor\lib
.