App-perlimports v0.000057 Perl 5 v5.22.1 amd64-freebsd
- Status
- Fail
- From
- Slaven Rezić
- Dist
-
App-perlimports v0.000057
- Platform
- Perl 5 v5.22.1 amd64-freebsd
- Date
- 2025-05-01 05:28:02
- ID
- 0d1a4542-264d-11f0-a811-c4096e8775ea
This distribution has been tested as part of the CPAN Testers
project, supporting the Perl programming language. See
http://wiki.cpantesters.org/ for more information or email
questions to cpan-testers-discuss@perl.org
--
Dear Olaf Alders,
This is a computer-generated report for App-perlimports-0.000057
on perl 5.22.1, created by CPAN-Reporter-1.2019.
Thank you for uploading your work to CPAN. However, there was a problem
testing your distribution.
If you think this report is invalid, please consult the CPAN Testers Wiki
for suggestions on how to avoid getting FAIL reports for missing library
or binary dependencies, unsupported operating systems, and so on:
http://wiki.cpantesters.org/wiki/CPANAuthorNotes
Sections of this report:
* Tester comments
* Program output
* Prerequisites
* Environment and other context
------------------------------
TESTER COMMENTS
------------------------------
Additional comments from tester:
none provided
------------------------------
PROGRAM OUTPUT
------------------------------
Output from '/usr/bin/make test':
PERL_DL_NONLAZY=1 "/usr/perl5.22.1p/bin/perl" "-MExtUtils::Command::MM" "-MTest::Harness" "-e" "undef *Test::Harness::Switches; test_harness(0, 'blib/lib', 'blib/arch')" t/*.t t/ExportInspector/*.t t/cpan-modules/*.t
#
# Versions for all modules listed in MYMETA.json (including optional ones):
#
# === Configure Requires ===
#
# Module Want Have
# ------------------- ------- --------
# ExtUtils::MakeMaker any 7.74
# perl v5.10.0 5.022001
#
# === Build Requires ===
#
# Module Want Have
# ------------------- ---- ----
# ExtUtils::MakeMaker any 7.74
#
# === Test Requires ===
#
# Module Want Have
# ---------------------- ------- --------
# ExtUtils::MakeMaker any 7.74
# File::Spec any 3.75
# File::pushd any 1.014
# Log::Dispatch::Array any 1.003
# PPI::Dumper any 1.281
# Sub::Exporter any 0.988
# Test::Differences any 0.68
# Test::Fatal any 0.017
# Test::More any 1.302210
# Test::Needs any 0.002010
# Test::RequiresInternet any 0.05
# Test::Script 1.29 1.29
# Test::Warnings any 0.036
# lib any 0.63
# perl v5.18.0 5.022001
#
# === Test Recommends ===
#
# Module Want Have
# ---------- -------- --------
# CPAN::Meta 2.120900 2.150010
#
# === Runtime Requires ===
#
# Module Want Have
# ---------------------------- -------- --------
# Capture::Tiny any 0.50
# Class::Inspector 1.36 1.36
# Cpanel::JSON::XS any 4.39
# Data::Dumper any 2.183
# Data::UUID any 1.226
# File::Basename any 2.85
# File::XDG 1.01 1.01
# Getopt::Long::Descriptive any 0.106
# List::Util any 1.69
# Log::Dispatch 2.70 2.71
# Memoize any 1.14
# Module::Runtime any 0.018
# Moo any 2.005005
# Moo::Role any 2.005005
# MooX::StrictConstructor any 0.013
# PPI 1.276 1.281
# PPI::Document any 1.281
# PPIx::Utils::Classification any 0.003
# Path::Iterator::Rule any 1.015
# Path::Tiny any 0.148
# Perl::Tidy 20220613 20250311
# Pod::Usage any 2.05
# Ref::Util any 0.204
# Scalar::Util any 1.69
# Sereal::Decoder any 4.025
# Sereal::Encoder any 4.025
# Sub::HandlesVia any 0.050001
# Symbol::Get 0.10 0.10
# TOML::Tiny 0.16 0.18
# Text::Diff any 1.45
# Text::SimpleTable::AutoWidth any 0.09
# Try::Tiny any 0.32
# Types::Standard any 2.006000
# feature any 1.40
# perl 5.018000 5.022001
# strict any 1.09
# utf8 any 1.17
# warnings any 1.34
#
t/00-report-prereqs.t ............ ok
t/after.t ........................ ok
t/annotations.t .................. ok
t/args-in-import.t ............... ok
t/builtin.t ...................... ok
t/carp.t ......................... ok
t/cast-in-regex.t ................ ok
t/cast.t ......................... ok
t/cli-args.t ..................... ok
t/cli.t .......................... ok
t/config-in-import.t ............. ok
t/Config.t ....................... ok
t/cpan-modules/pithub.t .......... ok
t/cpan-modules/test2-v0.t ........ ok
t/datetime.t ..................... ok
t/do-block.t ..................... ok
t/Document.t ..................... ok
t/dump-perl-exports.t ............ ok
t/dupes.t ........................ ok
t/english.t ...................... ok
t/explodes.t ..................... ok
t/export-tags.t .................. ok
t/exported-variables.t ........... ok
t/ExportInspector/load.t ......... ok
t/ExportInspector/SubExporter.t .. ok
t/find-bin.t ..................... ok
t/fully-qualified.t .............. ok
t/func-in-use.t .................. ok
t/func-in-var.t .................. ok
t/geo-ip.t ....................... ok
t/hash-in-regex.t ................ ok
t/hash-key-expression.t .......... ok
t/hash-key.t ..................... ok
t/hash-unquoted-key.t ............ ok
t/heredoc.t ...................... ok
t/ignored-modules.t .............. ok
t/import-error.t ................. ok
t/interpolation.t ................ ok
t/is-ignored.t ................... ok
t/locally-defined-sub.t .......... ok
t/lookalike-words.t .............. ok
t/memoize.t ...................... skipped: Need MooseX::Types::UUID
t/meta.t ......................... ok
t/method.t ....................... ok
t/missing-semicolon-in-import.t .. ok
t/module-with-inner-packages.t ... ok
t/moo.t .......................... ok
t/moose-types.t .................. ok
t/moose.t ........................ ok
t/moosex-types-moose.t ........... ok
t/nested-quotes.t ................ ok
t/never-exports.t ................ ok
t/original-imports.t ............. ok
t/padding.t ...................... ok
t/perl-imports.t ................. ok
t/perl.t ......................... ok
t/perlimports.t .................. ok
Undefined subroutine &main::done_testing called at t/pragma.t line 41.
# Tests were run but no plan was declared and done_testing() was not seen.
# Looks like your test exited with 255 just after 4.
t/pragma.t .......................
Dubious, test returned 255 (wstat 65280, 0xff00)
All 4 subtests passed
t/preserve-some-padding.t ........ ok
t/preserve-spaces.t .............. ok
t/qualified-bareword.t ........... ok
t/quoted-var.t ................... ok
t/re-export-via-sub-exporter.t ... ok
t/regex-replacement.t ............ skipped: Need IP::Random 1.200230 (have 1.008)
t/require.t ...................... ok
t/respace-include.t .............. ok
t/Sandbox.t ...................... ok
t/script-with-inner-packages.t ... ok
t/signatures.t ................... ok
t/skip-all.t ..................... skipped: Test is broken
t/socket.t ....................... ok
t/sort-imports.t ................. ok
t/switches-in-import.t ........... ok
t/symbol-as-method-call.t ........ ok
t/symbol-in-export.t ............. ok
t/test-builder.t ................. ok
t/test-most.t .................... ok
t/tie.t .......................... ok
t/typeglob.t ..................... ok
t/unnest-quotes.t ................ ok
t/use-and-require.t .............. ok
t/var-in-hash-key.t .............. ok
t/var-in-regex.t ................. ok
t/variable.t ..................... ok
t/warning.t ...................... ok
t/with-version.t ................. ok
Test Summary Report
-------------------
t/pragma.t (Wstat: 65280 (exited 255) Tests: 4 Failed: 0)
Non-zero exit status: 255
Parse errors: No plan found in TAP output
Files=86, Tests=213, 51 wallclock secs ( 0.16 usr 0.29 sys + 25.06 cusr 23.33 csys = 48.84 CPU)
Result: FAIL
Failed 1/86 test programs. 0/213 subtests failed.
*** Error code 255
Stop.
make: stopped in /home/cpansand/.cpan/build/2025043015/App-perlimports-0.000057-11
------------------------------
PREREQUISITES
------------------------------
Prerequisite modules loaded:
requires:
Module Need Have
---------------------------- -------- --------
Capture::Tiny 0 0.50
Class::Inspector 1.36 1.36
Cpanel::JSON::XS 0 4.39
Data::Dumper 0 2.183
Data::UUID 0 1.226
feature 0 1.40
File::Basename 0 2.85
File::XDG 1.01 1.01
Getopt::Long::Descriptive 0 0.106
List::Util 0 1.69
Log::Dispatch 2.70 2.71
Memoize 0 1.14
Module::Runtime 0 0.018
Moo 0 2.005005
Moo::Role 0 2.005005
MooX::StrictConstructor 0 0.013
Path::Iterator::Rule 0 1.015
Path::Tiny 0 0.148
perl 5.018000 5.022001
Perl::Tidy 20220613 20250311
Pod::Usage 0 2.05
PPI 1.276 1.281
PPI::Document 0 1.281
PPIx::Utils::Classification 0 0.003
Ref::Util 0 0.204
Scalar::Util 0 1.69
Sereal::Decoder 0 4.025
Sereal::Encoder 0 4.025
strict 0 1.09
Sub::HandlesVia 0 0.050001
Symbol::Get 0.10 0.10
Text::Diff 0 1.45
Text::SimpleTable::AutoWidth 0 0.09
TOML::Tiny 0.16 0.18
Try::Tiny 0 0.32
Types::Standard 0 2.006000
utf8 0 1.17
warnings 0 1.34
build_requires:
Module Need Have
---------------------------- -------- --------
ExtUtils::MakeMaker 0 7.74
File::pushd 0 1.014
File::Spec 0 3.75
lib 0 0.63
Log::Dispatch::Array 0 1.003
PPI::Dumper 0 1.281
Sub::Exporter 0 0.988
Test::Differences 0 0.68
Test::Fatal 0 0.017
Test::More 0 1.302210
Test::Needs 0 0.002010
Test::RequiresInternet 0 0.05
Test::Script 1.29 1.29
Test::Warnings 0 0.036
configure_requires:
Module Need Have
---------------------------- -------- --------
ExtUtils::MakeMaker 0 7.74
perl v5.10.0 5.022001
------------------------------
ENVIRONMENT AND OTHER CONTEXT
------------------------------
Environment variables:
LC_ALL = de_DE.ISO8859-1
PATH = /usr/local/bin:/usr/bin:/bin:/usr/local/sbin:/usr/sbin:/sbin:/home/cpansand/bin/freebsd10.3:/home/cpansand/bin/sh:/home/cpansand/bin:/usr/games:/home/cpansand/devel:/home/eserte/src/srezic-misc/scripts
PERL5LIB =
PERL5OPT =
PERL5_CPANPLUS_IS_RUNNING = 35559
PERL5_CPAN_IS_RUNNING = 35559
PERL5_CPAN_IS_RUNNING_IN_RECURSION = 32073,35559
PERLDOC = -MPod::Perldoc::ToTextOverstrike
PERL_BATCH = yes
PERL_CANARY_STABILITY_NOPROMPT = 1
PERL_CPAN_REPORTER_CONFIG = /var/tmp/cpansmoker-1023/2025043015/cpanreporter_000_config.ini
PERL_EXTUTILS_AUTOINSTALL = --defaultdeps
PERL_USE_UNSAFE_INC = 1
SHELL = /usr/local/bin/zsh
TERM = screen
TMPDIR = /var/tmp/cpansmoker-1023/2025043015
Perl special variables (and OS-specific diagnostics, for MSWin32):
$^X = /usr/perl5.22.1p/bin/perl
$UID/$EUID = 1023 / 1023
$GID = 1023 1023
$EGID = 1023 1023
Perl module toolchain versions installed:
Module Have
------------------- --------
CPAN 2.37
CPAN::Meta 2.150010
Cwd 3.75
ExtUtils::CBuilder 0.280236
ExtUtils::Command 7.74
ExtUtils::Install 2.20
ExtUtils::MakeMaker 7.74
ExtUtils::Manifest 1.75
ExtUtils::ParseXS 3.51
File::Spec 3.75
JSON 4.10
JSON::PP 4.16
Module::Build 0.4234
Module::Signature 0.89
Parse::CPAN::Meta 2.150010
Test2 1.302210
Test::Harness 3.50
Test::More 1.302210
YAML 1.30
YAML::Syck 1.34
version 0.9933
--
Summary of my perl5 (revision 5 version 22 subversion 1) configuration:
Platform:
osname=freebsd, osvers=10.1-release, archname=amd64-freebsd
uname='freebsd cvrsnica-freebsd-101.herceg.de 10.1-release freebsd 10.1-release #0 r274401: tue nov 11 21:02:49 utc 2014 root@releng1.nyi.freebsd.org:usrobjusrsrcsysgeneric amd64 '
config_args='-ds -e -Dprefix=/usr/perl5.22.1p -Dcf_email=srezic@cpan.org'
hint=recommended, useposix=true, d_sigaction=define
useithreads=undef, usemultiplicity=undef
use64bitint=define, use64bitall=define, uselongdouble=undef
usemymalloc=n, bincompat5005=undef
Compiler:
cc='cc', ccflags ='-DHAS_FPSETMASK -DHAS_FLOATINGPOINT_H -fno-strict-aliasing -pipe -fstack-protector -I/usr/local/include -D_FORTIFY_SOURCE=2',
optimize='-O',
cppflags='-DHAS_FPSETMASK -DHAS_FLOATINGPOINT_H -fno-strict-aliasing -pipe -fstack-protector -I/usr/local/include'
ccversion='', gccversion='4.2.1 Compatible FreeBSD Clang 3.4.1 (tags/RELEASE_34/dot1-final 208032)', gccosandvers=''
intsize=4, longsize=8, ptrsize=8, doublesize=8, byteorder=12345678, doublekind=3
d_longlong=define, longlongsize=8, d_longdbl=define, longdblsize=16, longdblkind=3
ivtype='long', ivsize=8, nvtype='double', nvsize=8, Off_t='off_t', lseeksize=8
alignbytes=8, prototype=define
Linker and Libraries:
ld='cc', ldflags ='-pthread -Wl,-E -fstack-protector -L/usr/local/lib'
libpth=/usr/lib /usr/local/lib /usr/include/clang/3.4.1 /usr/lib
libs=-lpthread -lgdbm -lm -lcrypt -lutil -lc
perllibs=-lpthread -lm -lcrypt -lutil -lc
libc=, so=so, useshrplib=false, libperl=libperl.a
gnulibc_version=''
Dynamic Linking:
dlsrc=dl_dlopen.xs, dlext=so, d_dlsymun=undef, ccdlflags=' '
cccdlflags='-DPIC -fPIC', lddlflags='-shared -L/usr/local/lib -fstack-protector'
Characteristics of this binary (from libperl):
Compile-time options: HAS_TIMES PERLIO_LAYERS PERL_DONT_CREATE_GVSV
PERL_HASH_FUNC_ONE_AT_A_TIME_HARD PERL_MALLOC_WRAP
PERL_NEW_COPY_ON_WRITE PERL_PRESERVE_IVUV
USE_64_BIT_ALL USE_64_BIT_INT USE_LARGE_FILES
USE_LOCALE USE_LOCALE_COLLATE USE_LOCALE_CTYPE
USE_LOCALE_NUMERIC USE_LOCALE_TIME USE_PERLIO
USE_PERL_ATOF
Built under freebsd
Compiled at Dec 15 2015 07:47:22
%ENV:
PERL5LIB=""
PERL5OPT=""
PERL5_CPANPLUS_IS_RUNNING="35559"
PERL5_CPAN_IS_RUNNING="35559"
PERL5_CPAN_IS_RUNNING_IN_RECURSION="32073,35559"
PERLDOC="-MPod::Perldoc::ToTextOverstrike"
PERL_BATCH="yes"
PERL_CANARY_STABILITY_NOPROMPT="1"
PERL_CPAN_REPORTER_CONFIG="/var/tmp/cpansmoker-1023/2025043015/cpanreporter_000_config.ini"
PERL_EXTUTILS_AUTOINSTALL="--defaultdeps"
PERL_USE_UNSAFE_INC="1"
@INC:
/usr/perl5.22.1p/lib/site_perl/5.22.1/amd64-freebsd
/usr/perl5.22.1p/lib/site_perl/5.22.1
/usr/perl5.22.1p/lib/5.22.1/amd64-freebsd
/usr/perl5.22.1p/lib/5.22.1
.