Dist-Zilla-PluginBundle-GitLab v1.0002 Perl 5 v5.10.0 x86_64-linux

Status
Fail
From
Andreas J. König (ANDK)
Dist
Dist-Zilla-PluginBundle-GitLab v1.0002
Platform
Perl 5 v5.10.0 x86_64-linux
Date
2022-11-13 17:03:09
ID
0ce755c6-6375-11ed-adbd-404f78cb5e2f
This distribution has been tested as part of the CPAN Testers
project, supporting the Perl programming language.  See
http://wiki.cpantesters.org/ for more information or email
questions to cpan-testers-discuss@perl.org


--
Dear D Ruth Holloway,

This is a computer-generated report for Dist-Zilla-PluginBundle-GitLab-1.0002
on perl 5.10.0, created by CPAN-Reporter-1.2018.

Thank you for uploading your work to CPAN.  However, there was a problem
testing your distribution.

If you think this report is invalid, please consult the CPAN Testers Wiki
for suggestions on how to avoid getting FAIL reports for missing library
or binary dependencies, unsupported operating systems, and so on:

http://wiki.cpantesters.org/wiki/CPANAuthorNotes

Sections of this report:

    * Tester comments
    * Program output
    * Prerequisites
    * Environment and other context

------------------------------
TESTER COMMENTS
------------------------------

Additional comments from tester:

this report is from an automated smoke testing program
and was not reviewed by a human for accuracy

------------------------------
PROGRAM OUTPUT
------------------------------

Output from '/usr/bin/make test':

PERL_DL_NONLAZY=1 "/home/sand/src/perl/repoperls/installed-perls/host/k93msid/perl-5.10.0/da1c/bin/perl" "-MExtUtils::Command::MM" "-MTest::Harness" "-e" "undef *Test::Harness::Switches; test_harness(0, 'blib/lib', 'blib/arch')" t/*.t t/tests/dist/zilla/app/command/*.t t/tests/dist/zilla/plugin/gitlab/*.t t/tests/dist/zilla/pluginbundle/*.t

#   Failed test 'Dist/Zilla/App/Command/gl.pm loaded ok'
#   at t/00-compile.t line 48.
#          got: '2304'
#     expected: '0'
syntax error at /tmp/loop_over_bdir-3267309-GYkDEa/Dist-Zilla-PluginBundle-GitLab-1.0002-0/blib/lib/Dist/Zilla/App/Command/gl.pm line 1, near "package Dist::Zilla::App::Command::gl 1.0002"
Compilation failed in require at -e line 1.

#   Failed test 'Dist/Zilla/Plugin/GitLab.pm loaded ok'
#   at t/00-compile.t line 48.
#          got: '2304'
#     expected: '0'
syntax error at /tmp/loop_over_bdir-3267309-GYkDEa/Dist-Zilla-PluginBundle-GitLab-1.0002-0/blib/lib/Dist/Zilla/Plugin/GitLab.pm line 1, near "package Dist::Zilla::Plugin::GitLab 1.0002"
Compilation failed in require at -e line 1.

#   Failed test 'Dist/Zilla/Plugin/GitLab/Create.pm loaded ok'
#   at t/00-compile.t line 48.
#          got: '2304'
#     expected: '0'
syntax error at /tmp/loop_over_bdir-3267309-GYkDEa/Dist-Zilla-PluginBundle-GitLab-1.0002-0/blib/lib/Dist/Zilla/Plugin/GitLab/Create.pm line 1, near "package Dist::Zilla::Plugin::GitLab::Create 1.0002"
Compilation failed in require at -e line 1.

#   Failed test 'Dist/Zilla/Plugin/GitLab/Meta.pm loaded ok'
#   at t/00-compile.t line 48.
#          got: '2304'
#     expected: '0'
syntax error at /tmp/loop_over_bdir-3267309-GYkDEa/Dist-Zilla-PluginBundle-GitLab-1.0002-0/blib/lib/Dist/Zilla/Plugin/GitLab/Meta.pm line 1, near "package Dist::Zilla::Plugin::GitLab::Meta 1.0002"
Compilation failed in require at -e line 1.

#   Failed test 'Dist/Zilla/Plugin/GitLab/Update.pm loaded ok'
#   at t/00-compile.t line 48.
#          got: '2304'
#     expected: '0'
syntax error at /tmp/loop_over_bdir-3267309-GYkDEa/Dist-Zilla-PluginBundle-GitLab-1.0002-0/blib/lib/Dist/Zilla/Plugin/GitLab/Update.pm line 1, near "package Dist::Zilla::Plugin::GitLab::Update 1.0002"
Compilation failed in require at -e line 1.

#   Failed test 'Dist/Zilla/PluginBundle/GitLab.pm loaded ok'
#   at t/00-compile.t line 48.
#          got: '2304'
#     expected: '0'
syntax error at /tmp/loop_over_bdir-3267309-GYkDEa/Dist-Zilla-PluginBundle-GitLab-1.0002-0/blib/lib/Dist/Zilla/PluginBundle/GitLab.pm line 1, near "package Dist::Zilla::PluginBundle::GitLab 1.0002"
Compilation failed in require at -e line 1.
# Looks like you failed 6 tests of 6.
t/00-compile.t ............................. 
Dubious, test returned 6 (wstat 1536, 0x600)
Failed 6/6 subtests 
# 
# Versions for all modules listed in MYMETA.json (including optional ones):
# 
# === Configure Requires ===
# 
#     Module              Want Have
#     ------------------- ---- ----
#     ExtUtils::MakeMaker  any 7.64
# 
# === Build Requires ===
# 
#     Module              Want Have
#     ------------------- ---- ----
#     ExtUtils::MakeMaker  any 7.64
# 
# === Test Requires ===
# 
#     Module                Want     Have
#     --------------------- ---- --------
#     ExtUtils::MakeMaker    any     7.64
#     File::Spec             any     3.75
#     FindBin                any     1.49
#     IO::Handle             any     1.48
#     IPC::Open3             any     1.02
#     Path::Tiny             any    0.139
#     Test2::Tools::Compare  any 0.000145
#     Test2::Tools::Explain  any     0.02
#     Test2::Tools::JSON     any     0.05
#     Test2::V0              any 0.000145
#     Test::DZil             any    5.046
#     Test::More             any 1.302190
#     lib                    any   0.5565
#     strict                 any     1.04
#     warnings               any     1.06
# 
# === Test Recommends ===
# 
#     Module         Want     Have
#     ---------- -------- --------
#     CPAN::Meta 2.120900 2.150010
# 
# === Runtime Requires ===
# 
#     Module                                Want       Have
#     ------------------------------------- ---- ----------
#     Carp                                   any       1.50
#     Class::Load                            any       0.25
#     Cwd                                    any       3.75
#     Data::Dumper                           any      2.183
#     Dist::Zilla::App                       any      5.046
#     Dist::Zilla::Dist::Minter              any      5.046
#     Dist::Zilla::Role::AfterMint           any      5.046
#     Dist::Zilla::Role::AfterRelease        any      5.046
#     Dist::Zilla::Role::MetaProvider        any      5.046
#     Dist::Zilla::Role::PluginBundle::Easy  any      5.046
#     Dist::Zilla::Role::TextTemplate        any      5.046
#     File::Basename                         any       2.76
#     Git::Wrapper                           any      0.048
#     HTTP::Tiny                             any      0.080
#     JSON::MaybeXS                          any   1.004003
#     List::Util                             any       1.63
#     Modern::Perl                           any 1.20220515
#     Moose                                  any     2.2012
#     Try::Tiny                              any       0.30
#     URL::Encode                            any       0.03
# 
t/00-report-prereqs.t ...................... ok
t/tests/dist/zilla/app/command/gl.t ........ skipped: Tests for dzil gl commands not yet written.
t/tests/dist/zilla/plugin/gitlab/create.t .. skipped: Tests not yet written.
t/tests/dist/zilla/plugin/gitlab/meta.t .... skipped: Tests not yet written.
syntax error at /tmp/loop_over_bdir-3267309-GYkDEa/Dist-Zilla-PluginBundle-GitLab-1.0002-0/blib/lib/Dist/Zilla/Plugin/GitLab.pm line 1, near "package Dist::Zilla::Plugin::GitLab 1.0002"
Compilation failed in require at t/tests/dist/zilla/plugin/gitlab/update.t line 11.
BEGIN failed--compilation aborted at t/tests/dist/zilla/plugin/gitlab/update.t line 11.
t/tests/dist/zilla/plugin/gitlab/update.t .. 
Dubious, test returned 9 (wstat 2304, 0x900)
No subtests run 
t/tests/dist/zilla/pluginbundle/gitlab.t ... skipped: Tests not yet written.

Test Summary Report
-------------------
t/00-compile.t                           (Wstat: 1536 (exited 6) Tests: 6 Failed: 6)
  Failed tests:  1-6
  Non-zero exit status: 6
t/tests/dist/zilla/plugin/gitlab/update.t (Wstat: 2304 (exited 9) Tests: 0 Failed: 0)
  Non-zero exit status: 9
  Parse errors: No plan found in TAP output
Files=7, Tests=7,  3 wallclock secs ( 0.02 usr  0.07 sys +  1.68 cusr  1.33 csys =  3.10 CPU)
Result: FAIL
Failed 2/7 test programs. 6/7 subtests failed.
make: *** [Makefile:938: test_dynamic] Error 255

------------------------------
PREREQUISITES
------------------------------

Prerequisite modules loaded:

requires:

    Module                                Need  Have      
    ------------------------------------- ----- ----------
    Carp                                  0     1.50      
    Class::Load                           0     0.25      
    Cwd                                   0     3.75      
    Data::Dumper                          0     2.183     
    Dist::Zilla::App                      0     5.046     
    Dist::Zilla::Dist::Minter             0     5.046     
    Dist::Zilla::Role::AfterMint          0     5.046     
    Dist::Zilla::Role::AfterRelease       0     5.046     
    Dist::Zilla::Role::MetaProvider       0     5.046     
    Dist::Zilla::Role::PluginBundle::Easy 0     5.046     
    Dist::Zilla::Role::TextTemplate       0     5.046     
    File::Basename                        0     2.76      
    Git::Wrapper                          0     0.048     
    HTTP::Tiny                            0     0.080     
    JSON::MaybeXS                         0     1.004003  
    List::Util                            0     1.63      
    Modern::Perl                          0     1.20220515
    Moose                                 0     2.2012    
    perl                                  5.008 5.010000  
    Try::Tiny                             0     0.30      
    URL::Encode                           0     0.03      

build_requires:

    Module                                Need  Have      
    ------------------------------------- ----- ----------
    ExtUtils::MakeMaker                   0     7.64      
    File::Spec                            0     3.75      
    FindBin                               0     1.49      
    IO::Handle                            0     1.48      
    IPC::Open3                            0     1.02      
    lib                                   0     0.5565    
    Path::Tiny                            0     0.139     
    strict                                0     1.04      
    Test2::Tools::Compare                 0     0.000145  
    Test2::Tools::Explain                 0     0.02      
    Test2::Tools::JSON                    0     0.05      
    Test2::V0                             0     0.000145  
    Test::DZil                            0     5.046     
    Test::More                            0     1.302190  
    warnings                              0     1.06      

configure_requires:

    Module                                Need  Have      
    ------------------------------------- ----- ----------
    ExtUtils::MakeMaker                   0     7.64      


------------------------------
ENVIRONMENT AND OTHER CONTEXT
------------------------------

Environment variables:

    AUTOMATED_TESTING = 1
    LANG = en_US.UTF-8
    LANGUAGE = en_US:en
    PATH = /home/sand/bin:/usr/local/bin:/usr/bin:/bin:/usr/games:/usr/local/perl/bin:/usr/X11/bin:/sbin:/usr/sbin
    PERL5LIB = 
    PERL5OPT = 
    PERL5_CPANPLUS_IS_RUNNING = 579965
    PERL5_CPAN_IS_RUNNING = 579965
    PERL_CANARY_STABILITY_NOPROMPT = 1
    PERL_MM_USE_DEFAULT = 1
    PERL_USE_UNSAFE_INC = 1
    SHELL = /usr/bin/zsh
    TERM = screen

Perl special variables (and OS-specific diagnostics, for MSWin32):

    $^X = /home/sand/src/perl/repoperls/installed-perls/host/k93msid/perl-5.10.0/da1c/bin/perl
    $UID/$EUID = 1005 / 1005
    $GID = 1005 1005
    $EGID = 1005 1005

Perl module toolchain versions installed:

    Module              Have    
    ------------------- --------
    CPAN                2.34    
    CPAN::Meta          2.150010
    Cwd                 3.75    
    ExtUtils::CBuilder  0.280231
    ExtUtils::Command   7.64    
    ExtUtils::Install   2.06    
    ExtUtils::MakeMaker 7.64    
    ExtUtils::Manifest  1.70    
    ExtUtils::ParseXS   3.35    
    File::Spec          3.75    
    JSON                4.09    
    JSON::PP            4.12    
    Module::Build       0.4229  
    Module::Signature   0.83    
    Parse::CPAN::Meta   2.150010
    Test::Harness       3.43_06 
    Test::More          1.302190
    YAML                1.29    
    YAML::Syck          1.31    
    version             0.9924  


--

Summary of my perl5 (revision 5 version 10 subversion 0) configuration:
  Platform:
    osname=linux, osvers=5.3.0-2-amd64, archname=x86_64-linux
    uname='linux k93msid 5.3.0-2-amd64 #1 smp debian 5.3.9-3 (2019-11-19) x86_64 gnulinux '
    config_args='-Dprefix=/home/sand/src/perl/repoperls/installed-perls/host/k93msid/perl-5.10.0/da1c -Dmyhostname=k93msid -Dinstallusrbinperl=n -Uversiononly -Dusedevel -des -Ui_db -Dlibswanted=cl pthread socket inet nsl gdbm dbm malloc dl ld sun m crypt sec util c cposix posix ucb BSD gdbm_compat -Uuseithreads -Uuselongdouble -DEBUGGING=-g'
    hint=recommended, useposix=true, d_sigaction=define
    useithreads=undef, usemultiplicity=undef
    useperlio=define, d_sfio=undef, uselargefiles=define, usesocks=undef
    use64bitint=define, use64bitall=define, uselongdouble=undef
    usemymalloc=n, bincompat5005=undef
  Compiler:
    cc='cc', ccflags ='-fwrapv -fno-strict-aliasing -pipe -I/usr/local/include -D_LARGEFILE_SOURCE -D_FILE_OFFSET_BITS=64',
    optimize='-O2 -g',
    cppflags='-fwrapv -fno-strict-aliasing -pipe -I/usr/local/include'
    ccversion='', gccversion='9.2.1 20191109', gccosandvers=''
    intsize=4, longsize=8, ptrsize=8, doublesize=8, byteorder=12345678
    d_longlong=define, longlongsize=8, d_longdbl=define, longdblsize=16
    ivtype='long', ivsize=8, nvtype='double', nvsize=8, Off_t='off_t', lseeksize=8
    alignbytes=8, prototype=define
  Linker and Libraries:
    ld='cc', ldflags =' -L/usr/local/lib'
    libpth=/usr/local/lib /lib/x86_64-linux-gnu /lib/../lib /usr/lib/x86_64-linux-gnu /usr/lib/../lib /lib /usr/lib
    libs=-lpthread -lnsl -ldl -lm -lcrypt -lutil -lc
    perllibs=-lpthread -lnsl -ldl -lm -lcrypt -lutil -lc
    libc=libc-2.29.so, so=so, useshrplib=false, libperl=libperl.a
    gnulibc_version='2.29'
  Dynamic Linking:
    dlsrc=dl_dlopen.xs, dlext=so, d_dlsymun=undef, ccdlflags='-Wl,-E'
    cccdlflags='-fPIC', lddlflags='-shared -O2 -g -L/usr/local/lib'


Characteristics of this binary (from libperl): 
  Compile-time options: PERL_DONT_CREATE_GVSV PERL_MALLOC_WRAP USE_64_BIT_ALL
                        USE_64_BIT_INT USE_LARGE_FILES USE_PERLIO
  Built under linux
  Compiled at Nov 28 2019 05:57:17
  %ENV:
    PERL5LIB=""
    PERL5OPT=""
    PERL5_CPANPLUS_IS_RUNNING="579965"
    PERL5_CPAN_IS_RUNNING="579965"
    PERL_CANARY_STABILITY_NOPROMPT="1"
    PERL_MM_USE_DEFAULT="1"
    PERL_USE_UNSAFE_INC="1"
  @INC:
    /home/sand/src/perl/repoperls/installed-perls/host/k93msid/perl-5.10.0/da1c/lib/5.10.0/x86_64-linux
    /home/sand/src/perl/repoperls/installed-perls/host/k93msid/perl-5.10.0/da1c/lib/5.10.0
    /home/sand/src/perl/repoperls/installed-perls/host/k93msid/perl-5.10.0/da1c/lib/site_perl/5.10.0/x86_64-linux
    /home/sand/src/perl/repoperls/installed-perls/host/k93msid/perl-5.10.0/da1c/lib/site_perl/5.10.0
    .