FFI-Platypus v1.10 Perl 5 v5.30.1 MSWin32-x64-multi-thread

Status
Fail
From
gregor herrmann
Dist
FFI-Platypus v1.10
Platform
Perl 5 v5.30.1 MSWin32-x64-multi-thread
Date
2020-02-24 14:42:18
ID
0abfa7c8-782b-1014-8029-47876f0602dd
This distribution has been tested as part of the CPAN Testers
project, supporting the Perl programming language.  See
http://wiki.cpantesters.org/ for more information or email
questions to cpan-testers-discuss@perl.org


--
Dear Graham Ollis,

This is a computer-generated report for FFI-Platypus-1.10
on perl 5.30.1, created by CPAN-Reporter-1.2018.

Thank you for uploading your work to CPAN.  However, there was a problem
testing your distribution.

If you think this report is invalid, please consult the CPAN Testers Wiki
for suggestions on how to avoid getting FAIL reports for missing library
or binary dependencies, unsupported operating systems, and so on:

http://wiki.cpantesters.org/wiki/CPANAuthorNotes

Sections of this report:

    * Tester comments
    * Program output
    * Prerequisites
    * Environment and other context

------------------------------
TESTER COMMENTS
------------------------------

Additional comments from tester:

none provided

------------------------------
PROGRAM OUTPUT
------------------------------

Output from 'C:\strawberry\c\bin\gmake.EXE test':

"C:\Strawberry\perl\bin\perl.exe" -MExtUtils::Command::MM -e cp_nonempty -- lib/FFI/Platypus.bs blib\arch\auto\FFI\Platypus\Platypus.bs 644
CC t/ffi/align.c
CC t/ffi/align_array.c
CC t/ffi/align_fixed.c
CC t/ffi/align_string.c
CC t/ffi/basic.c
CC t/ffi/closure.c
CC t/ffi/color.c
CC t/ffi/complex_double.c
CC t/ffi/complex_float.c
CC t/ffi/double.c
CC t/ffi/float.c
CC t/ffi/gh117.c
CC t/ffi/gh174.c
CC t/ffi/longdouble.c
CC t/ffi/memcmp4.c
CC t/ffi/meta.c
CC t/ffi/pointer.c
CC t/ffi/record.c
CC t/ffi/sint16.c
CC t/ffi/sint32.c
CC t/ffi/sint64.c
CC t/ffi/sint8.c
CC t/ffi/string.c
CC t/ffi/string_array.c
CC t/ffi/uint16.c
CC t/ffi/uint32.c
CC t/ffi/uint64.c
CC t/ffi/uint8.c
CC t/ffi/variadic.c
LD t/ffi/test.dll
"C:\Strawberry\perl\bin\perl.exe" "-MExtUtils::Command::MM" "-MTest::Harness" "-e" "undef *Test::Harness::Switches; test_harness(0, 'blib\lib', 'blib\arch')" t/*.t
# 
# 
# 
# HARNESS_ACTIVE=1
# HARNESS_VERSION=3.42
# PERL5LIB=C:\cpan\build\FFI-Platypus-1.10-0\blib\lib;C:\cpan\build\FFI-Platypus-1.10-0\blib\arch
# PERL5_CPANPLUS_IS_RUNNING=8712
# PERL5_CPAN_IS_RUNNING=8712
# PERL_USE_UNSAFE_INC=1
# 
# 
# 
# PERL5LIB path
# C:\cpan\build\FFI-Platypus-1.10-0\blib\lib
# C:\cpan\build\FFI-Platypus-1.10-0\blib\arch
# 
# 
# 
# perl                5.030001
# Alien::Base         2.08
# Capture::Tiny       0.48
# Devel::Hide         0.0013
# ExtUtils::CBuilder  0.280234
# ExtUtils::MakeMaker 7.44
# ExtUtils::ParseXS   3.40
# FFI::CheckLib       0.26
# IPC::Cmd            1.04
# JSON::PP            4.04
# List::Util          1.53
# Math::LongDouble    -
# PkgConfig           0.23026
# Test::More          1.302171
# constant            1.33
# forks               -
# 
# 
# 
t/00_diag.t .............................. 
Dubious, test returned 29 (wstat 7424, 0x1d00)
All 1 subtests passed 
t/01_use.t ............................... 
Dubious, test returned 29 (wstat 7424, 0x1d00)
All 13 subtests passed 
t/ffi_build.t ............................ 
Dubious, test returned 29 (wstat 7424, 0x1d00)
All 2 subtests passed 
t/ffi_build_file_base.t .................. ok
t/ffi_build_file_c.t ..................... ok
t/ffi_build_file_cxx.t ................... ok
t/ffi_build_file_library.t ............... ok
t/ffi_build_file_object.t ................ ok
t/ffi_build_mm.t ......................... 
Dubious, test returned 29 (wstat 7424, 0x1d00)
All 1 subtests passed 
t/ffi_build_platform.t ................... ok

    #   Failed test 'has a default ABI'
    #   at t/ffi_platypus.t line 52.
    # Looks like you failed 1 test of 2.

#   Failed test 'abi'
#   at t/ffi_platypus.t line 71.
t/ffi_platypus.t ......................... 
Dubious, test returned 29 (wstat 7424, 0x1d00)
Failed 1/2 subtests 
t/ffi_platypus_api.t ..................... 
Dubious, test returned 29 (wstat 7424, 0x1d00)
No subtests run 
t/ffi_platypus_buffer.t .................. ok
t/ffi_platypus_bundle.t .................. 
Dubious, test returned 29 (wstat 7424, 0x1d00)
No subtests run 
t/ffi_platypus_closure.t ................. 
Dubious, test returned 29 (wstat 7424, 0x1d00)
All 3 subtests passed 
t/ffi_platypus_constant.t ................ 
Dubious, test returned 29 (wstat 7424, 0x1d00)
No subtests run 
t/ffi_platypus_declare.t ................. 
Dubious, test returned 29 (wstat 7424, 0x1d00)
No subtests run 
t/ffi_platypus_dl.t ...................... ok
t/ffi_platypus_function.t ................ 
Dubious, test returned 29 (wstat 7424, 0x1d00)
No subtests run 
t/ffi_platypus_function_wrapper.t ........ 
Dubious, test returned 29 (wstat 7424, 0x1d00)
No subtests run 
t/ffi_platypus_internal.t ................ ok
t/ffi_platypus_lang.t .................... 
Dubious, test returned 29 (wstat 7424, 0x1d00)
No subtests run 
t/ffi_platypus_lang_asm.t ................ ok
t/ffi_platypus_lang_c.t .................. ok
t/ffi_platypus_lang_win32.t .............. ok
t/ffi_platypus_legacy.t .................. ok
t/ffi_platypus_memory.t .................. 
Dubious, test returned 29 (wstat 7424, 0x1d00)
No subtests run 
t/ffi_platypus_record.t .................. 
Dubious, test returned 29 (wstat 7424, 0x1d00)
No subtests run 
t/ffi_platypus_record_meta.t ............. 
Dubious, test returned 29 (wstat 7424, 0x1d00)
No subtests run 
t/ffi_platypus_record_tiearray.t ......... 
Dubious, test returned 29 (wstat 7424, 0x1d00)
No subtests run 
t/ffi_platypus_shareconfig.t ............. ok
t/ffi_platypus_type.t .................... 
Dubious, test returned 29 (wstat 7424, 0x1d00)
All 2 subtests passed 
t/ffi_platypus_type_pointersizebuffer.t .. 
Dubious, test returned 29 (wstat 7424, 0x1d00)
No subtests run 
t/ffi_platypus_type_stringarray.t ........ 
Dubious, test returned 29 (wstat 7424, 0x1d00)
No subtests run 
t/ffi_platypus_type_stringpointer.t ...... 
Dubious, test returned 29 (wstat 7424, 0x1d00)
No subtests run 
t/ffi_platypus_typeparser.t .............. ok
t/ffi_platypus_typeparser_version0.t ..... 
Dubious, test returned 29 (wstat 7424, 0x1d00)
All 1 subtests passed 
t/ffi_platypus_typeparser_version1.t ..... 
Dubious, test returned 29 (wstat 7424, 0x1d00)
All 4 subtests passed 
t/ffi_probe.t ............................ ok
t/ffi_probe_runner.t ..................... ok
t/ffi_probe_runner_builder.t ............. ok
t/ffi_probe_runner_result.t .............. ok
t/ffi_temp.t ............................. ok
t/forks.t ................................ skipped: Test requires forks
t/gh117.t ................................ 
Dubious, test returned 29 (wstat 7424, 0x1d00)
No subtests run 
t/gh129.t ................................ 
Dubious, test returned 29 (wstat 7424, 0x1d00)
No subtests run 
t/memory.t ............................... skipped: tested only in CI
t/threads.t .............................. 
Dubious, test returned 29 (wstat 7424, 0x1d00)
No subtests run 
t/type_complex_double.t .................. skipped: Test requires support for double complex
t/type_complex_float.t ................... skipped: Test requires support for float complex
t/type_custom.t .......................... ok
t/type_double.t .......................... 
Dubious, test returned 29 (wstat 7424, 0x1d00)
No subtests run 
t/type_float.t ........................... 
Dubious, test returned 29 (wstat 7424, 0x1d00)
No subtests run 
t/type_longdouble.t ...................... skipped: test requires support for long double
t/type_longdouble__array.t ............... skipped: test requires support for long double
t/type_longdouble__hide.t ................ skipped: test requires support for long double
t/type_longdouble__ptr.t ................. skipped: test requires support for long double
t/type_opaque.t .......................... 
Dubious, test returned 29 (wstat 7424, 0x1d00)
No subtests run 
t/type_record.t .......................... 
Dubious, test returned 29 (wstat 7424, 0x1d00)
No subtests run 
t/type_record_value.t .................... 
Dubious, test returned 29 (wstat 7424, 0x1d00)
No subtests run 
t/type_sint16.t .......................... 
Dubious, test returned 29 (wstat 7424, 0x1d00)
No subtests run 
t/type_sint32.t .......................... 
Dubious, test returned 29 (wstat 7424, 0x1d00)
No subtests run 
t/type_sint64.t .......................... 
Dubious, test returned 29 (wstat 7424, 0x1d00)
No subtests run 
t/type_sint8.t ........................... 
Dubious, test returned 29 (wstat 7424, 0x1d00)
No subtests run 
t/type_string.t .......................... 
Dubious, test returned 29 (wstat 7424, 0x1d00)
No subtests run 
t/type_uint16.t .......................... 
Dubious, test returned 29 (wstat 7424, 0x1d00)
No subtests run 
t/type_uint32.t .......................... 
Dubious, test returned 29 (wstat 7424, 0x1d00)
No subtests run 
t/type_uint64.t .......................... 
Dubious, test returned 29 (wstat 7424, 0x1d00)
No subtests run 
t/type_uint8.t ........................... 
Dubious, test returned 29 (wstat 7424, 0x1d00)
No subtests run 

Test Summary Report
-------------------
t/00_diag.t                            (Wstat: 7424 Tests: 1 Failed: 0)
  Non-zero exit status: 29
t/01_use.t                             (Wstat: 7424 Tests: 13 Failed: 0)
  Non-zero exit status: 29
  Parse errors: No plan found in TAP output
t/ffi_build.t                          (Wstat: 7424 Tests: 2 Failed: 0)
  Non-zero exit status: 29
  Parse errors: No plan found in TAP output
t/ffi_build_mm.t                       (Wstat: 7424 Tests: 1 Failed: 0)
  Non-zero exit status: 29
  Parse errors: No plan found in TAP output
t/ffi_platypus.t                       (Wstat: 7424 Tests: 2 Failed: 1)
  Failed test:  2
  Non-zero exit status: 29
  Parse errors: No plan found in TAP output
t/ffi_platypus_api.t                   (Wstat: 7424 Tests: 0 Failed: 0)
  Non-zero exit status: 29
  Parse errors: No plan found in TAP output
t/ffi_platypus_bundle.t                (Wstat: 7424 Tests: 0 Failed: 0)
  Non-zero exit status: 29
  Parse errors: No plan found in TAP output
t/ffi_platypus_closure.t               (Wstat: 7424 Tests: 3 Failed: 0)
  Non-zero exit status: 29
  Parse errors: No plan found in TAP output
t/ffi_platypus_constant.t              (Wstat: 7424 Tests: 0 Failed: 0)
  Non-zero exit status: 29
  Parse errors: No plan found in TAP output
t/ffi_platypus_declare.t               (Wstat: 7424 Tests: 0 Failed: 0)
  Non-zero exit status: 29
  Parse errors: No plan found in TAP output
t/ffi_platypus_function.t              (Wstat: 7424 Tests: 0 Failed: 0)
  Non-zero exit status: 29
  Parse errors: No plan found in TAP output
t/ffi_platypus_function_wrapper.t      (Wstat: 7424 Tests: 0 Failed: 0)
  Non-zero exit status: 29
  Parse errors: No plan found in TAP output
t/ffi_platypus_lang.t                  (Wstat: 7424 Tests: 0 Failed: 0)
  Non-zero exit status: 29
  Parse errors: No plan found in TAP output
t/ffi_platypus_memory.t                (Wstat: 7424 Tests: 0 Failed: 0)
  Non-zero exit status: 29
  Parse errors: No plan found in TAP output
t/ffi_platypus_record.t                (Wstat: 7424 Tests: 0 Failed: 0)
  Non-zero exit status: 29
  Parse errors: No plan found in TAP output
t/ffi_platypus_record_meta.t           (Wstat: 7424 Tests: 0 Failed: 0)
  Non-zero exit status: 29
  Parse errors: No plan found in TAP output
t/ffi_platypus_record_tiearray.t       (Wstat: 7424 Tests: 0 Failed: 0)
  Non-zero exit status: 29
  Parse errors: No plan found in TAP output
t/ffi_platypus_type.t                  (Wstat: 7424 Tests: 2 Failed: 0)
  Non-zero exit status: 29
  Parse errors: No plan found in TAP output
t/ffi_platypus_type_pointersizebuffer.t (Wstat: 7424 Tests: 0 Failed: 0)
  Non-zero exit status: 29
  Parse errors: No plan found in TAP output
t/ffi_platypus_type_stringarray.t      (Wstat: 7424 Tests: 0 Failed: 0)
  Non-zero exit status: 29
  Parse errors: No plan found in TAP output
t/ffi_platypus_type_stringpointer.t    (Wstat: 7424 Tests: 0 Failed: 0)
  Non-zero exit status: 29
  Parse errors: No plan found in TAP output
t/ffi_platypus_typeparser_version0.t   (Wstat: 7424 Tests: 1 Failed: 0)
  Non-zero exit status: 29
  Parse errors: No plan found in TAP output
t/ffi_platypus_typeparser_version1.t   (Wstat: 7424 Tests: 4 Failed: 0)
  Non-zero exit status: 29
  Parse errors: No plan found in TAP output
t/gh117.t                              (Wstat: 7424 Tests: 0 Failed: 0)
  Non-zero exit status: 29
  Parse errors: No plan found in TAP output
t/gh129.t                              (Wstat: 7424 Tests: 0 Failed: 0)
  Non-zero exit status: 29
  Parse errors: No plan found in TAP output
t/threads.t                            (Wstat: 7424 Tests: 0 Failed: 0)
  Non-zero exit status: 29
  Parse errors: No plan found in TAP output
t/type_double.t                        (Wstat: 7424 Tests: 0 Failed: 0)
  Non-zero exit status: 29
  Parse errors: No plan found in TAP output
t/type_float.t                         (Wstat: 7424 Tests: 0 Failed: 0)
  Non-zero exit status: 29
  Parse errors: No plan found in TAP output
t/type_opaque.t                        (Wstat: 7424 Tests: 0 Failed: 0)
  Non-zero exit status: 29
  Parse errors: No plan found in TAP output
t/type_record.t                        (Wstat: 7424 Tests: 0 Failed: 0)
  Non-zero exit status: 29
  Parse errors: No plan found in TAP output
t/type_record_value.t                  (Wstat: 7424 Tests: 0 Failed: 0)
  Non-zero exit status: 29
  Parse errors: No plan found in TAP output
t/type_sint16.t                        (Wstat: 7424 Tests: 0 Failed: 0)
  Non-zero exit status: 29
  Parse errors: No plan found in TAP output
t/type_sint32.t                        (Wstat: 7424 Tests: 0 Failed: 0)
  Non-zero exit status: 29
  Parse errors: No plan found in TAP output
t/type_sint64.t                        (Wstat: 7424 Tests: 0 Failed: 0)
  Non-zero exit status: 29
  Parse errors: No plan found in TAP output
t/type_sint8.t                         (Wstat: 7424 Tests: 0 Failed: 0)
  Non-zero exit status: 29
  Parse errors: No plan found in TAP output
t/type_string.t                        (Wstat: 7424 Tests: 0 Failed: 0)
  Non-zero exit status: 29
  Parse errors: No plan found in TAP output
t/type_uint16.t                        (Wstat: 7424 Tests: 0 Failed: 0)
  Non-zero exit status: 29
  Parse errors: No plan found in TAP output
t/type_uint32.t                        (Wstat: 7424 Tests: 0 Failed: 0)
  Non-zero exit status: 29
  Parse errors: No plan found in TAP output
t/type_uint64.t                        (Wstat: 7424 Tests: 0 Failed: 0)
  Non-zero exit status: 29
  Parse errors: No plan found in TAP output
t/type_uint8.t                         (Wstat: 7424 Tests: 0 Failed: 0)
  Non-zero exit status: 29
  Parse errors: No plan found in TAP output
Files=69, Tests=74, 146 wallclock secs ( 0.34 usr +  0.23 sys =  0.58 CPU)
Result: FAIL
Failed 40/69 test programs. 1/74 subtests failed.
gmake.EXE: *** [Makefile:1137: test_dynamic] Error 29

------------------------------
PREREQUISITES
------------------------------

Prerequisite modules loaded:

requires:

    Module              Need     Have    
    ------------------- -------- --------
    Capture::Tiny       0        0.48    
    constant            1.32     1.33    
    ExtUtils::MakeMaker 7.12     7.44    
    FFI::CheckLib       0.05     0.26    
    IPC::Cmd            0        1.04    
    JSON::PP            0        4.04    
    List::Util          1.45     1.53    
    perl                5.008001 5.030001

build_requires:

    Module              Need     Have    
    ------------------- -------- --------
    Capture::Tiny       0        0.48    
    ExtUtils::CBuilder  0        0.280234
    Test::More          0.98     1.302171

configure_requires:

    Module              Need     Have    
    ------------------- -------- --------
    Capture::Tiny       0        0.48    
    ExtUtils::MakeMaker 7.12     7.44    
    ExtUtils::ParseXS   3.30     3.40    
    IPC::Cmd            0        1.04    
    perl                5.006    5.030001


------------------------------
ENVIRONMENT AND OTHER CONTEXT
------------------------------

Environment variables:

    COMSPEC = C:\WINDOWS\system32\cmd.exe
    NUMBER_OF_PROCESSORS = 4
    PATH = C:\Program Files (x86)\Common Files\Oracle\Java\javapath;C:\ProgramData\Oracle\Java\javapath;C:\Program Files (x86)\ActiveState Komodo Edit\;C:\Windows\System32;C:\Windows;C:\Windows\System32\wbem;C:\Windows\System32\WindowsPowerShell\v1.0\;C:\Program Files (x86)\Common Files\GTK\2.0\bin;C:\Program Files (x86)\GNU\GnuPG;C:\Program Files (x86)\ATI Technologies\ATI.ACE\Core-Static;C:\Program Files\Calibre2\;C:\Program Files (x86)\Skype\Phone\;C:\Windows\System32\OpenSSH\;C:\Program Files\TortoiseSVN\bin;C:\Program Files\Git\cmd;C:\WINDOWS\system32;C:\WINDOWS;C:\WINDOWS\System32\Wbem;C:\WINDOWS\System32\WindowsPowerShell\v1.0\;C:\WINDOWS\System32\OpenSSH\;C:\Program Files\Pandoc\;C:\Program Files\MiKTeX\miktex\bin\x64\;C:\Program Files\wkhtmltopdf\bin\;C:\Program Files\TortoiseGit\bin;C:\Strawberry\c\bin;C:\Strawberry\perl\site\bin;C:\Strawberry\perl\bin;C:\Program Files (x86)\Gpg4win\..\GnuPG\bin;C:\Program Files (x86)\PDFtk\bin\;C:\Users\gregor\AppData\Local\Microsoft\WindowsApps;
    PERL5LIB = 
    PERL5OPT = 
    PERL5_CPANPLUS_IS_RUNNING = 8712
    PERL5_CPAN_IS_RUNNING = 8712
    PERL_USE_UNSAFE_INC = 1
    PROCESSOR_IDENTIFIER = AMD64 Family 18 Model 1 Stepping 0, AuthenticAMD
    TEMP = C:\Users\gregor\AppData\Local\Temp
    TMPDIR = C:\Users\gregor\AppData\Local\Temp

Perl special variables (and OS-specific diagnostics, for MSWin32):

    $^X = C:\Strawberry\perl\bin\perl.exe
    $UID/$EUID = 0 / 0
    $GID = 0
    $EGID = 0
    Win32::GetOSName = Win10
    Win32::GetOSVersion = , 10, 0, 18362, 2, 0, 0, 256, 1
    Win32::FsType = NTFS
    Win32::IsAdminUser = 0

Perl module toolchain versions installed:

    Module              Have    
    ------------------- --------
    CPAN                2.27    
    CPAN::Meta          2.150010
    Cwd                 3.78    
    ExtUtils::CBuilder  0.280234
    ExtUtils::Command   7.44    
    ExtUtils::Install   2.14    
    ExtUtils::MakeMaker 7.44    
    ExtUtils::Manifest  1.72    
    ExtUtils::ParseXS   3.40    
    File::Spec          3.78    
    JSON                4.02    
    JSON::PP            4.04    
    Module::Build       0.4229  
    Module::Signature   0.83    
    Parse::CPAN::Meta   2.150010
    Test::Harness       3.42    
    Test::More          1.302171
    YAML                1.30    
    YAML::Syck          n/a     
    version             0.9924  


--

Summary of my perl5 (revision 5 version 30 subversion 1) configuration:
   
  Platform:
    osname=MSWin32
    osvers=10.0.18363.476
    archname=MSWin32-x64-multi-thread
    uname='Win32 strawberry-perl 5.30.1.1 #1 Fri Nov 22 02:24:29 2019 x64'
    config_args='undef'
    hint=recommended
    useposix=true
    d_sigaction=undef
    useithreads=define
    usemultiplicity=define
    use64bitint=define
    use64bitall=undef
    uselongdouble=undef
    usemymalloc=n
    default_inc_excludes_dot=define
    bincompat5005=undef
  Compiler:
    cc='gcc'
    ccflags =' -s -O2 -DWIN32 -DWIN64 -DCONSERVATIVE -D__USE_MINGW_ANSI_STDIO -DPERL_TEXTMODE_SCRIPTS -DPERL_IMPLICIT_CONTEXT -DPERL_IMPLICIT_SYS -DUSE_PERLIO -fwrapv -fno-strict-aliasing -mms-bitfields'
    optimize='-s -O2'
    cppflags='-DWIN32'
    ccversion=''
    gccversion='8.3.0'
    gccosandvers=''
    intsize=4
    longsize=4
    ptrsize=8
    doublesize=8
    byteorder=12345678
    doublekind=3
    d_longlong=define
    longlongsize=8
    d_longdbl=define
    longdblsize=16
    longdblkind=3
    ivtype='long long'
    ivsize=8
    nvtype='double'
    nvsize=8
    Off_t='long long'
    lseeksize=8
    alignbytes=8
    prototype=define
  Linker and Libraries:
    ld='g++'
    ldflags ='-s -L"C:\STRAWB~1\perl\lib\CORE" -L"C:\STRAWB~1\c\lib"'
    libpth=C:\STRAWB~1\c\lib C:\STRAWB~1\c\x86_64-w64-mingw32\lib C:\STRAWB~1\c\lib\gcc\x86_64-w64-mingw32\8.3.0
    libs= -lmoldname -lkernel32 -luser32 -lgdi32 -lwinspool -lcomdlg32 -ladvapi32 -lshell32 -lole32 -loleaut32 -lnetapi32 -luuid -lws2_32 -lmpr -lwinmm -lversion -lodbc32 -lodbccp32 -lcomctl32
    perllibs= -lmoldname -lkernel32 -luser32 -lgdi32 -lwinspool -lcomdlg32 -ladvapi32 -lshell32 -lole32 -loleaut32 -lnetapi32 -luuid -lws2_32 -lmpr -lwinmm -lversion -lodbc32 -lodbccp32 -lcomctl32
    libc=
    so=dll
    useshrplib=true
    libperl=libperl530.a
    gnulibc_version=''
  Dynamic Linking:
    dlsrc=dl_win32.xs
    dlext=xs.dll
    d_dlsymun=undef
    ccdlflags=' '
    cccdlflags=' '
    lddlflags='-mdll -s -L"C:\STRAWB~1\perl\lib\CORE" -L"C:\STRAWB~1\c\lib"'


Characteristics of this binary (from libperl): 
  Compile-time options:
    HAS_TIMES
    HAVE_INTERP_INTERN
    MULTIPLICITY
    PERLIO_LAYERS
    PERL_COPY_ON_WRITE
    PERL_DONT_CREATE_GVSV
    PERL_IMPLICIT_CONTEXT
    PERL_IMPLICIT_SYS
    PERL_MALLOC_WRAP
    PERL_OP_PARENT
    PERL_PRESERVE_IVUV
    USE_64_BIT_INT
    USE_ITHREADS
    USE_LARGE_FILES
    USE_LOCALE
    USE_LOCALE_COLLATE
    USE_LOCALE_CTYPE
    USE_LOCALE_NUMERIC
    USE_LOCALE_TIME
    USE_PERLIO
    USE_PERL_ATOF
  Built under MSWin32
  Compiled at Nov 22 2019 02:30:43
  %ENV:
    PERL5_CPANPLUS_IS_RUNNING="8712"
    PERL5_CPAN_IS_RUNNING="8712"
    PERL_USE_UNSAFE_INC="1"
  @INC:
    C:/Strawberry/perl/site/lib
    C:/Strawberry/perl/vendor/lib
    C:/Strawberry/perl/lib
    .