CryptX v0.085_002 Perl 5 v5.32.0 i686-linux-64int-quadmath

Status
Fail
From
David Cantrell (DCANTRELL)
Dist
CryptX v0.085_002
Platform
Perl 5 v5.32.0 i686-linux-64int-quadmath
Date
2025-04-29 16:07:17
ID
058f16c0-2514-11f0-8542-ff8535981d52
This distribution has been tested as part of the CPAN Testers
project, supporting the Perl programming language.  See
http://wiki.cpantesters.org/ for more information or email
questions to cpan-testers-discuss@perl.org


--
Dear Karel Miko,

This is a computer-generated report for CryptX-0.085_002
on perl 5.32.0, created by CPAN-Reporter-1.2018.

Thank you for uploading your work to CPAN.  However, there was a problem
testing your distribution.

If you think this report is invalid, please consult the CPAN Testers Wiki
for suggestions on how to avoid getting FAIL reports for missing library
or binary dependencies, unsupported operating systems, and so on:

http://wiki.cpantesters.org/wiki/CPANAuthorNotes

Sections of this report:

    * Tester comments
    * Program output
    * Prerequisites
    * Environment and other context

------------------------------
TESTER COMMENTS
------------------------------

Additional comments from tester:

this report is from an automated smoke testing program
and was not reviewed by a human for accuracy

------------------------------
PROGRAM OUTPUT
------------------------------

Output from '/usr/bin/make test':

"/home/david/cpantesting/perl-5.32.0-quadmath-int64/bin/perl" -MExtUtils::Command::MM -e 'cp_nonempty' -- CryptX.bs blib/arch/auto/CryptX/CryptX.bs 644
PERL_DL_NONLAZY=1 "/home/david/cpantesting/perl-5.32.0-quadmath-int64/bin/perl" "-MExtUtils::Command::MM" "-MTest::Harness" "-e" "undef *Test::Harness::Switches; test_harness(0, 'blib/lib', 'blib/arch')" t/*.t
# Testing CryptX 0.085_002, Perl 5.032000 linux /home/david/cpantesting/perl-5.32.0-quadmath-int64/bin/perl
# osname       = linux
# osvers       = 5.10.0-11-686-pae
# archname     = i686-linux-64int-quadmath
# uname        = uname
# myarchname   = i686-linux
# myuname      = linux cpantesting-linux-32bit-utm 5.10.0-11-686-pae #1 smp debian 5.10.92-1 (2022-01-18) i686 gnulinux 
# gccversion   = 10.2.1 20210110
# ccversion    = 
# cc           = cc
# intsize      = 4
# longsize     = 4
# longlongsize = 8
# ptrsize      = 4
# byteorder    = 12345678
# 
# LibTomCrypt 1.18.2-develop (www.libtom.net)
# LibTomCrypt is public domain software.
# 
# 
# Endianness: little (32-bit words)
# Clean stack: disabled
# 
# Ciphers built-in:
#    Blowfish
#    RC2
#    RC5
#    RC6
#    Safer+
#    Safer
#    Rijndael
#    XTEA
#    Twofish (tables)
#    DES
#    DES-X
#    3DES
#    SM4
#    CAST5
#    Noekeon
#    Skipjack
#    Khazad
#    Anubis  (tweaked)
#    KSEED
#    KASUMI
#    MULTI2
#    Camellia
#    IDEA
#    Serpent
#    TEA
# Stream ciphers built-in:
#    ChaCha
#    Salsa20
#    XSalsa20
#    Sosemanuk
#    Rabbit
#    RC4
#    SOBER128
# 
# Hashes built-in:
#    SHA3
#    KECCAK
#    SHA-512
#    SHA-384
#    SHA-512/256
#    SHA-256
#    SHA-512/224
#    SHA-224
#    TIGER
#    SHA1
#    MD5
#    MD4
#    MD2
#    RIPEMD128
#    RIPEMD160
#    RIPEMD256
#    RIPEMD320
#    WHIRLPOOL
#    BLAKE2S
#    BLAKE2B
#    CHC_HASH
# 
# Block Chaining Modes:
#    CFB
#    OFB
#    ECB
#    CBC
#    CTR
#    LRW (tables) 
#    F8
#    XTS
# 
# MACs:
#    HMAC
#    OMAC
#    PMAC
#    PELICAN
#    XCBC
#    F9
#    POLY1305
#    BLAKE2S MAC
#    BLAKE2B MAC
# 
# ENC + AUTH modes:
#    EAX
#    OCB
#    OCB3
#    CCM
#    GCM (tables) 
#    CHACHA20POLY1305
#    SIV
# 
# PRNG:
#    Yarrow (LTC_YARROW_AES=2)
#    SPRNG
#    RC4
#    ChaCha20
#    Fortuna (LTC_FORTUNA_POOLS=32, LTC_FORTUNA_RESEED_RATELIMIT_TIMED)
#    SOBER128
# 
# PK Crypto:
#    RSA (with blinding and CRT hardening)
#    DH
#    ECC (with blinding)
#    DSA
#    Ed25519
#    X25519
#    LTC_PK_MAX_RETRIES=20
# 
# MPI (Math):
#    LTC_MPI
#    LTM_DESC
#    LTC_MILLER_RABIN_REPS=40
# 
# Compiler:
#    GCC compiler 12.2.0.
# 
# Various others:  ARGTYPE=4  ADLER32  BASE64  BASE64-URL-SAFE  BASE32  BASE16  BCRYPT  LTC_BCRYPT_DEFAULT_ROUNDS=10  CRC32  DER  LTC_DER_MAX_RECURSION=30  PKCS#1  PKCS#5  PKCS#8  PKCS#12  PADDING  HKDF  PBES1  PBES2  PEM  LTC_PEM_DECODE_BUFSZ=80  LTC_PEM_READ_BUFSIZE=8192  SSH  OpenSSH-PEM  LTC_DEVRANDOM  LTC_TRY_URANDOM_FIRST  LTC_RNG_GET_BYTES  LTC_RNG_MAKE_PRNG  LTC_HASH_HELPERS  LTC_FILE_READ_BUFSIZE=8192  LTC_FAST  LTC_ROx_ASM  LTC_NO_TEST  LTC_ECC_SHAMIR  LTC_CLOCK_GETTIME 
# 
# MP_PROVIDER  = LibTomMath
# MP_DIGIT_BIT = 28
# 
t/001_compile.t ..................... ok
t/002_all_pm.t ...................... skipped: set AUTHOR_MODE to enable this test (developer only!)
t/003_all_pm_pod.t .................. skipped: set AUTHOR_MODE to enable this test (developer only!)
t/004_all_pm_pod_spelling.t ......... skipped: set AUTHOR_MODE to enable this test (developer only!)
t/005_all_pm_pod_coverage.t ......... skipped: set AUTHOR_MODE to enable this test (developer only!)
t/auth_enc_ccm.t .................... ok
t/auth_enc_ccm_test_vector_ltc.t .... ok
t/auth_enc_chacha20poly1305.t ....... ok
t/auth_enc_eax.t .................... ok
t/auth_enc_eax_test_vector_ltc.t .... ok
t/auth_enc_gcm.t .................... ok
t/auth_enc_gcm_test_vector_ltc.t .... ok
t/auth_enc_ocb.t .................... ok
t/auth_enc_ocb_test_vectors_ietf.t .. ok
t/checksum.t ........................ ok
t/cipher_aes.t ...................... ok
t/cipher_aes_test_vectors_bc.t ...... ok
t/cipher_anubis.t ................... ok
t/cipher_blowfish.t ................. ok
t/cipher_camellia.t ................. ok
t/cipher_cast5.t .................... ok
t/cipher_des.t ...................... ok
t/cipher_des_ede.t .................. ok
t/cipher_idea.t ..................... ok
t/cipher_idea_compat.t .............. ok
t/cipher_kasumi.t ................... ok
t/cipher_khazad.t ................... ok
t/cipher_multi2.t ................... ok
t/cipher_multi2_rounds.t ............ ok
t/cipher_noekeon.t .................. ok
t/cipher_rc2.t ...................... ok
t/cipher_rc5.t ...................... ok
t/cipher_rc6.t ...................... ok
t/cipher_safer_k128.t ............... ok
t/cipher_safer_k64.t ................ ok
t/cipher_safer_sk128.t .............. ok
t/cipher_safer_sk64.t ............... ok
t/cipher_saferp.t ................... ok
t/cipher_seed.t ..................... ok
t/cipher_seed_test_vectors_bc.t ..... ok
t/cipher_serpent.t .................. ok
t/cipher_serpent_compat.t ........... ok
t/cipher_skipjack.t ................. ok
t/cipher_stream.t ................... ok
t/cipher_stream_rabbit.t ............ ok
t/cipher_stream_salsa20.t ........... ok
t/cipher_test_vectors_ltc.t ......... ok
t/cipher_test_vectors_openssl.t ..... ok
t/cipher_twofish.t .................. ok
t/cipher_twofish_test_vectors_bc.t .. ok
t/cipher_xtea.t ..................... ok
t/cipher_xtea_test_vectors_bc.t ..... ok
t/crypt-misc.t ...................... ok
t/digest_blake2b_160.t .............. ok
t/digest_blake2b_256.t .............. ok
t/digest_blake2b_384.t .............. ok
t/digest_blake2b_512.t .............. ok
t/digest_blake2s_128.t .............. ok
t/digest_blake2s_160.t .............. ok
t/digest_blake2s_224.t .............. ok
t/digest_blake2s_256.t .............. ok
t/digest_chaes.t .................... ok
t/digest_keccak224.t ................ ok
t/digest_keccak256.t ................ ok
t/digest_keccak384.t ................ ok
t/digest_keccak512.t ................ ok
t/digest_md2.t ...................... ok
t/digest_md4.t ...................... ok
t/digest_md5.t ...................... ok
t/digest_ripemd128.t ................ ok
t/digest_ripemd160.t ................ ok
t/digest_ripemd256.t ................ ok
t/digest_ripemd320.t ................ ok
t/digest_sha1.t ..................... ok
t/digest_sha224.t ................... ok
t/digest_sha256.t ................... ok
t/digest_sha384.t ................... ok
t/digest_sha3_224.t ................. ok
t/digest_sha3_256.t ................. ok
t/digest_sha3_384.t ................. ok
t/digest_sha3_512.t ................. ok
t/digest_sha512.t ................... ok
t/digest_sha512_224.t ............... ok
t/digest_sha512_256.t ............... ok
t/digest_shake.t .................... ok
t/digest_test_vectors_ltc.t ......... ok
t/digest_tiger192.t ................. ok
t/digest_whirlpool.t ................ ok
t/jwk.t ............................. ok
t/key_derivation.t .................. ok
t/mac_blake2b.t ..................... ok
t/mac_blake2s.t ..................... ok
t/mac_f9.t .......................... ok
t/mac_hmac.t ........................ ok
t/mac_hmac_nist.t ................... ok
t/mac_hmac_test_vectors_ltc.t ....... ok
t/mac_omac.t ........................ ok
t/mac_omac_test_vectors_ltc.t ....... ok
t/mac_pelican.t ..................... ok
t/mac_pmac.t ........................ ok
t/mac_pmac_test_vectors_ltc.t ....... ok
t/mac_poly1305.t .................... ok
t/mac_xcbc.t ........................ ok
# Math::BigInt VERSION=2.003003
t/mbi_ltm_01load.t .................. ok
t/mbi_ltm_bigfltpm.t ................ ok
t/mbi_ltm_bigintg.t ................. ok
t/mbi_ltm_bigintpm.t ................ ok
t/mbi_ltm_biglog.t .................. ok
t/mbi_ltm_bigroot.t ................. ok
t/mbi_ltm_bugs.t .................... ok
# use64=1 ivsize=8 ivtype=long long use64bitint=define
t/mbi_ltm_mbi-from-big-scalar.t ..... ok
t/mbi_ltm_since_1.999837.t .......... ok
t/mbi_ltm_since_1.999842.t .......... ok

#   Failed test at t/mbi_ltm_since_2.000000.t line 46.
#          got: 'NaN'
#     expected: '0'

#   Failed test at t/mbi_ltm_since_2.000000.t line 51.
#          got: '-2.1,0'
#     expected: '-3,-0.9'

#   Failed test at t/mbi_ltm_since_2.000000.t line 56.
#          got: '2.1,0'
#     expected: '2,0.1'

#   Failed test at t/mbi_ltm_since_2.000000.t line 61.
#          got: '2.1,0'
#     expected: '2,-0.1'

#   Failed test at t/mbi_ltm_since_2.000000.t line 66.
#          got: '-2.1,0'
#     expected: '-3,0.9'
# Looks like you failed 5 tests of 5.
t/mbi_ltm_since_2.000000.t .......... 
Dubious, test returned 5 (wstat 1280, 0x500)
Failed 5/5 subtests 
t/mbi_ltm_storable.t ................ ok
t/mode_cbc.t ........................ ok
t/mode_cfb.t ........................ ok
t/mode_ctr.t ........................ ok
t/mode_ecb.t ........................ ok
t/mode_ofb.t ........................ ok
t/pk_dh.t ........................... ok
t/pk_dsa.t .......................... ok
t/pk_dsa_test_vectors_openssl.t ..... ok
t/pk_ecc.t .......................... ok
t/pk_ecc_test_vectors_openssl.t ..... ok
t/pk_ed25519.t ...................... ok
t/pk_enc_pem.t ...................... ok
t/pk_rsa.t .......................... ok
t/pk_rsa_test_vectors_openssl.t ..... ok
t/pk_x25519.t ....................... ok
t/pkcs8.t ........................... ok
t/prng.t ............................ ok
t/prng_chacha20.t ................... ok
t/prng_fortuna.t .................... ok
t/prng_rc4.t ........................ ok
t/prng_sober128.t ................... ok
t/prng_yarrow.t ..................... ok
t/sshkey.t .......................... ok

Test Summary Report
-------------------
t/mbi_ltm_since_2.000000.t        (Wstat: 1280 (exited 5) Tests: 5 Failed: 5)
  Failed tests:  1-5
  Non-zero exit status: 5
Files=138, Tests=25252, 142 wallclock secs ( 4.06 usr  0.74 sys + 40.41 cusr  3.40 csys = 48.61 CPU)
Result: FAIL
Failed 1/138 test programs. 5/25252 subtests failed.
make: *** [Makefile:1789: test_dynamic] Error 255

------------------------------
PREREQUISITES
------------------------------

Prerequisite modules loaded:

requires:

    Module              Need  Have    
    ------------------- ----- --------
    Math::BigInt        0     2.003003
    perl                5.006 5.032000

build_requires:

    Module              Need  Have    
    ------------------- ----- --------
    ExtUtils::MakeMaker 0     7.70    
    Test::More          0     1.302207

configure_requires:

    Module              Need  Have    
    ------------------- ----- --------
    ExtUtils::MakeMaker 0     7.70    


------------------------------
ENVIRONMENT AND OTHER CONTEXT
------------------------------

Environment variables:

    AUTOMATED_TESTING = 1
    LANG = en_GB.UTF-8
    LANGUAGE = en_GB:en
    LC_TERMINAL = iTerm2
    LC_TERMINAL_VERSION = 3.5.13
    NONINTERACTIVE_TESTING = 1
    PATH = /home/david/.cargo/bin:/home/david/perl5/perlbrew/bin:/home/david/perl5/perlbrew/perls/perl-5.32.0/bin:/home/david/bin:/usr/local/bin:/usr/bin:/bin:/usr/local/games:/usr/games
    PERL = 5.32.0-quadmath-int64
    PERL5LIB = 
    PERL5OPT = 
    PERL5_CPANPLUS_IS_RUNNING = 11043
    PERL5_CPAN_IS_RUNNING = 11043
    PERLBREW_HOME = /home/david/.perlbrew
    PERLBREW_MANPATH = /home/david/perl5/perlbrew/perls/perl-5.32.0/man
    PERLBREW_PATH = /home/david/perl5/perlbrew/bin:/home/david/perl5/perlbrew/perls/perl-5.32.0/bin
    PERLBREW_PERL = perl-5.32.0
    PERLBREW_ROOT = /home/david/perl5/perlbrew
    PERLBREW_SHELLRC_VERSION = 0.89
    PERLBREW_VERSION = 0.89
    PERLVER = 5.32.0-quadmath-int64
    PERL_INLINE_DIRECTORY = /home/david/.Inline-5.32.0-quadmath-int64
    PERL_MM_USE_DEFAULT = 1
    PERL_USE_UNSAFE_INC = 0
    SHELL = /bin/bash
    TERM = screen

Perl special variables (and OS-specific diagnostics, for MSWin32):

    $^X = /home/david/cpantesting/perl-5.32.0-quadmath-int64/bin/perl
    $UID/$EUID = 1000 / 1000
    $GID = 1000 24 25 27 29 30 44 46 109 1000
    $EGID = 1000 24 25 27 29 30 44 46 109 1000

Perl module toolchain versions installed:

    Module              Have    
    ------------------- --------
    CPAN                2.27    
    CPAN::Meta          2.150010
    Cwd                 3.75    
    ExtUtils::CBuilder  0.280236
    ExtUtils::Command   7.70    
    ExtUtils::Install   2.22    
    ExtUtils::MakeMaker 7.70    
    ExtUtils::Manifest  1.75    
    ExtUtils::ParseXS   3.51    
    File::Spec          3.75    
    JSON                4.10    
    JSON::PP            4.16    
    Module::Build       0.4234  
    Module::Signature   n/a     
    Parse::CPAN::Meta   2.150010
    Test::Harness       3.50    
    Test::More          1.302207
    YAML                1.31    
    YAML::Syck          n/a     
    version             0.9933  


--

Summary of my perl5 (revision 5 version 32 subversion 0) configuration:
   
  Platform:
    osname=linux
    osvers=5.10.0-11-686-pae
    archname=i686-linux-64int-quadmath
    uname='linux cpantesting-linux-32bit-utm 5.10.0-11-686-pae #1 smp debian 5.10.92-1 (2022-01-18) i686 gnulinux '
    config_args='-de -Dusequadmath -Dprefix=/home/david/cpantesting/perl-5.32.0-quadmath-int64 -Duse64bitint'
    hint=recommended
    useposix=true
    d_sigaction=define
    useithreads=undef
    usemultiplicity=undef
    use64bitint=define
    use64bitall=undef
    uselongdouble=undef
    usemymalloc=n
    default_inc_excludes_dot=define
    bincompat5005=undef
  Compiler:
    cc='cc'
    ccflags ='-fwrapv -fno-strict-aliasing -pipe -fstack-protector-strong -I/usr/local/include -D_LARGEFILE_SOURCE -D_FILE_OFFSET_BITS=64 -D_FORTIFY_SOURCE=2'
    optimize='-O2'
    cppflags='-fwrapv -fno-strict-aliasing -pipe -fstack-protector-strong -I/usr/local/include'
    ccversion=''
    gccversion='10.2.1 20210110'
    gccosandvers=''
    intsize=4
    longsize=4
    ptrsize=4
    doublesize=8
    byteorder=12345678
    doublekind=3
    d_longlong=define
    longlongsize=8
    d_longdbl=define
    longdblsize=12
    longdblkind=3
    ivtype='long long'
    ivsize=8
    nvtype='__float128'
    nvsize=16
    Off_t='off_t'
    lseeksize=8
    alignbytes=16
    prototype=define
  Linker and Libraries:
    ld='cc'
    ldflags =' -fstack-protector-strong -L/usr/local/lib'
    libpth=/usr/local/lib /usr/include/i386-linux-gnu /usr/lib /lib/i386-linux-gnu /lib/../lib /usr/lib/i386-linux-gnu /usr/lib/../lib /lib /lib64 /usr/lib64
    libs=-lpthread -lnsl -ldl -lm -lcrypt -lutil -lc -lquadmath
    perllibs=-lpthread -lnsl -ldl -lm -lcrypt -lutil -lc -lquadmath
    libc=libc-2.31.so
    so=so
    useshrplib=false
    libperl=libperl.a
    gnulibc_version='2.31'
  Dynamic Linking:
    dlsrc=dl_dlopen.xs
    dlext=so
    d_dlsymun=undef
    ccdlflags='-Wl,-E'
    cccdlflags='-fPIC'
    lddlflags='-shared -O2 -L/usr/local/lib -fstack-protector-strong'


Characteristics of this binary (from libperl): 
  Compile-time options:
    HAS_TIMES
    PERLIO_LAYERS
    PERL_COPY_ON_WRITE
    PERL_DONT_CREATE_GVSV
    PERL_MALLOC_WRAP
    PERL_OP_PARENT
    PERL_PRESERVE_IVUV
    USE_64_BIT_INT
    USE_LARGE_FILES
    USE_LOCALE
    USE_LOCALE_COLLATE
    USE_LOCALE_CTYPE
    USE_LOCALE_NUMERIC
    USE_LOCALE_TIME
    USE_PERLIO
    USE_PERL_ATOF
    USE_QUADMATH
  Built under linux
  Compiled at Feb  8 2022 13:00:37
  %ENV:
    PERL="5.32.0-quadmath-int64"
    PERL5LIB=""
    PERL5OPT=""
    PERL5_CPANPLUS_IS_RUNNING="11043"
    PERL5_CPAN_IS_RUNNING="11043"
    PERLBREW_HOME="/home/david/.perlbrew"
    PERLBREW_MANPATH="/home/david/perl5/perlbrew/perls/perl-5.32.0/man"
    PERLBREW_PATH="/home/david/perl5/perlbrew/bin:/home/david/perl5/perlbrew/perls/perl-5.32.0/bin"
    PERLBREW_PERL="perl-5.32.0"
    PERLBREW_ROOT="/home/david/perl5/perlbrew"
    PERLBREW_SHELLRC_VERSION="0.89"
    PERLBREW_VERSION="0.89"
    PERLVER="5.32.0-quadmath-int64"
    PERL_INLINE_DIRECTORY="/home/david/.Inline-5.32.0-quadmath-int64"
    PERL_MM_USE_DEFAULT="1"
    PERL_USE_UNSAFE_INC="0"
  @INC:
    /home/david/cpantesting/perl-5.32.0-quadmath-int64/lib/site_perl/5.32.0/i686-linux-64int-quadmath
    /home/david/cpantesting/perl-5.32.0-quadmath-int64/lib/site_perl/5.32.0
    /home/david/cpantesting/perl-5.32.0-quadmath-int64/lib/5.32.0/i686-linux-64int-quadmath
    /home/david/cpantesting/perl-5.32.0-quadmath-int64/lib/5.32.0