Statocles v0.045 Perl 5 v5.16.3 x86_64-linux
- Status
- Fail
- From
- NONAME
- Dist
-
Statocles v0.045
- Platform
- Perl 5 v5.16.3 x86_64-linux
- Date
- 2015-05-21 14:31:05
- ID
- 035bb4cc-ffc6-11e4-b27b-64c8c91e240f
This distribution has been tested as part of the CPAN Testers
project, supporting the Perl programming language. See
http://wiki.cpantesters.org/ for more information or email
questions to cpan-testers-discuss@perl.org
--
Dear PREACTION,
This is a computer-generated report for Statocles-0.045
on perl 5.16.3, created by App::cpanminus::reporter 0.12 (1.7027).
Thank you for uploading your work to CPAN. However, there was a problem
testing your distribution.
If you think this report is invalid, please consult the CPAN Testers Wiki
for suggestions on how to avoid getting FAIL reports for missing library
or binary dependencies, unsupported operating systems, and so on:
http://wiki.cpantesters.org/wiki/CPANAuthorNotes
Sections of this report:
* Tester comments
* Program output
* Prerequisites
* Environment and other context
------------------------------
TESTER COMMENTS
------------------------------
Additional comments from tester:
none provided
------------------------------
PROGRAM OUTPUT
------------------------------
Output from '':
Building and testing Statocles-0.045
Building Statocles
t/00-compile.t ................ ok
#
# Versions for all modules listed in MYMETA.json (including optional ones):
# Version Module
# -------- ------------------------
# 1.000 Beam::Emitter
# 1.013 Beam::Wire
# 2.120630 CPAN::Meta
# 2.127 CPAN::Meta::Requirements
# 0.28 Capture::Tiny
# 0.11 Dir::Self
# 2.44_01 Encode
# 7.04 ExtUtils::MakeMaker
# 0.38 File::Copy::Recursive
# 0.25 File::Share
# 1.102 File::ShareDir
# 0.10 File::ShareDir::Install
# 3.47 File::Spec
# 1.313 Git::Repository
# 1.33 IO::Handle
# 1.12 IPC::Open3
# 0.012 Import::Base
# 0.412 List::MoreUtils
# 0.39_01 Module::Build
# 6.01 Mojolicious
# 2.000001 Moo
# missing PPI
# 0.068 Path::Tiny
# missing Pod::Elemental
# 0.003 Pod::Usage::Return
# missing Pod::Weaver
# 2.34 Storable
# 0.115 Test::Deep
# 0.63 Test::Differences
# 0.38 Test::Exception
# 1.001014 Test::More
# 1.000031 Text::Markdown
# 1.20_01 Time::Piece
# 1.000005 Type::Tiny
# 0.005 Types::Path::Tiny
# 1.15 YAML
# 1.07 strict
# 1.13 warnings
t/00-report-prereqs.t ......... ok
Filehandle STDIN reopened as $Testout only for output at /home/mojolicious/perl5/perlbrew/perls/perl-5.16.3/lib/site_perl/5.16.3/Test/Builder.pm line 1953.
# Child (run the command) exited without calling finalize()
# Failed test 'run the command'
# at /home/mojolicious/perl5/perlbrew/perls/perl-5.16.3/lib/site_perl/5.16.3/Test/Builder.pm line 266.
# Child (default document) exited without calling finalize()
# Failed test 'default document'
# at /home/mojolicious/perl5/perlbrew/perls/perl-5.16.3/lib/site_perl/5.16.3/Test/Builder.pm line 266.
# Child (create new post) exited without calling finalize()
# Failed test 'create new post'
# at /home/mojolicious/perl5/perlbrew/perls/perl-5.16.3/lib/site_perl/5.16.3/Test/Builder.pm line 266.
Error from close(GLOB(0x119e1a0)): Bad file descriptor at /home/mojolicious/perl5/perlbrew/perls/perl-5.16.3/lib/site_perl/5.16.3/Capture/Tiny.pm line 105.
Capture::Tiny::_close('GLOB(0x119e1a0)') called at /home/mojolicious/perl5/perlbrew/perls/perl-5.16.3/lib/site_perl/5.16.3/Capture/Tiny.pm line 164
Capture::Tiny::_unproxy('stdin', 'GLOB(0x119e1a0)') called at /home/mojolicious/perl5/perlbrew/perls/perl-5.16.3/lib/site_perl/5.16.3/Capture/Tiny.pm line 382
Capture::Tiny::_capture_tee(1, 1, 0, 0, 'CODE(0x279c278)') called at t/app/blog/command.t line 77
main::__ANON__() called at /home/mojolicious/perl5/perlbrew/perls/perl-5.16.3/lib/site_perl/5.16.3/Test/Builder.pm line 261
Test::Builder::__ANON__() called at /home/mojolicious/perl5/perlbrew/perls/perl-5.16.3/lib/site_perl/5.16.3/Test/Builder.pm line 266
eval {...} called at /home/mojolicious/perl5/perlbrew/perls/perl-5.16.3/lib/site_perl/5.16.3/Test/Builder.pm line 266
Test::Builder::subtest('Test::Builder=HASH(0x1281b80)', 'run the command', 'CODE(0x279b6d8)') called at /home/mojolicious/perl5/perlbrew/perls/perl-5.16.3/lib/site_perl/5.16.3/Test/More.pm line 771
Test::More::subtest('run the command', 'CODE(0x279b6d8)') called at t/app/blog/command.t line 82
main::__ANON__() called at /home/mojolicious/perl5/perlbrew/perls/perl-5.16.3/lib/site_perl/5.16.3/Test/Builder.pm line 261
Test::Builder::__ANON__() called at /home/mojolicious/perl5/perlbrew/perls/perl-5.16.3/lib/site_perl/5.16.3/Test/Builder.pm line 266
eval {...} called at /home/mojolicious/perl5/perlbrew/perls/perl-5.16.3/lib/site_perl/5.16.3/Test/Builder.pm line 266
Test::Builder::subtest('Test::Builder=HASH(0x1281b80)', 'default document', 'CODE(0x2791ba0)') called at /home/mojolicious/perl5/perlbrew/perls/perl-5.16.3/lib/site_perl/5.16.3/Test/More.pm line 771
Test::More::subtest('default document', 'CODE(0x2791ba0)') called at t/app/blog/command.t line 103
main::__ANON__() called at /home/mojolicious/perl5/perlbrew/perls/perl-5.16.3/lib/site_perl/5.16.3/Test/Builder.pm line 261
Test::Builder::__ANON__() called at /home/mojolicious/perl5/perlbrew/perls/perl-5.16.3/lib/site_perl/5.16.3/Test/Builder.pm line 266
eval {...} called at /home/mojolicious/perl5/perlbrew/perls/perl-5.16.3/lib/site_perl/5.16.3/Test/Builder.pm line 266
Test::Builder::subtest('Test::Builder=HASH(0x1281b80)', 'create new post', 'CODE(0x2791690)') called at /home/mojolicious/perl5/perlbrew/perls/perl-5.16.3/lib/site_perl/5.16.3/Test/More.pm line 771
Test::More::subtest('create new post', 'CODE(0x2791690)') called at t/app/blog/command.t line 291
main::__ANON__() called at /home/mojolicious/perl5/perlbrew/perls/perl-5.16.3/lib/site_perl/5.16.3/Test/Builder.pm line 261
Test::Builder::__ANON__() called at /home/mojolicious/perl5/perlbrew/perls/perl-5.16.3/lib/site_perl/5.16.3/Test/Builder.pm line 266
eval {...} called at /home/mojolicious/perl5/perlbrew/perls/perl-5.16.3/lib/site_perl/5.16.3/Test/Builder.pm line 266
Test::Builder::subtest('Test::Builder=HASH(0x1281b80)', 'post', 'CODE(0x11a73d8)') called at /home/mojolicious/perl5/perlbrew/perls/perl-5.16.3/lib/site_perl/5.16.3/Test/More.pm line 771
Test::More::subtest('post', 'CODE(0x11a73d8)') called at t/app/blog/command.t line 292
# Child (post) exited without calling finalize()
# Failed test 'post'
# at /home/mojolicious/perl5/perlbrew/perls/perl-5.16.3/lib/site_perl/5.16.3/Test/Builder.pm line 279.
# Tests were run but no plan was declared and done_testing() was not seen.
# Looks like your test exited with 9 just after 3.
t/app/blog/command.t ..........
Dubious, test returned 9 (wstat 2304, 0x900)
Failed 1/3 subtests
t/app/blog/constructor.t ...... ok
# Current LC_TIME locale: C
# Could not set locale to ru_RU. Still
t/app/blog/pages.t ............ ok
t/app/blog/recent_posts.t ..... ok
t/app/perldoc/constructor.t ... ok
t/app/perldoc/pages.t ......... ok
t/app/plain.t ................. ok
t/app/plain/constructor.t ..... ok
t/app/plain/pages.t ........... ok
t/app/static/constructor.t .... ok
t/app/static/pages.t .......... ok
t/bin/statocles.t ............. ok
# Failed test 'nothing on stderr'
# at t/command/apps.t line 33.
# STDERR: Use of uninitialized value $content in split at /home/mojolicious/.cpanm/work/1432218250.15007/Statocles-0.045/blib/lib/Statocles/Store/File.pm line 111.
# Use of uninitialized value $lines[0] in pattern match (m//) at /home/mojolicious/.cpanm/work/1432218250.15007/Statocles-0.045/blib/lib/Statocles/Store/File.pm line 112.
# Filehandle STDIN reopened as $fh only for output at /tmp/kLiHNjkWd7/lib/perl5/Path/Tiny.pm line 864.
# Filehandle STDIN reopened as $fh only for output at /tmp/kLiHNjkWd7/lib/perl5/Path/Tiny.pm line 825.
# Filehandle STDIN reopened as STDOUT only for output at /home/mojolicious/perl5/perlbrew/perls/perl-5.16.3/lib/site_perl/5.16.3/Capture/Tiny.pm line 99.
# Filehandle STDIN reopened as STDERR only for output at /home/mojolicious/perl5/perlbrew/perls/perl-5.16.3/lib/site_perl/5.16.3/Capture/Tiny.pm line 99.
# Looks like you failed 1 test of 4.
# Failed test 'delegate to app command'
# at t/command/apps.t line 38.
# Looks like you failed 1 test of 2.
t/command/apps.t ..............
Dubious, test returned 1 (wstat 256, 0x100)
Failed 1/2 subtests
t/command/build_and_deploy.t .. ok
t/command/bundle.t ............ ok
# Git version: 1.009001
t/command/create.t ............ ok
t/command/daemon.t ............ ok
t/command/error.t ............. ok
t/command/help_and_version.t .. ok
t/command/mojo_app.t .......... ok
t/deploy/file.t ............... ok
# Git version: 1.009001
t/deploy/git.t ................ ok
t/link.t ...................... ok
t/page/document.t ............. ok
t/page/feed.t ................. ok
t/page/file.t ................. ok
t/page/list.t ................. ok
t/page/plain.t ................ ok
[Thu May 21 16:28:57 2015] [warn] URL broken on /blog/2014/06/02/more_tags.html: '/does_not_exist' not found
[Thu May 21 16:28:57 2015] [warn] URL broken on /blog/2014/06/02/more_tags.html: '/images/with spaces.png' not found
[Thu May 21 16:28:57 2015] [warn] URL broken on /blog/2014/06/02/more_tags.html: '/does_not_exist.jpg' not found
[Thu May 21 16:28:57 2015] [warn] URL broken on /blog/2014/06/02/more_tags.html: '/blog/2014/06/02/does_not_exist' not found
[Thu May 21 16:28:57 2015] [warn] URL broken on /blog/2014/06/02/more_tags.html: '/images/with spaces.png' not found
[Thu May 21 16:28:57 2015] [warn] URL broken on /blog/2014/06/02/more_tags.html: '/blog/2014/06/02/does_not_exist' not found
t/plugin/link_check.t ......... ok
t/site/build_and_deploy.t ..... ok
t/site/constructor.t .......... ok
t/site/data.t ................. ok
t/site/events.t ............... ok
t/site/index.t ................ ok
t/site/nav.t .................. ok
t/site/sitemap_and_robots.t ... ok
t/site/url.t .................. ok
t/site/warnings.t ............. ok
t/store/file/constructor.t .... ok
t/store/file/document.t ....... ok
t/store/file/file.t ........... ok
t/template/basic.t ............ ok
t/template/include.t .......... ok
t/theme.t ..................... ok
t/theme/check.t ............... ok
t/types.t ..................... ok
Test Summary Report
-------------------
t/app/blog/command.t (Wstat: 2304 Tests: 3 Failed: 1)
Failed test: 3
Non-zero exit status: 9
Parse errors: No plan found in TAP output
t/command/apps.t (Wstat: 256 Tests: 2 Failed: 1)
Failed test: 2
Non-zero exit status: 1
Files=48, Tests=230, 54 wallclock secs ( 0.35 usr 0.07 sys + 48.50 cusr 4.58 csys = 53.50 CPU)
Result: FAIL
------------------------------
PREREQUISITES
------------------------------
Prerequisite modules loaded:
runtime:
Module Need Have
----------------------- -------- --------
! Beam::Emitter 0.007 n/a
! Beam::Wire 1.013 n/a
Encode 0 2.44_01
! File::Copy::Recursive 0 n/a
! File::Share 0 n/a
! Git::Repository 0 n/a
! Import::Base 0.009 n/a
! List::MoreUtils 0 n/a
! Mojolicious 6.0 n/a
! Moo 2.000001 n/a
! Path::Tiny 0.060 n/a
perl 5.010 5.016003
! Pod::Usage::Return 0 n/a
strict 0 1.07
! Text::Markdown 0 n/a
Time::Piece 0 1.20_01
! Type::Tiny 0 n/a
! Types::Path::Tiny 0 n/a
warnings 0 1.13
! YAML 0 n/a
build:
Module Need Have
----------------------- -------- --------
Capture::Tiny 0 0.28
! Dir::Self 0 n/a
File::Spec 0 3.39_02
IO::Handle 0 1.33
IPC::Open3 0 1.12
Module::Build 0.3601 0.39_01
Storable 0 2.34
Test::Deep 0 0.115
! Test::Differences 0 n/a
! Test::Exception 0 n/a
Test::More 1.001005 1.001014
configure:
Module Need Have
----------------------- -------- --------
ExtUtils::MakeMaker 0 6.63_02
! File::ShareDir::Install 0.06 n/a
Module::Build 0.3601 0.39_01
------------------------------
ENVIRONMENT AND OTHER CONTEXT
------------------------------
Environment variables:
PATH = /home/mojolicious/perl5/perlbrew/bin:/home/mojolicious/perl5/perlbrew/perls/perl-5.20.1/bin:/usr/local/bin:/usr/bin:/bin:/usr/local/games:/usr/games:/home/mojolicious/mojolib/5.16.3/6.01/bin
PERLBREW_BASHRC_VERSION = 0.73
PERLBREW_HOME = /home/mojolicious/.perlbrew
PERLBREW_MANPATH = /home/mojolicious/perl5/perlbrew/perls/perl-5.20.1/man
PERLBREW_PATH = /home/mojolicious/perl5/perlbrew/bin:/home/mojolicious/perl5/perlbrew/perls/perl-5.20.1/bin
PERLBREW_PERL = perl-5.20.1
PERLBREW_ROOT = /home/mojolicious/perl5/perlbrew
PERLBREW_VERSION = 0.73
SHELL = /bin/bash
TERM = xterm
Perl special variables (and OS-specific diagnostics, for MSWin32):
EGID = 1003 1003
EUID = 1003
EXECUTABLE_NAME = /home/mojolicious/perl5/perlbrew/perls/perl-5.16.3/bin/perl
GID = 1003 1003
UID = 1003
Perl module toolchain versions installed:
Module Have
------------------- --------
CPAN 1.9800
CPAN::Meta 2.120630
Cwd 3.39_02
ExtUtils::CBuilder 0.280206
ExtUtils::Command 1.17
ExtUtils::Install 1.58
ExtUtils::MakeMaker 6.63_02
ExtUtils::Manifest 1.61
ExtUtils::ParseXS 3.16
File::Spec 3.39_02
JSON 2.90
JSON::PP 2.27200
Module::Build 0.39_01
Module::Signature n/a
Parse::CPAN::Meta 1.4402
Test::Harness 3.23
Test::More 1.001014
YAML n/a
YAML::Syck n/a
version 0.99
--
Summary of my perl5 (revision 5 version 16 subversion 3) configuration:
Platform:
osname=linux, osvers=3.13.0-042stab094.8, archname=x86_64-linux
uname='linux lvps92-51-161-142.dedicated.hosteurope.de 3.13.0-042stab094.8 #1 smp tue dec 16 20:36:56 msk 2014 x86_64 x86_64 x86_64 gnulinux '
config_args='-de -Dprefix=/home/mojolicious/perl5/perlbrew/perls/perl-5.16.3 -Aeval:scriptdir=/home/mojolicious/perl5/perlbrew/perls/perl-5.16.3/bin'
hint=recommended, useposix=true, d_sigaction=define
useithreads=undef, usemultiplicity=undef
useperlio=define, d_sfio=undef, uselargefiles=define, usesocks=undef
use64bitint=define, use64bitall=define, uselongdouble=undef
usemymalloc=n, bincompat5005=undef
Compiler:
cc='cc', ccflags ='-fno-strict-aliasing -pipe -fstack-protector -I/usr/local/include -D_LARGEFILE_SOURCE -D_FILE_OFFSET_BITS=64',
optimize='-O2',
cppflags='-fno-strict-aliasing -pipe -fstack-protector -I/usr/local/include'
ccversion='', gccversion='4.8.2', gccosandvers=''
intsize=4, longsize=8, ptrsize=8, doublesize=8, byteorder=12345678
d_longlong=define, longlongsize=8, d_longdbl=define, longdblsize=16
ivtype='long', ivsize=8, nvtype='double', nvsize=8, Off_t='off_t', lseeksize=8
alignbytes=8, prototype=define
Linker and Libraries:
ld='cc', ldflags =' -fstack-protector -L/usr/local/lib'
libpth=/usr/local/lib /lib/x86_64-linux-gnu /lib/../lib /usr/lib/x86_64-linux-gnu /usr/lib/../lib /lib /usr/lib
libs=-lnsl -ldl -lm -lcrypt -lutil -lc
perllibs=-lnsl -ldl -lm -lcrypt -lutil -lc
libc=libc-2.19.so, so=so, useshrplib=false, libperl=libperl.a
gnulibc_version='2.19'
Dynamic Linking:
dlsrc=dl_dlopen.xs, dlext=so, d_dlsymun=undef, ccdlflags='-Wl,-E'
cccdlflags='-fPIC', lddlflags='-shared -O2 -L/usr/local/lib -fstack-protector'
Characteristics of this binary (from libperl):
Compile-time options: HAS_TIMES PERLIO_LAYERS PERL_DONT_CREATE_GVSV
PERL_MALLOC_WRAP PERL_PRESERVE_IVUV USE_64_BIT_ALL
USE_64_BIT_INT USE_LARGE_FILES USE_LOCALE
USE_LOCALE_COLLATE USE_LOCALE_CTYPE
USE_LOCALE_NUMERIC USE_PERLIO USE_PERL_ATOF
Locally applied patches:
Devel::PatchPerl 1.30
Built under linux
Compiled at Feb 14 2015 11:53:05
%ENV:
PERLBREW_BASHRC_VERSION="0.73"
PERLBREW_HOME="/home/mojolicious/.perlbrew"
PERLBREW_MANPATH="/home/mojolicious/perl5/perlbrew/perls/perl-5.20.1/man"
PERLBREW_PATH="/home/mojolicious/perl5/perlbrew/bin:/home/mojolicious/perl5/perlbrew/perls/perl-5.20.1/bin"
PERLBREW_PERL="perl-5.20.1"
PERLBREW_ROOT="/home/mojolicious/perl5/perlbrew"
PERLBREW_VERSION="0.73"
@INC:
/home/mojolicious/perl5/perlbrew/perls/perl-5.16.3/lib/site_perl/5.16.3/x86_64-linux
/home/mojolicious/perl5/perlbrew/perls/perl-5.16.3/lib/site_perl/5.16.3
/home/mojolicious/perl5/perlbrew/perls/perl-5.16.3/lib/5.16.3/x86_64-linux
/home/mojolicious/perl5/perlbrew/perls/perl-5.16.3/lib/5.16.3
.