CHI v0.59 Perl 5 v5.21.6 x86_64-linux-thread-multi

Status
Fail
From
Andreas J. König (ANDK)
Dist
CHI v0.59
Platform
Perl 5 v5.21.6 x86_64-linux-thread-multi
Date
2015-03-09 18:35:07
ID
02d106de-c68b-11e4-b4ac-a2ef77f6a711
This distribution has been tested as part of the CPAN Testers
project, supporting the Perl programming language.  See
http://wiki.cpantesters.org/ for more information or email
questions to cpan-testers-discuss@perl.org


--
Dear Jonathan Swartz,

This is a computer-generated report for CHI-0.59
on perl 5.21.6, created by CPAN-Reporter-1.2011.

Thank you for uploading your work to CPAN.  However, there was a problem
testing your distribution.

If you think this report is invalid, please consult the CPAN Testers Wiki
for suggestions on how to avoid getting FAIL reports for missing library
or binary dependencies, unsupported operating systems, and so on:

http://wiki.cpantesters.org/wiki/CPANAuthorNotes

Sections of this report:

    * Tester comments
    * Program output
    * Prerequisites
    * Environment and other context

------------------------------
TESTER COMMENTS
------------------------------

Additional comments from tester:

this report is from an automated smoke testing program
and was not reviewed by a human for accuracy

------------------------------
PROGRAM OUTPUT
------------------------------

Output from '/usr/bin/make test':

PERL_DL_NONLAZY=1 "/home/sand/src/perl/repoperls/installed-perls/perl/v5.21.6/9980/bin/perl" "-MExtUtils::Command::MM" "-MTest::Harness" "-e" "undef *Test::Harness::Switches; test_harness(0, 'blib/lib', 'blib/arch')" t/*.t
# Testing CHI 0.59, Perl 5.021006, /home/sand/src/perl/repoperls/installed-perls/perl/v5.21.6/9980/bin/perl
t/00-load.t ............................. ok
t/author-03-pod.t ....................... skipped: these tests are for testing by the author
t/author-file-driver.t .................. skipped: these tests are for testing by the author
t/author-no-data-serializer.t ........... skipped: these tests are for testing by the author
t/author-RequiredModules.t .............. skipped: these tests are for testing by the author
t/Bugs.t ................................ ok
t/Config.t .............................. ok
t/Constants.t ........................... ok
t/Driver-Memory.t ....................... ok
t/Driver-RawMemory.t .................... ok
t/GetError.t ............................ ok
t/Initialize.t .......................... ok
t/release-dependent.t ................... skipped: these tests are for release candidate testing
t/Sanity.t .............................. ok
t/SetError.t ............................ ok
t/smoke-Driver-CacheCache.t ............. skipped: one of required modules not installed: Cache::FileCache
t/smoke-Driver-FastMmap.t ............... skipped: one of required modules not installed: Cache::FastMmap
t/smoke-Driver-File-DepthZero.t ......... ok
# 40 is not between 59 and 99

#   Failed test 'File:l1_cache size = 40'
#   at /tmp/loop_over_bdir-4165-NL_yyh/CHI-0.59-i2wKRQ/blib/lib/CHI/t/Driver.pm line 1555.
#   (in CHI::t::Driver::File->test_size_awareness_with_subcaches)
# 2 is not between 3 and 5

#   Failed test 'File:l1_cache keys = 2'
#   at /tmp/loop_over_bdir-4165-NL_yyh/CHI-0.59-i2wKRQ/blib/lib/CHI/t/Driver.pm line 1557.
#   (in CHI::t::Driver::File->test_size_awareness_with_subcaches)
# Looks like you failed 2 tests of 841.
t/smoke-Driver-File.t ................... 
Dubious, test returned 2 (wstat 512, 0x200)
Failed 2/841 subtests 
	(less 1 skipped subtest: 838 okay)
t/smoke-Driver-NonMoose.t ............... ok
Unescaped left brace in regex is deprecated, passed through in regex; marked by <-- HERE in m/CHI stats: { <-- HERE "absent_misses":1,"end_time":\d+,"get_time_ms":\d+,"label":"File","namespace":"Foo","root_class":"CHI","set_key_size":6,"set_time_ms":\d+,"set_value_size":20,"sets":1,"start_time":\d+}/ at /tmp/loop_over_bdir-4165-NL_yyh/CHI-0.59-i2wKRQ/blib/lib/CHI/t/Driver/Subcache/l1_cache.pm line 48.
Unescaped left brace in regex is deprecated, passed through in regex; marked by <-- HERE in m/CHI stats: { <-- HERE "absent_misses":1,"end_time":\d+,"get_time_ms":\d+,"hits":1,"label":"File:l1_cache","namespace":"Foo","root_class":"CHI","set_key_size":6,"set_time_ms":\d+,"set_value_size":20,"sets":1,"start_time":\d+}/ at /tmp/loop_over_bdir-4165-NL_yyh/CHI-0.59-i2wKRQ/blib/lib/CHI/t/Driver/Subcache/l1_cache.pm line 51.
t/smoke-Driver-Subcache-l1_cache.t ...... ok
t/smoke-Driver-Subcache-mirror_cache.t .. ok
t/smoke-Null.t .......................... ok
t/Subcache.t ............................ ok
t/Subclass.t ............................ ok
t/Util.t ................................ ok

Test Summary Report
-------------------
t/smoke-Driver-File.t                 (Wstat: 512 Tests: 841 Failed: 2)
  Failed tests:  830-831
  Non-zero exit status: 2
Files=26, Tests=5218, 28 wallclock secs ( 0.55 usr  0.03 sys +  9.39 cusr  0.96 csys = 10.93 CPU)
Result: FAIL
Failed 1/26 test programs. 2/5218 subtests failed.
Makefile:1089: recipe for target 'test_dynamic' failed
make: *** [test_dynamic] Error 255

------------------------------
PREREQUISITES
------------------------------

Prerequisite modules loaded:

requires:

    Module                          Need  Have        
    ------------------------------- ----- ------------
    Carp::Assert                    0.20  0.21        
    Class::Load                     0     0.22        
    Data::UUID                      0     1.220       
    Digest::JHash                   0     0.08        
    Digest::MD5                     0     2.53        
    File::Spec                      0.80  3.51        
    Hash::MoreUtils                 0     0.05        
    JSON                            0     2.90        
    List::MoreUtils                 0.13  0.406       
    Log::Any                        0.08  1.03        
    Moo                             1.003 2.000000    
    MooX::Types::MooseLike          0.23  0.28        
    MooX::Types::MooseLike::Base    0     0.28        
    MooX::Types::MooseLike::Numeric 0     1.02        
    Storable                        0     2.51        
    String::RewritePrefix           0     0.007       
    Task::Weaken                    0     1.04        
    Time::Duration                  1.06  1.1         
    Time::Duration::Parse           0.03  0.11        
    Time::HiRes                     1.30  1.9726      
    Try::Tiny                       0.05  0.22        

build_requires:

    Module                          Need  Have        
    ------------------------------- ----- ------------
    Date::Parse                     0     2.30        
    ExtUtils::MakeMaker             0     7.04        
    Test::Builder                   0     1.301001_075
    Test::Class                     0     0.48        
    Test::Deep                      0     0.115       
    Test::Exception                 0     0.38        
    Test::More                      0     1.301001_075
    Test::Warn                      0     0.30        

configure_requires:

    Module                          Need  Have        
    ------------------------------- ----- ------------
    ExtUtils::MakeMaker             0     7.04        


------------------------------
ENVIRONMENT AND OTHER CONTEXT
------------------------------

Environment variables:

    AUTOMATED_TESTING = 1
    LANG = en_US.UTF-8
    LANGUAGE = en_US:en
    PATH = /home/sand/bin:/usr/local/bin:/usr/bin:/bin:/usr/games:/usr/local/perl/bin:/usr/X11/bin:/sbin:/usr/sbin
    PERL5LIB = 
    PERL5OPT = 
    PERL5_CPANPLUS_IS_RUNNING = 4166
    PERL5_CPAN_IS_RUNNING = 4166
    PERL_MM_USE_DEFAULT = 1
    SHELL = /usr/bin/zsh
    TERM = screen

Perl special variables (and OS-specific diagnostics, for MSWin32):

    $^X = /home/sand/src/perl/repoperls/installed-perls/perl/v5.21.6/9980/bin/perl
    $UID/$EUID = 1005 / 1005
    $GID = 1005 1005
    $EGID = 1005 1005

Perl module toolchain versions installed:

    Module              Have        
    ------------------- ------------
    CPAN                2.05        
    CPAN::Meta          2.143240    
    Cwd                 3.51        
    ExtUtils::CBuilder  0.280220    
    ExtUtils::Command   1.18        
    ExtUtils::Install   2.04        
    ExtUtils::MakeMaker 7.04        
    ExtUtils::Manifest  1.69        
    ExtUtils::ParseXS   3.26        
    File::Spec          3.51        
    JSON                2.90        
    JSON::PP            2.27300     
    Module::Build       0.4211      
    Module::Signature   0.73        
    Parse::CPAN::Meta   1.4414      
    Test::Harness       3.35        
    Test::More          1.301001_075
    YAML                1.14        
    YAML::Syck          1.29        
    version             0.9909      


--

Summary of my perl5 (revision 5 version 21 subversion 6) configuration:
  Commit id: 6ed80d55657304061a4d51a3aa68a5ec84f59881
  Platform:
    osname=linux, osvers=3.16.0-4-amd64, archname=x86_64-linux-thread-multi
    uname='linux k83 3.16.0-4-amd64 #1 smp debian 3.16.7-ckt7-1 (2015-03-01) x86_64 gnulinux '
    config_args='-Dprefix=/home/sand/src/perl/repoperls/installed-perls/perl/v5.21.6/9980 -Dmyhostname=k83 -Dinstallusrbinperl=n -Uversiononly -Dusedevel -des -Ui_db -Duseithreads -Uuselongdouble -DDEBUGGING=-g'
    hint=recommended, useposix=true, d_sigaction=define
    useithreads=define, usemultiplicity=define
    use64bitint=define, use64bitall=define, uselongdouble=undef
    usemymalloc=n, bincompat5005=undef
  Compiler:
    cc='cc', ccflags ='-D_REENTRANT -D_GNU_SOURCE -fwrapv -fno-strict-aliasing -pipe -fstack-protector-strong -I/usr/local/include -D_LARGEFILE_SOURCE -D_FILE_OFFSET_BITS=64 -D_FORTIFY_SOURCE=2',
    optimize='-O2 -g',
    cppflags='-D_REENTRANT -D_GNU_SOURCE -fwrapv -fno-strict-aliasing -pipe -fstack-protector-strong -I/usr/local/include'
    ccversion='', gccversion='4.9.2', gccosandvers=''
    intsize=4, longsize=8, ptrsize=8, doublesize=8, byteorder=12345678, doublekind=3
    d_longlong=define, longlongsize=8, d_longdbl=define, longdblsize=16, longdblkind=3
    ivtype='long', ivsize=8, nvtype='double', nvsize=8, Off_t='off_t', lseeksize=8
    alignbytes=8, prototype=define
  Linker and Libraries:
    ld='cc', ldflags =' -fstack-protector-strong -L/usr/local/lib'
    libpth=/usr/local/lib /usr/lib/gcc/x86_64-linux-gnu/4.9/include-fixed /usr/include/x86_64-linux-gnu /usr/lib /lib/x86_64-linux-gnu /lib/../lib /usr/lib/x86_64-linux-gnu /usr/lib/../lib /lib
    libs=-lnsl -lgdbm -ldb -ldl -lm -lcrypt -lutil -lpthread -lc -lgdbm_compat
    perllibs=-lnsl -ldl -lm -lcrypt -lutil -lpthread -lc
    libc=libc-2.19.so, so=so, useshrplib=false, libperl=libperl.a
    gnulibc_version='2.19'
  Dynamic Linking:
    dlsrc=dl_dlopen.xs, dlext=so, d_dlsymun=undef, ccdlflags='-Wl,-E'
    cccdlflags='-fPIC', lddlflags='-shared -O2 -g -L/usr/local/lib -fstack-protector-strong'


Characteristics of this binary (from libperl): 
  Compile-time options: HAS_TIMES MULTIPLICITY PERLIO_LAYERS
                        PERL_DONT_CREATE_GVSV
                        PERL_HASH_FUNC_ONE_AT_A_TIME_HARD
                        PERL_IMPLICIT_CONTEXT PERL_MALLOC_WRAP
                        PERL_NEW_COPY_ON_WRITE PERL_PRESERVE_IVUV
                        PERL_USE_DEVEL USE_64_BIT_ALL USE_64_BIT_INT
                        USE_ITHREADS USE_LARGE_FILES USE_LOCALE
                        USE_LOCALE_COLLATE USE_LOCALE_CTYPE
                        USE_LOCALE_NUMERIC USE_LOCALE_TIME USE_PERLIO
                        USE_PERL_ATOF USE_REENTRANT_API
  Built under linux
  Compiled at Mar  7 2015 14:33:34
  %ENV:
    PERL5LIB=""
    PERL5OPT=""
    PERL5_CPANPLUS_IS_RUNNING="4166"
    PERL5_CPAN_IS_RUNNING="4166"
    PERL_MM_USE_DEFAULT="1"
  @INC:
    /home/sand/src/perl/repoperls/installed-perls/perl/v5.21.6/9980/lib/site_perl/5.21.6/x86_64-linux-thread-multi
    /home/sand/src/perl/repoperls/installed-perls/perl/v5.21.6/9980/lib/site_perl/5.21.6
    /home/sand/src/perl/repoperls/installed-perls/perl/v5.21.6/9980/lib/5.21.6/x86_64-linux-thread-multi
    /home/sand/src/perl/repoperls/installed-perls/perl/v5.21.6/9980/lib/5.21.6
    .