Math-Symbolic v0.606 Perl 5 v5.10.0 darwin-thread-multi-2level

Status
Fail
From
Eric Gallager
Dist
Math-Symbolic v0.606
Platform
Perl 5 v5.10.0 darwin-thread-multi-2level
Date
2012-12-11 06:21:32
ID
01cd8dc6-435b-11e2-a7a8-ede76cd6e990
This distribution has been tested as part of the CPAN Testers
project, supporting the Perl programming language.  See
http://wiki.cpantesters.org/ for more information or email
questions to cpan-testers-discuss@perl.org


--
Dear Steffen Mueller,

This is a computer-generated report for Math-Symbolic-0.606
on perl 5.10.0, created by CPAN-Reporter-1.2006.

Thank you for uploading your work to CPAN.  However, there was a problem
testing your distribution.

If you think this report is invalid, please consult the CPAN Testers Wiki
for suggestions on how to avoid getting FAIL reports for missing library
or binary dependencies, unsupported operating systems, and so on:

http://wiki.cpantesters.org/wiki/CPANAuthorNotes

Sections of this report:

    * Tester comments
    * Program output
    * Prerequisites
    * Environment and other context

------------------------------
TESTER COMMENTS
------------------------------

Additional comments from tester:

none provided

------------------------------
PROGRAM OUTPUT
------------------------------

Output from './Build test':

Use of uninitialized value $Test::Harness::Switches in length at /Library/Perl/Updates/5.10.0/Module/Build/Base.pm line 2767.

#   Failed test 'POD test for blib/lib/Math/Symbolic.pm'
#   at /Library/Perl/5.10.0/Test/Distribution.pm line 144.
# blib/lib/Math/Symbolic.pm (560): Non-ASCII character seen before =encoding in 'Müller,'. Assuming ISO8859-1

#   Failed test 'POD test for blib/lib/Math/Symbolic/AuxFunctions.pm'
#   at /Library/Perl/5.10.0/Test/Distribution.pm line 144.
# blib/lib/Math/Symbolic/AuxFunctions.pm (176): Non-ASCII character seen before =encoding in 'Müller,'. Assuming ISO8859-1

#   Failed test 'POD test for blib/lib/Math/Symbolic/Base.pm'
#   at /Library/Perl/5.10.0/Test/Distribution.pm line 144.
# blib/lib/Math/Symbolic/Base.pm (806): Non-ASCII character seen before =encoding in 'Müller,'. Assuming ISO8859-1

#   Failed test 'POD test for blib/lib/Math/Symbolic/Compiler.pm'
#   at /Library/Perl/5.10.0/Test/Distribution.pm line 144.
# blib/lib/Math/Symbolic/Compiler.pm (323): Non-ASCII character seen before =encoding in 'Müller,'. Assuming ISO8859-1

#   Failed test 'POD test for blib/lib/Math/Symbolic/Constant.pm'
#   at /Library/Perl/5.10.0/Test/Distribution.pm line 144.
# blib/lib/Math/Symbolic/Constant.pm (285): Non-ASCII character seen before =encoding in 'Müller,'. Assuming ISO8859-1

#   Failed test 'POD test for blib/lib/Math/Symbolic/Custom.pm'
#   at /Library/Perl/5.10.0/Test/Distribution.pm line 144.
# blib/lib/Math/Symbolic/Custom.pm (165): Non-ASCII character seen before =encoding in 'Müller,'. Assuming ISO8859-1

#   Failed test 'POD test for blib/lib/Math/Symbolic/Derivative.pm'
#   at /Library/Perl/5.10.0/Test/Distribution.pm line 144.
# blib/lib/Math/Symbolic/Derivative.pm (694): Non-ASCII character seen before =encoding in 'Müller,'. Assuming ISO8859-1

#   Failed test 'POD test for blib/lib/Math/Symbolic/ExportConstants.pm'
#   at /Library/Perl/5.10.0/Test/Distribution.pm line 144.
# blib/lib/Math/Symbolic/ExportConstants.pm (123): Non-ASCII character seen before =encoding in 'Müller,'. Assuming ISO8859-1

#   Failed test 'POD test for blib/lib/Math/Symbolic/MiscAlgebra.pm'
#   at /Library/Perl/5.10.0/Test/Distribution.pm line 144.
# blib/lib/Math/Symbolic/MiscAlgebra.pm (272): Non-ASCII character seen before =encoding in 'Müller,'. Assuming ISO8859-1

#   Failed test 'POD test for blib/lib/Math/Symbolic/MiscCalculus.pm'
#   at /Library/Perl/5.10.0/Test/Distribution.pm line 144.
# blib/lib/Math/Symbolic/MiscCalculus.pm (302): Non-ASCII character seen before =encoding in 'Müller,'. Assuming ISO8859-1

#   Failed test 'POD test for blib/lib/Math/Symbolic/Operator.pm'
#   at /Library/Perl/5.10.0/Test/Distribution.pm line 144.
# blib/lib/Math/Symbolic/Operator.pm (1082): Non-ASCII character seen before =encoding in 'Müller,'. Assuming ISO8859-1

#   Failed test 'POD test for blib/lib/Math/Symbolic/Parser.pm'
#   at /Library/Perl/5.10.0/Test/Distribution.pm line 144.
# blib/lib/Math/Symbolic/Parser.pm (562): Non-ASCII character seen before =encoding in 'Müller,'. Assuming ISO8859-1

#   Failed test 'POD test for blib/lib/Math/Symbolic/Variable.pm'
#   at /Library/Perl/5.10.0/Test/Distribution.pm line 144.
# blib/lib/Math/Symbolic/Variable.pm (253): Non-ASCII character seen before =encoding in 'Müller,'. Assuming ISO8859-1

#   Failed test 'POD test for blib/lib/Math/Symbolic/VectorCalculus.pm'
#   at /Library/Perl/5.10.0/Test/Distribution.pm line 144.
# blib/lib/Math/Symbolic/VectorCalculus.pm (788): Non-ASCII character seen before =encoding in 'Müller,'. Assuming ISO8859-1

#   Failed test 'POD test for blib/lib/Math/Symbolic/Custom/Base.pm'
#   at /Library/Perl/5.10.0/Test/Distribution.pm line 144.
# blib/lib/Math/Symbolic/Custom/Base.pm (92): Non-ASCII character seen before =encoding in 'Müller,'. Assuming ISO8859-1

#   Failed test 'POD test for blib/lib/Math/Symbolic/Custom/DefaultDumpers.pm'
#   at /Library/Perl/5.10.0/Test/Distribution.pm line 144.
# blib/lib/Math/Symbolic/Custom/DefaultDumpers.pm (126): Non-ASCII character seen before =encoding in 'Müller,'. Assuming ISO8859-1

#   Failed test 'POD test for blib/lib/Math/Symbolic/Custom/DefaultMods.pm'
#   at /Library/Perl/5.10.0/Test/Distribution.pm line 144.
# blib/lib/Math/Symbolic/Custom/DefaultMods.pm (388): Non-ASCII character seen before =encoding in 'Müller,'. Assuming ISO8859-1

#   Failed test 'POD test for blib/lib/Math/Symbolic/Custom/DefaultTests.pm'
#   at /Library/Perl/5.10.0/Test/Distribution.pm line 144.
# blib/lib/Math/Symbolic/Custom/DefaultTests.pm (544): Non-ASCII character seen before =encoding in 'Müller,'. Assuming ISO8859-1

#   Failed test 'POD test for blib/lib/Math/Symbolic/Parser/Precompiled.pm'
#   at /Library/Perl/5.10.0/Test/Distribution.pm line 144.
# blib/lib/Math/Symbolic/Parser/Precompiled.pm (32): Non-ASCII character seen before =encoding in 'Müller,'. Assuming ISO8859-1
# Looks like you failed 19 tests of 65.
t/00dist.t ............... 
Dubious, test returned 19 (wstat 4864, 0x1300)
Failed 19/65 subtests 

#   Failed test 'POD test for blib/lib/Math/Symbolic.pm'
#   at /Library/Perl/5.10.0/Test/Pod.pm line 182.
# blib/lib/Math/Symbolic.pm (560): Non-ASCII character seen before =encoding in 'Müller,'. Assuming ISO8859-1

#   Failed test 'POD test for blib/lib/Math/Symbolic/AuxFunctions.pm'
#   at /Library/Perl/5.10.0/Test/Pod.pm line 182.
# blib/lib/Math/Symbolic/AuxFunctions.pm (176): Non-ASCII character seen before =encoding in 'Müller,'. Assuming ISO8859-1

#   Failed test 'POD test for blib/lib/Math/Symbolic/Base.pm'
#   at /Library/Perl/5.10.0/Test/Pod.pm line 182.
# blib/lib/Math/Symbolic/Base.pm (806): Non-ASCII character seen before =encoding in 'Müller,'. Assuming ISO8859-1

#   Failed test 'POD test for blib/lib/Math/Symbolic/Compiler.pm'
#   at /Library/Perl/5.10.0/Test/Pod.pm line 182.
# blib/lib/Math/Symbolic/Compiler.pm (323): Non-ASCII character seen before =encoding in 'Müller,'. Assuming ISO8859-1

#   Failed test 'POD test for blib/lib/Math/Symbolic/Constant.pm'
#   at /Library/Perl/5.10.0/Test/Pod.pm line 182.
# blib/lib/Math/Symbolic/Constant.pm (285): Non-ASCII character seen before =encoding in 'Müller,'. Assuming ISO8859-1

#   Failed test 'POD test for blib/lib/Math/Symbolic/Custom.pm'
#   at /Library/Perl/5.10.0/Test/Pod.pm line 182.
# blib/lib/Math/Symbolic/Custom.pm (165): Non-ASCII character seen before =encoding in 'Müller,'. Assuming ISO8859-1

#   Failed test 'POD test for blib/lib/Math/Symbolic/Derivative.pm'
#   at /Library/Perl/5.10.0/Test/Pod.pm line 182.
# blib/lib/Math/Symbolic/Derivative.pm (694): Non-ASCII character seen before =encoding in 'Müller,'. Assuming ISO8859-1

#   Failed test 'POD test for blib/lib/Math/Symbolic/ExportConstants.pm'
#   at /Library/Perl/5.10.0/Test/Pod.pm line 182.
# blib/lib/Math/Symbolic/ExportConstants.pm (123): Non-ASCII character seen before =encoding in 'Müller,'. Assuming ISO8859-1

#   Failed test 'POD test for blib/lib/Math/Symbolic/MiscAlgebra.pm'
#   at /Library/Perl/5.10.0/Test/Pod.pm line 182.
# blib/lib/Math/Symbolic/MiscAlgebra.pm (272): Non-ASCII character seen before =encoding in 'Müller,'. Assuming ISO8859-1

#   Failed test 'POD test for blib/lib/Math/Symbolic/MiscCalculus.pm'
#   at /Library/Perl/5.10.0/Test/Pod.pm line 182.
# blib/lib/Math/Symbolic/MiscCalculus.pm (302): Non-ASCII character seen before =encoding in 'Müller,'. Assuming ISO8859-1

#   Failed test 'POD test for blib/lib/Math/Symbolic/Operator.pm'
#   at /Library/Perl/5.10.0/Test/Pod.pm line 182.
# blib/lib/Math/Symbolic/Operator.pm (1082): Non-ASCII character seen before =encoding in 'Müller,'. Assuming ISO8859-1

#   Failed test 'POD test for blib/lib/Math/Symbolic/Parser.pm'
#   at /Library/Perl/5.10.0/Test/Pod.pm line 182.
# blib/lib/Math/Symbolic/Parser.pm (562): Non-ASCII character seen before =encoding in 'Müller,'. Assuming ISO8859-1

#   Failed test 'POD test for blib/lib/Math/Symbolic/Variable.pm'
#   at /Library/Perl/5.10.0/Test/Pod.pm line 182.
# blib/lib/Math/Symbolic/Variable.pm (253): Non-ASCII character seen before =encoding in 'Müller,'. Assuming ISO8859-1

#   Failed test 'POD test for blib/lib/Math/Symbolic/VectorCalculus.pm'
#   at /Library/Perl/5.10.0/Test/Pod.pm line 182.
# blib/lib/Math/Symbolic/VectorCalculus.pm (788): Non-ASCII character seen before =encoding in 'Müller,'. Assuming ISO8859-1

#   Failed test 'POD test for blib/lib/Math/Symbolic/Custom/Base.pm'
#   at /Library/Perl/5.10.0/Test/Pod.pm line 182.
# blib/lib/Math/Symbolic/Custom/Base.pm (92): Non-ASCII character seen before =encoding in 'Müller,'. Assuming ISO8859-1

#   Failed test 'POD test for blib/lib/Math/Symbolic/Custom/DefaultDumpers.pm'
#   at /Library/Perl/5.10.0/Test/Pod.pm line 182.
# blib/lib/Math/Symbolic/Custom/DefaultDumpers.pm (126): Non-ASCII character seen before =encoding in 'Müller,'. Assuming ISO8859-1

#   Failed test 'POD test for blib/lib/Math/Symbolic/Custom/DefaultMods.pm'
#   at /Library/Perl/5.10.0/Test/Pod.pm line 182.
# blib/lib/Math/Symbolic/Custom/DefaultMods.pm (388): Non-ASCII character seen before =encoding in 'Müller,'. Assuming ISO8859-1

#   Failed test 'POD test for blib/lib/Math/Symbolic/Custom/DefaultTests.pm'
#   at /Library/Perl/5.10.0/Test/Pod.pm line 182.
# blib/lib/Math/Symbolic/Custom/DefaultTests.pm (544): Non-ASCII character seen before =encoding in 'Müller,'. Assuming ISO8859-1

#   Failed test 'POD test for blib/lib/Math/Symbolic/Parser/Precompiled.pm'
#   at /Library/Perl/5.10.0/Test/Pod.pm line 182.
# blib/lib/Math/Symbolic/Parser/Precompiled.pm (32): Non-ASCII character seen before =encoding in 'Müller,'. Assuming ISO8859-1
# Looks like you failed 19 tests of 20.
t/00pod.t ................ 
Dubious, test returned 19 (wstat 4864, 0x1300)
Failed 19/20 subtests 
t/00podcover.t ........... ok
t/01basic.t .............. ok
t/02basic.t .............. ok
t/03exp.t ................ ok
t/04deep_derivatives.t ... ok
t/05unary_minus.t ........ ok
t/06parser.t ............. ok
t/07simple_trig.t ........ ok
t/08parse_hyperbolic.t ... ok
t/09hyperbolic.t ......... ok
t/10hyperbolic.t ......... ok
t/11trigonometric.t ...... ok
t/12overload.t ........... ok
t/13parse_more.t ......... ok
t/14compile.t ............ ok
t/15total_derivatives.t .. ok
t/16tests.t .............. ok
t/17modifications.t ...... ok
t/18vectorcalc.t ......... ok
t/19misccalc.t ........... ok
t/20miscalgebra.t ........ ok
t/21more_derivatives.t ... ok
t/22dumpers.t ............ ok
t/90regression.t ......... ok

Test Summary Report
-------------------
t/00dist.t             (Wstat: 4864 Tests: 65 Failed: 19)
  Failed tests:  42-60
  Non-zero exit status: 19
t/00pod.t              (Wstat: 4864 Tests: 20 Failed: 19)
  Failed tests:  1-19
  Non-zero exit status: 19
Files=26, Tests=542, 42 wallclock secs ( 0.23 usr  0.16 sys +  9.38 cusr  0.71 csys = 10.48 CPU)
Result: FAIL
Failed 2/26 test programs. 38/542 subtests failed.

------------------------------
PREREQUISITES
------------------------------

Prerequisite modules loaded:

requires:

    Module              Need Have    
    ------------------- ---- --------
    Data::Dumper        0    2.136   
    Memoize             1.01 1.01_02 
    Parse::RecDescent   0    1.967009

build_requires:

    Module              Need Have    
    ------------------- ---- --------
    Test::More          0    0.98    

configure_requires:

    Module              Need Have    
    ------------------- ---- --------
    ExtUtils::MakeMaker 0    6.62    


------------------------------
ENVIRONMENT AND OTHER CONTEXT
------------------------------

Environment variables:

    LANG = en_US.UTF-8
    PATH = /Users/ericgallager/perl5/bin:/Library/Frameworks/Python.framework/Versions/Current/bin:/Library/Frameworks/Python.framework/Versions/Current/bin:/Users/ericgallager/.rvm/gems/ruby-1.9.3-p327/bin:/Users/ericgallager/.rvm/gems/ruby-1.9.3-p327@global/bin:/Users/ericgallager/.rvm/rubies/ruby-1.9.3-p327/bin:/Users/ericgallager/.rvm/bin:/Users/ericgallager/bin:/usr/local/sbin:/usr/local/bin:/Developer/usr/bin:/Library/Frameworks/Python.framework/Versions/2.7/bin:/usr/bin:/bin:/usr/sbin:/sbin:/usr/local/bin:/opt/X11/bin:/usr/texbin:/usr/X11/bin:/opt/local/bin:/Developer/usr/bin:/sw/bin:/sw2/bin:/opt/local/share/java/android-sdk-macosx/tools:/opt/local/share/java/android-sdk-macosx/platform-tools:/opt/local/sbin:/opt/local/GNUstep/System/Tools:/sw/sbin:/sw2/bootstrap/bin:/sw2/bootstrap/sbin:/usr/local/sbin:/Developer/Tools:/usr/local/tigcc/bin:/usr/local/texlive/2010basic/bin/universal-darwin:/usr/local/php5/bin:/usr/local/mysql-5.5.9-osx10.6-x86_64/bin:/usr/local/mysql/bin:/Developer/usr/sbin:/Developer/usr/local/bin:/usr/local/heroku/bin:/usr/local/git/bin:/usr/local/foreman/bin:/usr/local/flexnetserver:/usr/local/clamXav/bin:/opt/nova/bin:/opt/local/lib/erlang/bin:/Users/ericgallager/Downloads/WebKit-r101776/Tools/CygwinDownloader/bin:/Users/ericgallager/Downloads/nacl_sdk/pepper_15/toolchain/mac_x86_newlib/bin:/usr/local/ActivePerl-5.14/bin:/usr/local/PDK/bin:/opt/local/GNUstep/bin:/:/Users/ericgallager/bin/FDK/Tools/osx
    PERL5LIB = /Users/ericgallager/.cpan/build/mod_perl-2.0.7-mCthdb/blib/arch:/Users/ericgallager/.cpan/build/mod_perl-2.0.7-mCthdb/blib/lib
    PERL5OPT = 
    PERL5_CPANPLUS_IS_RUNNING = 736
    PERL5_CPAN_IS_RUNNING = 736
    SHELL = /bin/bash
    TERM = xterm-color
    VERSIONER_PERL_PREFER_32_BIT = no
    VERSIONER_PERL_VERSION = 5.10.0

Perl special variables (and OS-specific diagnostics, for MSWin32):

    $^X = /usr/bin/perl
    $UID/$EUID = 0 / 0
    $GID = 0 0 403 402 401 204 100 98 80 61 29 20 12 9 8 5 4 3 2 1
    $EGID = 0 0 403 402 401 204 100 98 80 61 29 20 12 9 8 5 4 3 2 1

Perl module toolchain versions installed:

    Module              Have    
    ------------------- --------
    CPAN                1.9800  
    CPAN::Meta          2.112150
    Cwd                 3.33    
    ExtUtils::CBuilder  0.280205
    ExtUtils::Command   1.17    
    ExtUtils::Install   1.54    
    ExtUtils::MakeMaker 6.62    
    ExtUtils::Manifest  1.61    
    ExtUtils::ParseXS   3.18    
    File::Spec          3.33    
    JSON                2.53    
    JSON::PP            2.27104 
    Module::Build       0.4003  
    Module::Signature   0.70    
    Parse::CPAN::Meta   1.4401  
    Test::Harness       3.25    
    Test::More          0.98    
    YAML                0.84    
    YAML::Syck          1.21    
    version             0.9901  


--

Summary of my perl5 (revision 5 version 10 subversion 0) configuration:
  Platform:
    osname=darwin, osvers=10.0, archname=darwin-thread-multi-2level
    uname='darwin neige.apple.com 10.0 darwin kernel version 10.0.0d8: tue may 5 19:29:59 pdt 2009; root:xnu-1437.2~2release_i386 i386 '
    config_args='-ds -e -Dprefix=/usr -Dccflags=-g  -pipe  -Dldflags= -Dman3ext=3pm -Duseithreads -Duseshrplib -Dinc_version_list=none -Dcc=gcc-4.2'
    hint=recommended, useposix=true, d_sigaction=define
    useithreads=define, usemultiplicity=define
    useperlio=define, d_sfio=undef, uselargefiles=define, usesocks=undef
    use64bitint=define, use64bitall=define, uselongdouble=undef
    usemymalloc=n, bincompat5005=undef
  Compiler:
    cc='gcc-4.2', ccflags ='-arch x86_64 -arch i386 -arch ppc -g -pipe -fno-common -DPERL_DARWIN -fno-strict-aliasing -I/usr/local/include',
    optimize='-Os',
    cppflags='-g -pipe -fno-common -DPERL_DARWIN -fno-strict-aliasing -I/usr/local/include'
    ccversion='', gccversion='4.2.1 (Apple Inc. build 5646)', gccosandvers=''
    intsize=4, longsize=8, ptrsize=8, doublesize=8, byteorder=12345678
    d_longlong=define, longlongsize=8, d_longdbl=define, longdblsize=16
    ivtype='long', ivsize=8, nvtype='double', nvsize=8, Off_t='off_t', lseeksize=8
    alignbytes=8, prototype=define
  Linker and Libraries:
    ld='gcc-4.2 -mmacosx-version-min=10.6', ldflags ='-arch x86_64 -arch i386 -arch ppc -L/usr/local/lib'
    libpth=/usr/local/lib /usr/lib
    libs=-ldbm -ldl -lm -lutil -lc
    perllibs=-ldl -lm -lutil -lc
    libc=/usr/lib/libc.dylib, so=dylib, useshrplib=true, libperl=libperl.dylib
    gnulibc_version=''
  Dynamic Linking:
    dlsrc=dl_dlopen.xs, dlext=bundle, d_dlsymun=undef, ccdlflags=' '
    cccdlflags=' ', lddlflags='-arch x86_64 -arch i386 -arch ppc -bundle -undefined dynamic_lookup -L/usr/local/lib'


Characteristics of this binary (from libperl): 
  Compile-time options: MULTIPLICITY PERL_DONT_CREATE_GVSV
                        PERL_IMPLICIT_CONTEXT PERL_MALLOC_WRAP USE_64_BIT_ALL
                        USE_64_BIT_INT USE_ITHREADS USE_LARGE_FILES
                        USE_PERLIO USE_REENTRANT_API
  Locally applied patches:
	/Library/Perl/Updates/<version> comes before system perl directories
	installprivlib and installarchlib points to the Updates directory
  Built under darwin
  Compiled at Jun 24 2009 00:35:27
  %ENV:
    PERL5LIB="/Users/ericgallager/.cpan/build/mod_perl-2.0.7-mCthdb/blib/arch:/Users/ericgallager/.cpan/build/mod_perl-2.0.7-mCthdb/blib/lib"
    PERL5OPT=""
    PERL5_CPANPLUS_IS_RUNNING="736"
    PERL5_CPAN_IS_RUNNING="736"
  @INC:
    /Users/ericgallager/.cpan/build/mod_perl-2.0.7-mCthdb/blib/arch
    /Users/ericgallager/.cpan/build/mod_perl-2.0.7-mCthdb/blib/lib
    /Library/Perl/Updates/5.10.0/darwin-thread-multi-2level
    /Library/Perl/Updates/5.10.0
    /System/Library/Perl/5.10.0/darwin-thread-multi-2level
    /System/Library/Perl/5.10.0
    /Library/Perl/5.10.0/darwin-thread-multi-2level
    /Library/Perl/5.10.0
    /Network/Library/Perl/5.10.0/darwin-thread-multi-2level
    /Network/Library/Perl/5.10.0
    /Network/Library/Perl
    /System/Library/Perl/Extras/5.10.0/darwin-thread-multi-2level
    /System/Library/Perl/Extras/5.10.0
    .