Statocles v0.046 Perl 5 v5.18.2 x86_64-linux
- Status
- Fail
- From
- NONAME
- Dist
-
Statocles v0.046
- Platform
- Perl 5 v5.18.2 x86_64-linux
- Date
- 2015-05-27 01:45:08
- ID
- 01659480-0412-11e5-a99c-87701ad50082
This distribution has been tested as part of the CPAN Testers
project, supporting the Perl programming language. See
http://wiki.cpantesters.org/ for more information or email
questions to cpan-testers-discuss@perl.org
--
Dear PREACTION,
This is a computer-generated report for Statocles-0.046
on perl 5.18.2, created by App::cpanminus::reporter 0.12 (1.7027).
Thank you for uploading your work to CPAN. However, there was a problem
testing your distribution.
If you think this report is invalid, please consult the CPAN Testers Wiki
for suggestions on how to avoid getting FAIL reports for missing library
or binary dependencies, unsupported operating systems, and so on:
http://wiki.cpantesters.org/wiki/CPANAuthorNotes
Sections of this report:
* Tester comments
* Program output
* Prerequisites
* Environment and other context
------------------------------
TESTER COMMENTS
------------------------------
Additional comments from tester:
none provided
------------------------------
PROGRAM OUTPUT
------------------------------
Output from '':
Building and testing Statocles-0.046
cp share/zsh/_statocles blib/lib/auto/share/dist/Statocles/zsh/_statocles
cp share/theme/default/css/skeleton.css blib/lib/auto/share/dist/Statocles/theme/default/css/skeleton.css
cp share/theme/default/site/robots.txt.ep blib/lib/auto/share/dist/Statocles/theme/default/site/robots.txt.ep
cp share/theme/default/css/statocles-default.css blib/lib/auto/share/dist/Statocles/theme/default/css/statocles-default.css
cp share/theme/default/blog/post.html.ep blib/lib/auto/share/dist/Statocles/theme/default/blog/post.html.ep
cp share/theme/default/perldoc/source.html.ep blib/lib/auto/share/dist/Statocles/theme/default/perldoc/source.html.ep
cp share/theme/default/blog/index.rss.ep blib/lib/auto/share/dist/Statocles/theme/default/blog/index.rss.ep
cp share/theme/default/site/sitemap.xml.ep blib/lib/auto/share/dist/Statocles/theme/default/site/sitemap.xml.ep
cp share/create/script.yml blib/lib/auto/share/dist/Statocles/create/script.yml
cp share/theme/default/perldoc/pod.html.ep blib/lib/auto/share/dist/Statocles/theme/default/perldoc/pod.html.ep
cp share/theme/default/site/sidebar_before.html.ep blib/lib/auto/share/dist/Statocles/theme/default/site/sidebar_before.html.ep
cp share/theme/default/blog/index.atom.ep blib/lib/auto/share/dist/Statocles/theme/default/blog/index.atom.ep
cp share/theme/default/site/footer.html.ep blib/lib/auto/share/dist/Statocles/theme/default/site/footer.html.ep
cp share/create/site.yml blib/lib/auto/share/dist/Statocles/create/site.yml
cp share/theme/default/site/layout.html.ep blib/lib/auto/share/dist/Statocles/theme/default/site/layout.html.ep
cp share/theme/default/site/style.html blib/lib/auto/share/dist/Statocles/theme/default/site/style.html
cp share/theme/default/site/header_after.html.ep blib/lib/auto/share/dist/Statocles/theme/default/site/header_after.html.ep
cp share/theme/default/blog/index.html.ep blib/lib/auto/share/dist/Statocles/theme/default/blog/index.html.ep
cp share/theme/default/site/head_after.html.ep blib/lib/auto/share/dist/Statocles/theme/default/site/head_after.html.ep
cp share/theme/default/css/normalize.css blib/lib/auto/share/dist/Statocles/theme/default/css/normalize.css
cp lib/Statocles/Page/Plain.pm blib/lib/Statocles/Page/Plain.pm
cp lib/Statocles/Help/Content.pod blib/lib/Statocles/Help/Content.pod
cp lib/Statocles/Page/Feed.pm blib/lib/Statocles/Page/Feed.pm
cp lib/Statocles/Command.pm blib/lib/Statocles/Command.pm
cp lib/Statocles/Deploy/Git.pm blib/lib/Statocles/Deploy/Git.pm
cp lib/Statocles/Help/Theme.pod blib/lib/Statocles/Help/Theme.pod
cp lib/Statocles/Help/Deploy.pod blib/lib/Statocles/Help/Deploy.pod
cp lib/Statocles/Template.pm blib/lib/Statocles/Template.pm
cp lib/Statocles/Theme.pm blib/lib/Statocles/Theme.pm
cp lib/Statocles/Test.pm blib/lib/Statocles/Test.pm
cp lib/Statocles/Link.pm blib/lib/Statocles/Link.pm
cp lib/Statocles/Base.pm blib/lib/Statocles/Base.pm
cp lib/Statocles/Page/Document.pm blib/lib/Statocles/Page/Document.pm
cp lib/Statocles/App.pm blib/lib/Statocles/App.pm
cp lib/Statocles/App/Perldoc.pm blib/lib/Statocles/App/Perldoc.pm
cp lib/Statocles/Store/File.pm blib/lib/Statocles/Store/File.pm
cp lib/Statocles/Store.pm blib/lib/Statocles/Store.pm
cp lib/Statocles/Types.pm blib/lib/Statocles/Types.pm
cp lib/Statocles/Document.pm blib/lib/Statocles/Document.pm
cp lib/Statocles/Site.pm blib/lib/Statocles/Site.pm
cp lib/Statocles/Event.pm blib/lib/Statocles/Event.pm
cp lib/Statocles/Help.pod blib/lib/Statocles/Help.pod
cp lib/Statocles/Deploy/File.pm blib/lib/Statocles/Deploy/File.pm
cp lib/Statocles/Page.pm blib/lib/Statocles/Page.pm
cp lib/Statocles/App/Blog.pm blib/lib/Statocles/App/Blog.pm
cp lib/Statocles/Page/List.pm blib/lib/Statocles/Page/List.pm
cp lib/Statocles.pm blib/lib/Statocles.pm
cp lib/Statocles/Page/File.pm blib/lib/Statocles/Page/File.pm
cp lib/Statocles/Deploy.pm blib/lib/Statocles/Deploy.pm
cp lib/Statocles/App/Plain.pm blib/lib/Statocles/App/Plain.pm
cp lib/Statocles/App/Static.pm blib/lib/Statocles/App/Static.pm
cp lib/Statocles/Help/Develop.pod blib/lib/Statocles/Help/Develop.pod
cp lib/Statocles/Help/Config.pod blib/lib/Statocles/Help/Config.pod
cp lib/Statocles/Help/Setup.pod blib/lib/Statocles/Help/Setup.pod
cp lib/Statocles/Plugin/LinkCheck.pm blib/lib/Statocles/Plugin/LinkCheck.pm
cp bin/statocles blib/script/statocles
/home/mojolicious/perl5/perlbrew/perls/perl-5.18.2/bin/perl -MExtUtils::MY -e 'MY->fixin(shift)' -- blib/script/statocles
Manifying blib/man1/statocles.1
Manifying blib/man3/Statocles::Store::File.3
Manifying blib/man3/Statocles::Help::Develop.3
Manifying blib/man3/Statocles::Page::File.3
Manifying blib/man3/Statocles::Deploy::Git.3
Manifying blib/man3/Statocles::Document.3
Manifying blib/man3/Statocles::Store.3
Manifying blib/man3/Statocles::Help::Deploy.3
Manifying blib/man3/Statocles::Help::Theme.3
Manifying blib/man3/Statocles::Page::Feed.3
Manifying blib/man3/Statocles::Event.3
Manifying blib/man3/Statocles::Page.3
Manifying blib/man3/Statocles::Help::Content.3
Manifying blib/man3/Statocles::Deploy::File.3
Manifying blib/man3/Statocles::Help.3
Manifying blib/man3/Statocles::Base.3
Manifying blib/man3/Statocles::App::Plain.3
Manifying blib/man3/Statocles::Template.3
Manifying blib/man3/Statocles::Site.3
Manifying blib/man3/Statocles::Plugin::LinkCheck.3
Manifying blib/man3/Statocles::Command.3
Manifying blib/man3/Statocles::App::Static.3
Manifying blib/man3/Statocles::Help::Config.3
Manifying blib/man3/Statocles::Deploy.3
Manifying blib/man3/Statocles::Page::Plain.3
Manifying blib/man3/Statocles::Page::List.3
Manifying blib/man3/Statocles.3
Manifying blib/man3/Statocles::App::Blog.3
Manifying blib/man3/Statocles::Theme.3
Manifying blib/man3/Statocles::Page::Document.3
Manifying blib/man3/Statocles::App::Perldoc.3
Manifying blib/man3/Statocles::Link.3
Manifying blib/man3/Statocles::Types.3
Manifying blib/man3/Statocles::Help::Setup.3
Manifying blib/man3/Statocles::Test.3
Manifying blib/man3/Statocles::App.3
Skip blib/lib/auto/share/dist/Statocles/theme/default/site/head_after.html.ep (unchanged)
Skip blib/lib/auto/share/dist/Statocles/theme/default/blog/index.rss.ep (unchanged)
Skip blib/lib/auto/share/dist/Statocles/theme/default/site/layout.html.ep (unchanged)
Skip blib/lib/auto/share/dist/Statocles/theme/default/perldoc/source.html.ep (unchanged)
Skip blib/lib/auto/share/dist/Statocles/theme/default/blog/post.html.ep (unchanged)
Skip blib/lib/auto/share/dist/Statocles/theme/default/perldoc/pod.html.ep (unchanged)
Skip blib/lib/auto/share/dist/Statocles/create/site.yml (unchanged)
Skip blib/lib/auto/share/dist/Statocles/theme/default/site/sitemap.xml.ep (unchanged)
Skip blib/lib/auto/share/dist/Statocles/theme/default/css/skeleton.css (unchanged)
Skip blib/lib/auto/share/dist/Statocles/theme/default/blog/index.atom.ep (unchanged)
Skip blib/lib/auto/share/dist/Statocles/theme/default/blog/index.html.ep (unchanged)
Skip blib/lib/auto/share/dist/Statocles/theme/default/site/sidebar_before.html.ep (unchanged)
Skip blib/lib/auto/share/dist/Statocles/theme/default/site/header_after.html.ep (unchanged)
Skip blib/lib/auto/share/dist/Statocles/theme/default/css/normalize.css (unchanged)
Skip blib/lib/auto/share/dist/Statocles/zsh/_statocles (unchanged)
Skip blib/lib/auto/share/dist/Statocles/theme/default/site/footer.html.ep (unchanged)
Skip blib/lib/auto/share/dist/Statocles/theme/default/css/statocles-default.css (unchanged)
Skip blib/lib/auto/share/dist/Statocles/create/script.yml (unchanged)
Skip blib/lib/auto/share/dist/Statocles/theme/default/site/robots.txt.ep (unchanged)
Skip blib/lib/auto/share/dist/Statocles/theme/default/site/style.html (unchanged)
PERL_DL_NONLAZY=1 /home/mojolicious/perl5/perlbrew/perls/perl-5.18.2/bin/perl "-MExtUtils::Command::MM" "-e" "test_harness(0, 'blib/lib', 'blib/arch')" t/*.t t/app/*.t t/app/blog/*.t t/app/perldoc/*.t t/app/plain/*.t t/app/static/*.t t/bin/*.t t/command/*.t t/deploy/*.t t/page/*.t t/plugin/*.t t/site/*.t t/store/file/*.t t/template/*.t t/theme/*.t
t/00-compile.t ................ ok
#
# Versions for all modules listed in MYMETA.json (including optional ones):
#
# === Configure Requires ===
#
# Module Want Have
# ----------------------- ---- ----
# ExtUtils::MakeMaker any 6.66
# File::ShareDir::Install 0.06 0.10
#
# === Build Requires ===
#
# Module Want Have
# ------------------- ---- ----
# ExtUtils::MakeMaker any 6.66
#
# === Test Requires ===
#
# Module Want Have
# ------------------- -------- --------
# Capture::Tiny any 0.28
# Dir::Self any 0.11
# ExtUtils::MakeMaker any 6.66
# File::Spec any 3.40
# IO::Handle any 1.34
# IPC::Open3 any 1.13
# Storable any 2.41
# Test::Deep any 0.115
# Test::Differences any 0.63
# Test::Exception any 0.38
# Test::More 1.001005 1.001014
#
# === Test Recommends ===
#
# Module Want Have
# ---------- -------- --------
# CPAN::Meta 2.120900 2.120921
#
# === Runtime Requires ===
#
# Module Want Have
# --------------------- -------- --------
# Beam::Emitter 0.007 1.000
# Beam::Wire 1.013 1.013
# Encode any 2.49
# File::Copy::Recursive any 0.38
# File::Share any 0.25
# Git::Repository any 1.314
# Import::Base 0.009 0.012
# List::MoreUtils any 0.412
# Mojolicious 6.0 6.0
# Moo 2.000001 2.000001
# Path::Tiny 0.060 0.068
# Pod::Usage::Return any 0.003
# Text::Markdown any 1.000031
# Time::Piece any 1.20_01
# Type::Tiny any 1.000005
# Types::Path::Tiny any 0.005
# YAML any 1.15
# strict any 1.07
# warnings any 1.18
#
# === Runtime Recommends ===
#
# Module Want Have
# -------------- ---- -------
# PPI any missing
# Pod::Elemental any missing
# Pod::Weaver any missing
#
t/00-report-prereqs.t ......... ok
Filehandle STDIN reopened as $Testout only for output at /home/mojolicious/perl5/perlbrew/perls/perl-5.18.2/lib/site_perl/5.18.2/Test/Builder.pm line 1953.
# Child (run the command) exited without calling finalize()
# Failed test 'run the command'
# at /home/mojolicious/perl5/perlbrew/perls/perl-5.18.2/lib/site_perl/5.18.2/Test/Builder.pm line 266.
# Child (default document) exited without calling finalize()
# Failed test 'default document'
# at /home/mojolicious/perl5/perlbrew/perls/perl-5.18.2/lib/site_perl/5.18.2/Test/Builder.pm line 266.
# Child (create new post) exited without calling finalize()
# Failed test 'create new post'
# at /home/mojolicious/perl5/perlbrew/perls/perl-5.18.2/lib/site_perl/5.18.2/Test/Builder.pm line 266.
Error from close(GLOB(0xf33148)): Bad file descriptor at /home/mojolicious/perl5/perlbrew/perls/perl-5.18.2/lib/site_perl/5.18.2/Capture/Tiny.pm line 105.
Capture::Tiny::_close('GLOB(0xf33148)') called at /home/mojolicious/perl5/perlbrew/perls/perl-5.18.2/lib/site_perl/5.18.2/Capture/Tiny.pm line 164
Capture::Tiny::_unproxy('stdin', 'GLOB(0xf33148)') called at /home/mojolicious/perl5/perlbrew/perls/perl-5.18.2/lib/site_perl/5.18.2/Capture/Tiny.pm line 382
Capture::Tiny::_capture_tee(1, 1, 0, 0, 'CODE(0x2a8e888)') called at t/app/blog/command.t line 77
main::__ANON__() called at /home/mojolicious/perl5/perlbrew/perls/perl-5.18.2/lib/site_perl/5.18.2/Test/Builder.pm line 261
Test::Builder::__ANON__() called at /home/mojolicious/perl5/perlbrew/perls/perl-5.18.2/lib/site_perl/5.18.2/Test/Builder.pm line 266
eval {...} called at /home/mojolicious/perl5/perlbrew/perls/perl-5.18.2/lib/site_perl/5.18.2/Test/Builder.pm line 266
Test::Builder::subtest('Test::Builder=HASH(0x12512b0)', 'run the command', 'CODE(0x2a89c80)') called at /home/mojolicious/perl5/perlbrew/perls/perl-5.18.2/lib/site_perl/5.18.2/Test/More.pm line 771
Test::More::subtest('run the command', 'CODE(0x2a89c80)') called at t/app/blog/command.t line 82
main::__ANON__() called at /home/mojolicious/perl5/perlbrew/perls/perl-5.18.2/lib/site_perl/5.18.2/Test/Builder.pm line 261
Test::Builder::__ANON__() called at /home/mojolicious/perl5/perlbrew/perls/perl-5.18.2/lib/site_perl/5.18.2/Test/Builder.pm line 266
eval {...} called at /home/mojolicious/perl5/perlbrew/perls/perl-5.18.2/lib/site_perl/5.18.2/Test/Builder.pm line 266
Test::Builder::subtest('Test::Builder=HASH(0x12512b0)', 'default document', 'CODE(0xf3e990)') called at /home/mojolicious/perl5/perlbrew/perls/perl-5.18.2/lib/site_perl/5.18.2/Test/More.pm line 771
Test::More::subtest('default document', 'CODE(0xf3e990)') called at t/app/blog/command.t line 103
main::__ANON__() called at /home/mojolicious/perl5/perlbrew/perls/perl-5.18.2/lib/site_perl/5.18.2/Test/Builder.pm line 261
Test::Builder::__ANON__() called at /home/mojolicious/perl5/perlbrew/perls/perl-5.18.2/lib/site_perl/5.18.2/Test/Builder.pm line 266
eval {...} called at /home/mojolicious/perl5/perlbrew/perls/perl-5.18.2/lib/site_perl/5.18.2/Test/Builder.pm line 266
Test::Builder::subtest('Test::Builder=HASH(0x12512b0)', 'create new post', 'CODE(0x2a7f8c8)') called at /home/mojolicious/perl5/perlbrew/perls/perl-5.18.2/lib/site_perl/5.18.2/Test/More.pm line 771
Test::More::subtest('create new post', 'CODE(0x2a7f8c8)') called at t/app/blog/command.t line 291
main::__ANON__() called at /home/mojolicious/perl5/perlbrew/perls/perl-5.18.2/lib/site_perl/5.18.2/Test/Builder.pm line 261
Test::Builder::__ANON__() called at /home/mojolicious/perl5/perlbrew/perls/perl-5.18.2/lib/site_perl/5.18.2/Test/Builder.pm line 266
eval {...} called at /home/mojolicious/perl5/perlbrew/perls/perl-5.18.2/lib/site_perl/5.18.2/Test/Builder.pm line 266
Test::Builder::subtest('Test::Builder=HASH(0x12512b0)', 'post', 'CODE(0x297e298)') called at /home/mojolicious/perl5/perlbrew/perls/perl-5.18.2/lib/site_perl/5.18.2/Test/More.pm line 771
Test::More::subtest('post', 'CODE(0x297e298)') called at t/app/blog/command.t line 292
# Child (post) exited without calling finalize()
# Failed test 'post'
# at /home/mojolicious/perl5/perlbrew/perls/perl-5.18.2/lib/site_perl/5.18.2/Test/Builder.pm line 279.
# Tests were run but no plan was declared and done_testing() was not seen.
# Looks like your test exited with 9 just after 3.
t/app/blog/command.t ..........
Dubious, test returned 9 (wstat 2304, 0x900)
Failed 1/3 subtests
t/app/blog/constructor.t ...... ok
# Current LC_TIME locale: C
# Could not set locale to ru_RU. Still
t/app/blog/pages.t ............ ok
t/app/blog/recent_posts.t ..... ok
t/app/perldoc/constructor.t ... ok
t/app/perldoc/pages.t ......... ok
t/app/plain.t ................. ok
t/app/plain/constructor.t ..... ok
t/app/plain/pages.t ........... ok
t/app/static/constructor.t .... ok
t/app/static/pages.t .......... ok
t/bin/statocles.t ............. ok
# Failed test 'nothing on stderr'
# at t/command/apps.t line 33.
# STDERR: Use of uninitialized value $content in split at /home/mojolicious/.cpanm/work/1432690732.4117/Statocles-0.046/blib/lib/Statocles/Store/File.pm line 111.
# Use of uninitialized value $lines[0] in pattern match (m//) at /home/mojolicious/.cpanm/work/1432690732.4117/Statocles-0.046/blib/lib/Statocles/Store/File.pm line 112.
# Filehandle STDIN reopened as $fh only for output at /tmp/29mOf4yOyu/lib/perl5/Path/Tiny.pm line 864.
# Filehandle STDIN reopened as $fh only for output at /tmp/29mOf4yOyu/lib/perl5/Path/Tiny.pm line 825.
# Filehandle STDIN reopened as STDOUT only for output at /home/mojolicious/perl5/perlbrew/perls/perl-5.18.2/lib/site_perl/5.18.2/Capture/Tiny.pm line 99.
# Filehandle STDIN reopened as STDERR only for output at /home/mojolicious/perl5/perlbrew/perls/perl-5.18.2/lib/site_perl/5.18.2/Capture/Tiny.pm line 99.
# Looks like you failed 1 test of 4.
# Failed test 'delegate to app command'
# at t/command/apps.t line 38.
# Looks like you failed 1 test of 2.
t/command/apps.t ..............
Dubious, test returned 1 (wstat 256, 0x100)
Failed 1/2 subtests
t/command/build_and_deploy.t .. ok
t/command/bundle.t ............ ok
# Git version: 1.009001
t/command/create.t ............ ok
t/command/daemon.t ............ ok
t/command/error.t ............. ok
t/command/help_and_version.t .. ok
t/command/mojo_app.t .......... ok
t/deploy/file.t ............... ok
# Git version: 1.009001
t/deploy/git.t ................ ok
t/link.t ...................... ok
t/page/document.t ............. ok
t/page/feed.t ................. ok
t/page/file.t ................. ok
t/page/list.t ................. ok
t/page/plain.t ................ ok
[Wed May 27 03:42:59 2015] [warn] URL broken on /blog/2014/06/02/more_tags.html: '/blog/2014/06/02/does_not_exist' not found
[Wed May 27 03:42:59 2015] [warn] URL broken on /blog/2014/06/02/more_tags.html: '/does_not_exist.jpg' not found
[Wed May 27 03:42:59 2015] [warn] URL broken on /blog/2014/06/02/more_tags.html: '/does_not_exist' not found
[Wed May 27 03:42:59 2015] [warn] URL broken on /blog/2014/06/02/more_tags.html: '/images/with spaces.png' not found
[Wed May 27 03:42:59 2015] [warn] URL broken on /blog/2014/06/02/more_tags.html: '/blog/2014/06/02/does_not_exist' not found
[Wed May 27 03:42:59 2015] [warn] URL broken on /blog/2014/06/02/more_tags.html: '/images/with spaces.png' not found
t/plugin/link_check.t ......... ok
t/site/build_and_deploy.t ..... ok
t/site/constructor.t .......... ok
t/site/data.t ................. ok
t/site/events.t ............... ok
t/site/index.t ................ ok
t/site/nav.t .................. ok
t/site/sitemap_and_robots.t ... ok
t/site/url.t .................. ok
t/site/warnings.t ............. ok
t/store/file/constructor.t .... ok
t/store/file/document.t ....... ok
t/store/file/file.t ........... ok
t/template/basic.t ............ ok
t/template/include.t .......... ok
t/theme.t ..................... ok
t/theme/check.t ............... ok
t/types.t ..................... ok
Test Summary Report
-------------------
t/app/blog/command.t (Wstat: 2304 Tests: 3 Failed: 1)
Failed test: 3
Non-zero exit status: 9
Parse errors: No plan found in TAP output
t/command/apps.t (Wstat: 256 Tests: 2 Failed: 1)
Failed test: 2
Non-zero exit status: 1
Files=48, Tests=235, 56 wallclock secs ( 0.35 usr 0.07 sys + 49.27 cusr 4.94 csys = 54.63 CPU)
Result: FAIL
------------------------------
PREREQUISITES
------------------------------
Prerequisite modules loaded:
runtime:
Module Need Have
----------------------- -------- --------
! Beam::Emitter 0.007 n/a
! Beam::Wire 1.013 n/a
Encode 0 2.49
! File::Copy::Recursive 0 n/a
! File::Share 0 n/a
! Git::Repository 0 n/a
! Import::Base 0.009 n/a
! List::MoreUtils 0 n/a
! Mojolicious 6.0 n/a
! Moo 2.000001 n/a
! Path::Tiny 0.060 n/a
perl 5.010 5.018002
! Pod::Usage::Return 0 n/a
strict 0 1.07
! Text::Markdown 0 n/a
Time::Piece 0 1.20_01
! Type::Tiny 0 n/a
! Types::Path::Tiny 0 n/a
warnings 0 1.18
! YAML 0 n/a
build:
Module Need Have
----------------------- -------- --------
Capture::Tiny 0 0.28
! Dir::Self 0 n/a
ExtUtils::MakeMaker 0 6.66
File::Spec 0 3.40
IO::Handle 0 1.34
IPC::Open3 0 1.13
Storable 0 2.41
Test::Deep 0 0.115
! Test::Differences 0 n/a
! Test::Exception 0 n/a
Test::More 1.001005 1.001014
configure:
Module Need Have
----------------------- -------- --------
ExtUtils::MakeMaker 0 6.66
! File::ShareDir::Install 0.06 n/a
------------------------------
ENVIRONMENT AND OTHER CONTEXT
------------------------------
Environment variables:
PATH = /home/mojolicious/perl5/perlbrew/bin:/home/mojolicious/perl5/perlbrew/perls/perl-5.20.1/bin:/usr/local/bin:/usr/bin:/bin:/usr/local/games:/usr/games:/home/mojolicious/mojolib/5.18.2/6.0/bin
PERLBREW_BASHRC_VERSION = 0.73
PERLBREW_HOME = /home/mojolicious/.perlbrew
PERLBREW_MANPATH = /home/mojolicious/perl5/perlbrew/perls/perl-5.20.1/man
PERLBREW_PATH = /home/mojolicious/perl5/perlbrew/bin:/home/mojolicious/perl5/perlbrew/perls/perl-5.20.1/bin
PERLBREW_PERL = perl-5.20.1
PERLBREW_ROOT = /home/mojolicious/perl5/perlbrew
PERLBREW_VERSION = 0.73
SHELL = /bin/bash
TERM = xterm
Perl special variables (and OS-specific diagnostics, for MSWin32):
EGID = 1003 1003
EUID = 1003
EXECUTABLE_NAME = /home/mojolicious/perl5/perlbrew/perls/perl-5.18.2/bin/perl
GID = 1003 1003
UID = 1003
Perl module toolchain versions installed:
Module Have
------------------- --------
CPAN 2.00
CPAN::Meta 2.120921
Cwd 3.40
ExtUtils::CBuilder 0.280210
ExtUtils::Command 1.17
ExtUtils::Install 1.59
ExtUtils::MakeMaker 6.66
ExtUtils::Manifest 1.63
ExtUtils::ParseXS 3.18
File::Spec 3.40
JSON 2.90
JSON::PP 2.27202
Module::Build 0.4003
Module::Signature n/a
Parse::CPAN::Meta 1.4404
Test::Harness 3.26
Test::More 1.001014
YAML n/a
YAML::Syck n/a
version 0.9902
--
Summary of my perl5 (revision 5 version 18 subversion 2) configuration:
Platform:
osname=linux, osvers=3.13.0-042stab094.8, archname=x86_64-linux
uname='linux lvps92-51-161-142.dedicated.hosteurope.de 3.13.0-042stab094.8 #1 smp tue dec 16 20:36:56 msk 2014 x86_64 x86_64 x86_64 gnulinux '
config_args='-de -Dprefix=/home/mojolicious/perl5/perlbrew/perls/perl-5.18.2 -Aeval:scriptdir=/home/mojolicious/perl5/perlbrew/perls/perl-5.18.2/bin'
hint=recommended, useposix=true, d_sigaction=define
useithreads=undef, usemultiplicity=undef
useperlio=define, d_sfio=undef, uselargefiles=define, usesocks=undef
use64bitint=define, use64bitall=define, uselongdouble=undef
usemymalloc=n, bincompat5005=undef
Compiler:
cc='cc', ccflags ='-fno-strict-aliasing -pipe -fstack-protector -I/usr/local/include -D_LARGEFILE_SOURCE -D_FILE_OFFSET_BITS=64',
optimize='-O2',
cppflags='-fno-strict-aliasing -pipe -fstack-protector -I/usr/local/include'
ccversion='', gccversion='4.8.2', gccosandvers=''
intsize=4, longsize=8, ptrsize=8, doublesize=8, byteorder=12345678
d_longlong=define, longlongsize=8, d_longdbl=define, longdblsize=16
ivtype='long', ivsize=8, nvtype='double', nvsize=8, Off_t='off_t', lseeksize=8
alignbytes=8, prototype=define
Linker and Libraries:
ld='cc', ldflags =' -fstack-protector -L/usr/local/lib'
libpth=/usr/local/lib /lib/x86_64-linux-gnu /lib/../lib /usr/lib/x86_64-linux-gnu /usr/lib/../lib /lib /usr/lib
libs=-lnsl -ldl -lm -lcrypt -lutil -lc
perllibs=-lnsl -ldl -lm -lcrypt -lutil -lc
libc=libc-2.19.so, so=so, useshrplib=false, libperl=libperl.a
gnulibc_version='2.19'
Dynamic Linking:
dlsrc=dl_dlopen.xs, dlext=so, d_dlsymun=undef, ccdlflags='-Wl,-E'
cccdlflags='-fPIC', lddlflags='-shared -O2 -L/usr/local/lib -fstack-protector'
Characteristics of this binary (from libperl):
Compile-time options: HAS_TIMES PERLIO_LAYERS PERL_DONT_CREATE_GVSV
PERL_HASH_FUNC_ONE_AT_A_TIME_HARD PERL_MALLOC_WRAP
PERL_PRESERVE_IVUV PERL_SAWAMPERSAND USE_64_BIT_ALL
USE_64_BIT_INT USE_LARGE_FILES USE_LOCALE
USE_LOCALE_COLLATE USE_LOCALE_CTYPE
USE_LOCALE_NUMERIC USE_PERLIO USE_PERL_ATOF
Locally applied patches:
Devel::PatchPerl 1.30
Built under linux
Compiled at Feb 14 2015 12:27:20
%ENV:
PERLBREW_BASHRC_VERSION="0.73"
PERLBREW_HOME="/home/mojolicious/.perlbrew"
PERLBREW_MANPATH="/home/mojolicious/perl5/perlbrew/perls/perl-5.20.1/man"
PERLBREW_PATH="/home/mojolicious/perl5/perlbrew/bin:/home/mojolicious/perl5/perlbrew/perls/perl-5.20.1/bin"
PERLBREW_PERL="perl-5.20.1"
PERLBREW_ROOT="/home/mojolicious/perl5/perlbrew"
PERLBREW_VERSION="0.73"
@INC:
/home/mojolicious/perl5/perlbrew/perls/perl-5.18.2/lib/site_perl/5.18.2/x86_64-linux
/home/mojolicious/perl5/perlbrew/perls/perl-5.18.2/lib/site_perl/5.18.2
/home/mojolicious/perl5/perlbrew/perls/perl-5.18.2/lib/5.18.2/x86_64-linux
/home/mojolicious/perl5/perlbrew/perls/perl-5.18.2/lib/5.18.2
.