Math-Symbolic v0.606 Perl 5 v5.17.4 x86_64-linux-ld

Status
Fail
From
Andreas J. König (ANDK)
Dist
Math-Symbolic v0.606
Platform
Perl 5 v5.17.4 x86_64-linux-ld
Date
2012-08-30 08:45:09
ID
010bf51c-f27f-11e1-bfeb-81f77dd9fe3d
This distribution has been tested as part of the CPAN Testers
project, supporting the Perl programming language.  See
http://wiki.cpantesters.org/ for more information or email
questions to cpan-testers-discuss@perl.org


--
Dear Steffen Mueller,

This is a computer-generated report for Math-Symbolic-0.606
on perl 5.17.4, created by CPAN-Reporter-1.2006.

Thank you for uploading your work to CPAN.  However, there was a problem
testing your distribution.

If you think this report is invalid, please consult the CPAN Testers Wiki
for suggestions on how to avoid getting FAIL reports for missing library
or binary dependencies, unsupported operating systems, and so on:

http://wiki.cpantesters.org/wiki/CPANAuthorNotes

Sections of this report:

    * Tester comments
    * Program output
    * Prerequisites
    * Environment and other context

------------------------------
TESTER COMMENTS
------------------------------

Additional comments from tester:

this report is from an automated smoke testing program
and was not reviewed by a human for accuracy

------------------------------
PROGRAM OUTPUT
------------------------------

Output from './Build test':

t/00dist.t ............... skipped: Test::Distribution not installed

#   Failed test 'POD test for blib/lib/Math/Symbolic.pm'
#   at /home/src/perl/repoperls/installed-perls/perl/v5.17.3-180-g28453e5/a2da/lib/site_perl/5.17.4/Test/Pod.pm line 182.
# blib/lib/Math/Symbolic.pm (560): Non-ASCII character seen before =encoding in 'Müller,'. Assuming ISO8859-1

#   Failed test 'POD test for blib/lib/Math/Symbolic/ExportConstants.pm'
#   at /home/src/perl/repoperls/installed-perls/perl/v5.17.3-180-g28453e5/a2da/lib/site_perl/5.17.4/Test/Pod.pm line 182.
# blib/lib/Math/Symbolic/ExportConstants.pm (123): Non-ASCII character seen before =encoding in 'Müller,'. Assuming ISO8859-1

#   Failed test 'POD test for blib/lib/Math/Symbolic/Derivative.pm'
#   at /home/src/perl/repoperls/installed-perls/perl/v5.17.3-180-g28453e5/a2da/lib/site_perl/5.17.4/Test/Pod.pm line 182.
# blib/lib/Math/Symbolic/Derivative.pm (694): Non-ASCII character seen before =encoding in 'Müller,'. Assuming ISO8859-1

#   Failed test 'POD test for blib/lib/Math/Symbolic/Parser.pm'
#   at /home/src/perl/repoperls/installed-perls/perl/v5.17.3-180-g28453e5/a2da/lib/site_perl/5.17.4/Test/Pod.pm line 182.
# blib/lib/Math/Symbolic/Parser.pm (562): Non-ASCII character seen before =encoding in 'Müller,'. Assuming ISO8859-1

#   Failed test 'POD test for blib/lib/Math/Symbolic/Operator.pm'
#   at /home/src/perl/repoperls/installed-perls/perl/v5.17.3-180-g28453e5/a2da/lib/site_perl/5.17.4/Test/Pod.pm line 182.
# blib/lib/Math/Symbolic/Operator.pm (1082): Non-ASCII character seen before =encoding in 'Müller,'. Assuming ISO8859-1

#   Failed test 'POD test for blib/lib/Math/Symbolic/Base.pm'
#   at /home/src/perl/repoperls/installed-perls/perl/v5.17.3-180-g28453e5/a2da/lib/site_perl/5.17.4/Test/Pod.pm line 182.
# blib/lib/Math/Symbolic/Base.pm (806): Non-ASCII character seen before =encoding in 'Müller,'. Assuming ISO8859-1

#   Failed test 'POD test for blib/lib/Math/Symbolic/MiscCalculus.pm'
#   at /home/src/perl/repoperls/installed-perls/perl/v5.17.3-180-g28453e5/a2da/lib/site_perl/5.17.4/Test/Pod.pm line 182.
# blib/lib/Math/Symbolic/MiscCalculus.pm (302): Non-ASCII character seen before =encoding in 'Müller,'. Assuming ISO8859-1

#   Failed test 'POD test for blib/lib/Math/Symbolic/Variable.pm'
#   at /home/src/perl/repoperls/installed-perls/perl/v5.17.3-180-g28453e5/a2da/lib/site_perl/5.17.4/Test/Pod.pm line 182.
# blib/lib/Math/Symbolic/Variable.pm (253): Non-ASCII character seen before =encoding in 'Müller,'. Assuming ISO8859-1

#   Failed test 'POD test for blib/lib/Math/Symbolic/Custom.pm'
#   at /home/src/perl/repoperls/installed-perls/perl/v5.17.3-180-g28453e5/a2da/lib/site_perl/5.17.4/Test/Pod.pm line 182.
# blib/lib/Math/Symbolic/Custom.pm (165): Non-ASCII character seen before =encoding in 'Müller,'. Assuming ISO8859-1

#   Failed test 'POD test for blib/lib/Math/Symbolic/AuxFunctions.pm'
#   at /home/src/perl/repoperls/installed-perls/perl/v5.17.3-180-g28453e5/a2da/lib/site_perl/5.17.4/Test/Pod.pm line 182.
# blib/lib/Math/Symbolic/AuxFunctions.pm (176): Non-ASCII character seen before =encoding in 'Müller,'. Assuming ISO8859-1

#   Failed test 'POD test for blib/lib/Math/Symbolic/VectorCalculus.pm'
#   at /home/src/perl/repoperls/installed-perls/perl/v5.17.3-180-g28453e5/a2da/lib/site_perl/5.17.4/Test/Pod.pm line 182.
# blib/lib/Math/Symbolic/VectorCalculus.pm (788): Non-ASCII character seen before =encoding in 'Müller,'. Assuming ISO8859-1

#   Failed test 'POD test for blib/lib/Math/Symbolic/Constant.pm'
#   at /home/src/perl/repoperls/installed-perls/perl/v5.17.3-180-g28453e5/a2da/lib/site_perl/5.17.4/Test/Pod.pm line 182.
# blib/lib/Math/Symbolic/Constant.pm (285): Non-ASCII character seen before =encoding in 'Müller,'. Assuming ISO8859-1

#   Failed test 'POD test for blib/lib/Math/Symbolic/Compiler.pm'
#   at /home/src/perl/repoperls/installed-perls/perl/v5.17.3-180-g28453e5/a2da/lib/site_perl/5.17.4/Test/Pod.pm line 182.
# blib/lib/Math/Symbolic/Compiler.pm (323): Non-ASCII character seen before =encoding in 'Müller,'. Assuming ISO8859-1

#   Failed test 'POD test for blib/lib/Math/Symbolic/MiscAlgebra.pm'
#   at /home/src/perl/repoperls/installed-perls/perl/v5.17.3-180-g28453e5/a2da/lib/site_perl/5.17.4/Test/Pod.pm line 182.
# blib/lib/Math/Symbolic/MiscAlgebra.pm (272): Non-ASCII character seen before =encoding in 'Müller,'. Assuming ISO8859-1

#   Failed test 'POD test for blib/lib/Math/Symbolic/Parser/Precompiled.pm'
#   at /home/src/perl/repoperls/installed-perls/perl/v5.17.3-180-g28453e5/a2da/lib/site_perl/5.17.4/Test/Pod.pm line 182.
# blib/lib/Math/Symbolic/Parser/Precompiled.pm (32): Non-ASCII character seen before =encoding in 'Müller,'. Assuming ISO8859-1

#   Failed test 'POD test for blib/lib/Math/Symbolic/Custom/Base.pm'
#   at /home/src/perl/repoperls/installed-perls/perl/v5.17.3-180-g28453e5/a2da/lib/site_perl/5.17.4/Test/Pod.pm line 182.
# blib/lib/Math/Symbolic/Custom/Base.pm (92): Non-ASCII character seen before =encoding in 'Müller,'. Assuming ISO8859-1

#   Failed test 'POD test for blib/lib/Math/Symbolic/Custom/DefaultMods.pm'
#   at /home/src/perl/repoperls/installed-perls/perl/v5.17.3-180-g28453e5/a2da/lib/site_perl/5.17.4/Test/Pod.pm line 182.
# blib/lib/Math/Symbolic/Custom/DefaultMods.pm (388): Non-ASCII character seen before =encoding in 'Müller,'. Assuming ISO8859-1

#   Failed test 'POD test for blib/lib/Math/Symbolic/Custom/DefaultDumpers.pm'
#   at /home/src/perl/repoperls/installed-perls/perl/v5.17.3-180-g28453e5/a2da/lib/site_perl/5.17.4/Test/Pod.pm line 182.
# blib/lib/Math/Symbolic/Custom/DefaultDumpers.pm (126): Non-ASCII character seen before =encoding in 'Müller,'. Assuming ISO8859-1

#   Failed test 'POD test for blib/lib/Math/Symbolic/Custom/DefaultTests.pm'
#   at /home/src/perl/repoperls/installed-perls/perl/v5.17.3-180-g28453e5/a2da/lib/site_perl/5.17.4/Test/Pod.pm line 182.
# blib/lib/Math/Symbolic/Custom/DefaultTests.pm (544): Non-ASCII character seen before =encoding in 'Müller,'. Assuming ISO8859-1
# Looks like you failed 19 tests of 20.
t/00pod.t ................ 
Dubious, test returned 19 (wstat 4864, 0x1300)
Failed 19/20 subtests 
t/00podcover.t ........... ok
t/01basic.t .............. ok
t/02basic.t .............. ok
t/03exp.t ................ ok
t/04deep_derivatives.t ... ok
t/05unary_minus.t ........ ok
t/06parser.t ............. ok
t/07simple_trig.t ........ ok
t/08parse_hyperbolic.t ... ok
t/09hyperbolic.t ......... ok
t/10hyperbolic.t ......... ok
t/11trigonometric.t ...... ok
t/12overload.t ........... ok
t/13parse_more.t ......... ok
t/14compile.t ............ ok
t/15total_derivatives.t .. ok
t/16tests.t .............. ok
t/17modifications.t ...... ok
t/18vectorcalc.t ......... ok
t/19misccalc.t ........... ok
t/20miscalgebra.t ........ ok
t/21more_derivatives.t ... ok
t/22dumpers.t ............ ok
t/90regression.t ......... ok

Test Summary Report
-------------------
t/00pod.t              (Wstat: 4864 Tests: 20 Failed: 19)
  Failed tests:  1-14, 16-20
  Non-zero exit status: 19
Files=26, Tests=477,  6 wallclock secs ( 0.12 usr  0.03 sys +  4.79 cusr  0.30 csys =  5.24 CPU)
Result: FAIL
Failed 1/26 test programs. 19/477 subtests failed.

------------------------------
PREREQUISITES
------------------------------

Prerequisite modules loaded:

requires:

    Module              Need Have    
    ------------------- ---- --------
    Data::Dumper        0    2.135_07
    Memoize             1.01 1.03    
    Parse::RecDescent   0    1.967009

build_requires:

    Module              Need Have    
    ------------------- ---- --------
    Test::More          0    0.98    

configure_requires:

    Module              Need Have    
    ------------------- ---- --------
    ExtUtils::MakeMaker 0    6.63_02 


------------------------------
ENVIRONMENT AND OTHER CONTEXT
------------------------------

Environment variables:

    AUTOMATED_TESTING = 1
    LANG = en_US.UTF-8
    LANGUAGE = en_US:en
    PATH = /home/sand/bin:/usr/local/bin:/usr/bin:/bin:/usr/bin/X11:/usr/games:/usr/local/perl/bin:/usr/X11/bin:/sbin:/usr/sbin
    PERL5LIB = /tmp/loop_over_bdir-2IEdu4/Mail-SpamAssassin-2.43-yH84XD/blib/arch:/tmp/loop_over_bdir-2IEdu4/Mail-SpamAssassin-2.43-yH84XD/blib/lib
    PERL5OPT = 
    PERL5_CPANPLUS_IS_RUNNING = 22159
    PERL5_CPAN_IS_RUNNING = 22159
    PERL_MM_USE_DEFAULT = 1
    SHELL = /usr/bin/zsh
    TERM = screen

Perl special variables (and OS-specific diagnostics, for MSWin32):

    $^X = /mnt/k75/homesand/src/perl/repoperls/installed-perls/perl/v5.17.3-180-g28453e5/a2da/bin/perl
    $UID/$EUID = 1005 / 1005
    $GID = 1005 1005
    $EGID = 1005 1005

Perl module toolchain versions installed:

    Module              Have    
    ------------------- --------
    CPAN                1.9800  
    CPAN::Meta          2.120921
    Cwd                 3.39_02 
    ExtUtils::CBuilder  0.280208
    ExtUtils::Command   1.17    
    ExtUtils::Install   1.58    
    ExtUtils::MakeMaker 6.63_02 
    ExtUtils::Manifest  1.61    
    ExtUtils::ParseXS   3.17    
    File::Spec          3.39_02 
    JSON                2.53    
    JSON::PP            2.27200 
    Module::Build       0.4003  
    Module::Signature   0.68    
    Parse::CPAN::Meta   1.4404  
    Test::Harness       3.25_01 
    Test::More          0.98    
    YAML                0.84    
    YAML::Syck          1.20    
    version             0.99    


--

Summary of my perl5 (revision 5 version 17 subversion 4) configuration:
  Commit id: 28453e5f3d3167d0f1a72abc434059ee99c2ef96
  Platform:
    osname=linux, osvers=3.2.0-3-amd64, archname=x86_64-linux-thread-multi-ld
    uname='linux k83 3.2.0-3-amd64 #1 smp mon jul 23 02:45:17 utc 2012 x86_64 gnulinux '
    config_args='-Dprefix=/home/src/perl/repoperls/installed-perls/perl/v5.17.3-180-g28453e5/a2da -Dmyhostname=k83 -Dinstallusrbinperl=n -Uversiononly -Dusedevel -des -Ui_db -Duseithreads -Duselongdouble -DDEBUGGING=-g'
    hint=recommended, useposix=true, d_sigaction=define
    useithreads=define, usemultiplicity=define
    useperlio=define, d_sfio=undef, uselargefiles=define, usesocks=undef
    use64bitint=define, use64bitall=define, uselongdouble=define
    usemymalloc=n, bincompat5005=undef
  Compiler:
    cc='cc', ccflags ='-D_REENTRANT -D_GNU_SOURCE -fno-strict-aliasing -pipe -fstack-protector -I/usr/local/include -D_LARGEFILE_SOURCE -D_FILE_OFFSET_BITS=64',
    optimize='-O2 -g',
    cppflags='-D_REENTRANT -D_GNU_SOURCE -fno-strict-aliasing -pipe -fstack-protector -I/usr/local/include'
    ccversion='', gccversion='4.7.1', gccosandvers=''
    intsize=4, longsize=8, ptrsize=8, doublesize=8, byteorder=12345678
    d_longlong=define, longlongsize=8, d_longdbl=define, longdblsize=16
    ivtype='long', ivsize=8, nvtype='long double', nvsize=16, Off_t='off_t', lseeksize=8
    alignbytes=16, prototype=define
  Linker and Libraries:
    ld='cc', ldflags =' -fstack-protector -L/usr/local/lib'
    libpth=/usr/local/lib /lib/x86_64-linux-gnu /lib/../lib /usr/lib/x86_64-linux-gnu /usr/lib/../lib /lib /usr/lib
    libs=-lnsl -ldb -ldl -lm -lcrypt -lutil -lpthread -lc
    perllibs=-lnsl -ldl -lm -lcrypt -lutil -lpthread -lc
    libc=, so=so, useshrplib=false, libperl=libperl.a
    gnulibc_version='2.13'
  Dynamic Linking:
    dlsrc=dl_dlopen.xs, dlext=so, d_dlsymun=undef, ccdlflags='-Wl,-E'
    cccdlflags='-fPIC', lddlflags='-shared -O2 -g -L/usr/local/lib -fstack-protector'


Characteristics of this binary (from libperl): 
  Compile-time options: HAS_TIMES MULTIPLICITY PERLIO_LAYERS
                        PERL_DONT_CREATE_GVSV PERL_IMPLICIT_CONTEXT
                        PERL_MALLOC_WRAP PERL_PRESERVE_IVUV PERL_USE_DEVEL
                        USE_64_BIT_ALL USE_64_BIT_INT USE_ITHREADS
                        USE_LARGE_FILES USE_LOCALE USE_LOCALE_COLLATE
                        USE_LOCALE_CTYPE USE_LOCALE_NUMERIC USE_LONG_DOUBLE
                        USE_PERLIO USE_PERL_ATOF USE_REENTRANT_API
  Built under linux
  Compiled at Aug 29 2012 23:20:34
  %ENV:
    PERL5LIB="/tmp/loop_over_bdir-2IEdu4/Mail-SpamAssassin-2.43-yH84XD/blib/arch:/tmp/loop_over_bdir-2IEdu4/Mail-SpamAssassin-2.43-yH84XD/blib/lib"
    PERL5OPT=""
    PERL5_CPANPLUS_IS_RUNNING="22159"
    PERL5_CPAN_IS_RUNNING="22159"
    PERL_MM_USE_DEFAULT="1"
  @INC:
    /tmp/loop_over_bdir-2IEdu4/Mail-SpamAssassin-2.43-yH84XD/blib/arch
    /tmp/loop_over_bdir-2IEdu4/Mail-SpamAssassin-2.43-yH84XD/blib/lib
    /home/src/perl/repoperls/installed-perls/perl/v5.17.3-180-g28453e5/a2da/lib/site_perl/5.17.4/x86_64-linux-thread-multi-ld
    /home/src/perl/repoperls/installed-perls/perl/v5.17.3-180-g28453e5/a2da/lib/site_perl/5.17.4
    /home/src/perl/repoperls/installed-perls/perl/v5.17.3-180-g28453e5/a2da/lib/5.17.4/x86_64-linux-thread-multi-ld
    /home/src/perl/repoperls/installed-perls/perl/v5.17.3-180-g28453e5/a2da/lib/5.17.4
    .