CHI v0.55 Perl 5 v5.16.0 x86_64-linux-ld

Status
Fail
From
Andreas J. König (ANDK)
Dist
CHI v0.55
Platform
Perl 5 v5.16.0 x86_64-linux-ld
Date
2012-07-04 00:20:05
ID
00f201e0-c56e-11e1-be33-899d81a2c3a6
This distribution has been tested as part of the CPAN Testers
project, supporting the Perl programming language.  See
http://wiki.cpantesters.org/ for more information or email
questions to cpan-testers-discuss@perl.org


--
Dear Jonathan Swartz,

This is a computer-generated report for CHI-0.55
on perl 5.16.0, created by CPAN-Reporter-1.2006.

Thank you for uploading your work to CPAN.  However, there was a problem
testing your distribution.

If you think this report is invalid, please consult the CPAN Testers Wiki
for suggestions on how to avoid getting FAIL reports for missing library
or binary dependencies, unsupported operating systems, and so on:

http://wiki.cpantesters.org/wiki/CPANAuthorNotes

Sections of this report:

    * Tester comments
    * Program output
    * Prerequisites
    * Environment and other context

------------------------------
TESTER COMMENTS
------------------------------

Additional comments from tester:

this report is from an automated smoke testing program
and was not reviewed by a human for accuracy

------------------------------
PROGRAM OUTPUT
------------------------------

Output from '/usr/bin/make test':

PERL_DL_NONLAZY=1 /mnt/k75/homesand/src/perl/repoperls/installed-perls/perl/v5.16.0/127e/bin/perl "-MExtUtils::Command::MM" "-e" "test_harness(0, 'blib/lib', 'blib/arch')" t/*.t
# Testing CHI 0.55, Perl 5.016000, /mnt/k75/homesand/src/perl/repoperls/installed-perls/perl/v5.16.0/127e/bin/perl
t/00-load.t ............................. ok
t/author-03-pod.t ....................... skipped: these tests are for testing by the author
t/author-file-driver.t .................. skipped: these tests are for testing by the author
t/author-no-data-serializer.t ........... skipped: these tests are for testing by the author
t/author-RequiredModules.t .............. skipped: these tests are for testing by the author
t/Bugs.t ................................ ok
t/Config.t .............................. ok
t/Constants.t ........................... ok

#   Failed test 'test_compress_threshold died (IO::Compress::Base::Common version 2.052 required--this is only version 2.015 at /home/src/perl/repoperls/installed-perls/perl/v5.16.0/127e/lib/5.16.0/Compress/Zlib.pm line 10.
# BEGIN failed--compilation aborted at /home/src/perl/repoperls/installed-perls/perl/v5.16.0/127e/lib/5.16.0/Compress/Zlib.pm line 10.
# Compilation failed in require at /tmp/loop_over_bdir-v2ITTY/CHI-0.55-O1Vo7c/blib/lib/CHI/CacheObject.pm line 74.)'
#   at /tmp/loop_over_bdir-v2ITTY/CHI-0.55-O1Vo7c/blib/lib/CHI/Test/Class.pm line 27.
#   (in CHI::t::Driver::Memory->test_compress_threshold)
# Looks like you failed 1 test of 1001.
t/Driver-Memory.t ....................... 
Dubious, test returned 1 (wstat 256, 0x100)
Failed 1/1001 subtests 
t/Driver-RawMemory.t .................... ok
t/GetError.t ............................ ok
t/Initialize.t .......................... ok
t/Sanity.t .............................. ok
t/SetError.t ............................ ok

#   Failed test 'test_compress_threshold died (IO::Compress::Base::Common version 2.052 required--this is only version 2.015 at /home/src/perl/repoperls/installed-perls/perl/v5.16.0/127e/lib/5.16.0/Compress/Zlib.pm line 10.
# BEGIN failed--compilation aborted at /home/src/perl/repoperls/installed-perls/perl/v5.16.0/127e/lib/5.16.0/Compress/Zlib.pm line 10.
# Compilation failed in require at /tmp/loop_over_bdir-v2ITTY/CHI-0.55-O1Vo7c/blib/lib/CHI/CacheObject.pm line 74.)'
#   at /tmp/loop_over_bdir-v2ITTY/CHI-0.55-O1Vo7c/blib/lib/CHI/Test/Class.pm line 27.
#   (in CHI::t::Driver::CacheCache->test_compress_threshold)
# Looks like you failed 1 test of 963.
t/smoke-Driver-CacheCache.t ............. 
Dubious, test returned 1 (wstat 256, 0x100)
Failed 1/963 subtests 

#   Failed test 'test_compress_threshold died (IO::Compress::Base::Common version 2.052 required--this is only version 2.015 at /home/src/perl/repoperls/installed-perls/perl/v5.16.0/127e/lib/5.16.0/Compress/Zlib.pm line 10.
# BEGIN failed--compilation aborted at /home/src/perl/repoperls/installed-perls/perl/v5.16.0/127e/lib/5.16.0/Compress/Zlib.pm line 10.
# Compilation failed in require at /tmp/loop_over_bdir-v2ITTY/CHI-0.55-O1Vo7c/blib/lib/CHI/CacheObject.pm line 74.)'
#   at /tmp/loop_over_bdir-v2ITTY/CHI-0.55-O1Vo7c/blib/lib/CHI/Test/Class.pm line 27.
#   (in CHI::t::Driver::FastMmap->test_compress_threshold)
# Looks like you failed 1 test of 959.
t/smoke-Driver-FastMmap.t ............... 
Dubious, test returned 1 (wstat 256, 0x100)
Failed 1/959 subtests 

#   Failed test 'test_compress_threshold died (IO::Compress::Base::Common version 2.052 required--this is only version 2.015 at /home/src/perl/repoperls/installed-perls/perl/v5.16.0/127e/lib/5.16.0/Compress/Zlib.pm line 10.
# BEGIN failed--compilation aborted at /home/src/perl/repoperls/installed-perls/perl/v5.16.0/127e/lib/5.16.0/Compress/Zlib.pm line 10.
# Compilation failed in require at /tmp/loop_over_bdir-v2ITTY/CHI-0.55-O1Vo7c/blib/lib/CHI/CacheObject.pm line 74.)'
#   at /tmp/loop_over_bdir-v2ITTY/CHI-0.55-O1Vo7c/blib/lib/CHI/Test/Class.pm line 27.
#   (in CHI::t::Driver::File::DepthZero->test_compress_threshold)
# Looks like you failed 1 test of 969.
t/smoke-Driver-File-DepthZero.t ......... 
Dubious, test returned 1 (wstat 256, 0x100)
Failed 1/969 subtests 

#   Failed test 'test_compress_threshold died (IO::Compress::Base::Common version 2.052 required--this is only version 2.015 at /home/src/perl/repoperls/installed-perls/perl/v5.16.0/127e/lib/5.16.0/Compress/Zlib.pm line 10.
# BEGIN failed--compilation aborted at /home/src/perl/repoperls/installed-perls/perl/v5.16.0/127e/lib/5.16.0/Compress/Zlib.pm line 10.
# Compilation failed in require at /tmp/loop_over_bdir-v2ITTY/CHI-0.55-O1Vo7c/blib/lib/CHI/CacheObject.pm line 74.)'
#   at /tmp/loop_over_bdir-v2ITTY/CHI-0.55-O1Vo7c/blib/lib/CHI/Test/Class.pm line 27.
#   (in CHI::t::Driver::File->test_compress_threshold)
# Looks like you failed 1 test of 968.
t/smoke-Driver-File.t ................... 
Dubious, test returned 1 (wstat 256, 0x100)
Failed 1/968 subtests 

#   Failed test 'test_compress_threshold died (IO::Compress::Base::Common version 2.052 required--this is only version 2.015 at /home/src/perl/repoperls/installed-perls/perl/v5.16.0/127e/lib/5.16.0/Compress/Zlib.pm line 10.
# BEGIN failed--compilation aborted at /home/src/perl/repoperls/installed-perls/perl/v5.16.0/127e/lib/5.16.0/Compress/Zlib.pm line 10.
# Compilation failed in require at /tmp/loop_over_bdir-v2ITTY/CHI-0.55-O1Vo7c/blib/lib/CHI/CacheObject.pm line 74.)'
#   at /tmp/loop_over_bdir-v2ITTY/CHI-0.55-O1Vo7c/blib/lib/CHI/Test/Class.pm line 27.
#   (in CHI::t::Driver::NonMoose->test_compress_threshold)
# Looks like you failed 1 test of 1000.
t/smoke-Driver-NonMoose.t ............... 
Dubious, test returned 1 (wstat 256, 0x100)
Failed 1/1000 subtests 

#   Failed test 'test_compress_threshold died (IO::Compress::Base::Common version 2.052 required--this is only version 2.015 at /home/src/perl/repoperls/installed-perls/perl/v5.16.0/127e/lib/5.16.0/Compress/Zlib.pm line 10.
# BEGIN failed--compilation aborted at /home/src/perl/repoperls/installed-perls/perl/v5.16.0/127e/lib/5.16.0/Compress/Zlib.pm line 10.
# Compilation failed in require at /tmp/loop_over_bdir-v2ITTY/CHI-0.55-O1Vo7c/blib/lib/CHI/CacheObject.pm line 74.)'
#   at /tmp/loop_over_bdir-v2ITTY/CHI-0.55-O1Vo7c/blib/lib/CHI/Test/Class.pm line 27.
#   (in CHI::t::Driver::Subcache::l1_cache->test_compress_threshold)
# Looks like you failed 1 test of 562.
t/smoke-Driver-Subcache-l1_cache.t ...... 
Dubious, test returned 1 (wstat 256, 0x100)
Failed 1/562 subtests 

#   Failed test 'test_compress_threshold died (IO::Compress::Base::Common version 2.052 required--this is only version 2.015 at /home/src/perl/repoperls/installed-perls/perl/v5.16.0/127e/lib/5.16.0/Compress/Zlib.pm line 10.
# BEGIN failed--compilation aborted at /home/src/perl/repoperls/installed-perls/perl/v5.16.0/127e/lib/5.16.0/Compress/Zlib.pm line 10.
# Compilation failed in require at /tmp/loop_over_bdir-v2ITTY/CHI-0.55-O1Vo7c/blib/lib/CHI/CacheObject.pm line 74.)'
#   at /tmp/loop_over_bdir-v2ITTY/CHI-0.55-O1Vo7c/blib/lib/CHI/Test/Class.pm line 27.
#   (in CHI::t::Driver::Subcache::mirror_cache->test_compress_threshold)
# Looks like you failed 1 test of 563.
t/smoke-Driver-Subcache-mirror_cache.t .. 
Dubious, test returned 1 (wstat 256, 0x100)
Failed 1/563 subtests 
t/smoke-Null.t .......................... ok
t/Subcache.t ............................ ok
t/Subclass.t ............................ ok
t/Util.t ................................ ok

Test Summary Report
-------------------
t/Driver-Memory.t                     (Wstat: 256 Tests: 1001 Failed: 1)
  Failed test:  100
  Non-zero exit status: 1
t/smoke-Driver-CacheCache.t           (Wstat: 256 Tests: 963 Failed: 1)
  Failed test:  55
  Non-zero exit status: 1
t/smoke-Driver-FastMmap.t             (Wstat: 256 Tests: 959 Failed: 1)
  Failed test:  55
  Non-zero exit status: 1
t/smoke-Driver-File-DepthZero.t       (Wstat: 256 Tests: 969 Failed: 1)
  Failed test:  55
  Non-zero exit status: 1
t/smoke-Driver-File.t                 (Wstat: 256 Tests: 968 Failed: 1)
  Failed test:  55
  Non-zero exit status: 1
t/smoke-Driver-NonMoose.t             (Wstat: 256 Tests: 1000 Failed: 1)
  Failed test:  100
  Non-zero exit status: 1
t/smoke-Driver-Subcache-l1_cache.t    (Wstat: 256 Tests: 562 Failed: 1)
  Failed test:  51
  Non-zero exit status: 1
t/smoke-Driver-Subcache-mirror_cache.t (Wstat: 256 Tests: 563 Failed: 1)
  Failed test:  55
  Non-zero exit status: 1
Files=25, Tests=7906, 19 wallclock secs ( 0.74 usr  0.05 sys + 11.15 cusr  0.66 csys = 12.60 CPU)
Result: FAIL
Failed 8/25 test programs. 8/7906 subtests failed.
make: *** [test_dynamic] Error 255

------------------------------
PREREQUISITES
------------------------------

Prerequisite modules loaded:

requires:

    Module                Need Have   
    --------------------- ---- -------
    Carp::Assert          0.20 0.20   
    Data::UUID            0    1.217  
    Digest::JHash         0    0.07   
    Digest::MD5           0    2.52   
    File::Spec            0.80 3.39_01
    Hash::MoreUtils       0    0.02   
    JSON                  0    2.53   
    List::MoreUtils       0.13 0.33   
    Log::Any              0.08 0.14   
    Moose                 0.66 2.0603 
    Storable              0    2.35   
    String::RewritePrefix 0    0.006  
    Task::Weaken          0    1.04   
    Time::Duration        1.06 1.06   
    Time::Duration::Parse 0.03 0.06   
    Time::HiRes           1.30 1.9725 
    Try::Tiny             0.05 0.11   

build_requires:

    Module                Need Have   
    --------------------- ---- -------
    Date::Parse           0    2.30   
    Test::Builder         0    0.98_03
    Test::Class           0    0.37   
    Test::Deep            0    0.110  
    Test::Exception       0    0.31   
    Test::More            0    0.98_03
    Test::Warn            0    0.24   

configure_requires:

    Module                Need Have   
    --------------------- ---- -------
    ExtUtils::MakeMaker   6.30 6.63_02


------------------------------
ENVIRONMENT AND OTHER CONTEXT
------------------------------

Environment variables:

    AUTOMATED_TESTING = 1
    LANG = en_US.UTF-8
    LANGUAGE = en_US:en
    PATH = /home/sand/bin:/usr/local/bin:/usr/bin:/bin:/usr/bin/X11:/usr/games:/usr/local/perl/bin:/usr/X11/bin:/sbin:/usr/sbin
    PERL5LIB = 
    PERL5OPT = 
    PERL5_CPANPLUS_IS_RUNNING = 6580
    PERL5_CPAN_IS_RUNNING = 6580
    PERL_MM_USE_DEFAULT = 1
    SHELL = /usr/bin/zsh
    TERM = screen

Perl special variables (and OS-specific diagnostics, for MSWin32):

    $^X = /mnt/k75/homesand/src/perl/repoperls/installed-perls/perl/v5.16.0/127e/bin/perl
    $UID/$EUID = 1005 / 1005
    $GID = 1005 1005
    $EGID = 1005 1005

Perl module toolchain versions installed:

    Module              Have    
    ------------------- --------
    CPAN                1.9800  
    CPAN::Meta          2.120921
    Cwd                 3.39_01 
    ExtUtils::CBuilder  0.280206
    ExtUtils::Command   1.17    
    ExtUtils::Install   1.58    
    ExtUtils::MakeMaker 6.63_02 
    ExtUtils::Manifest  1.61    
    ExtUtils::ParseXS   3.16    
    File::Spec          3.39_01 
    JSON                2.53    
    JSON::PP            2.27200 
    Module::Build       0.4001  
    Module::Signature   0.68    
    Parse::CPAN::Meta   1.4404  
    Test::Harness       3.25    
    Test::More          0.98_03 
    YAML                0.81    
    YAML::Syck          1.20    
    version             0.99    


--

Summary of my perl5 (revision 5 version 16 subversion 0) configuration:
  Commit id: 7a04c38f6a1f87cc07b6ab6c7778e2a56ca24902
  Platform:
    osname=linux, osvers=3.2.0-2-amd64, archname=x86_64-linux-ld
    uname='linux k83 3.2.0-2-amd64 #1 smp mon apr 30 05:20:23 utc 2012 x86_64 gnulinux '
    config_args='-Dprefix=/home/src/perl/repoperls/installed-perls/perl/v5.16.0/127e -Dmyhostname=k83 -Dinstallusrbinperl=n -Uversiononly -Dusedevel -des -Ui_db -Uuseithreads -Duselongdouble -DDEBUGGING=-g'
    hint=recommended, useposix=true, d_sigaction=define
    useithreads=undef, usemultiplicity=undef
    useperlio=define, d_sfio=undef, uselargefiles=define, usesocks=undef
    use64bitint=define, use64bitall=define, uselongdouble=define
    usemymalloc=n, bincompat5005=undef
  Compiler:
    cc='cc', ccflags ='-fno-strict-aliasing -pipe -fstack-protector -I/usr/local/include -D_LARGEFILE_SOURCE -D_FILE_OFFSET_BITS=64',
    optimize='-O2 -g',
    cppflags='-fno-strict-aliasing -pipe -fstack-protector -I/usr/local/include'
    ccversion='', gccversion='4.6.3', gccosandvers=''
    intsize=4, longsize=8, ptrsize=8, doublesize=8, byteorder=12345678
    d_longlong=define, longlongsize=8, d_longdbl=define, longdblsize=16
    ivtype='long', ivsize=8, nvtype='long double', nvsize=16, Off_t='off_t', lseeksize=8
    alignbytes=16, prototype=define
  Linker and Libraries:
    ld='cc', ldflags =' -fstack-protector -L/usr/local/lib'
    libpth=/usr/local/lib /lib/x86_64-linux-gnu /lib/../lib /usr/lib/x86_64-linux-gnu /usr/lib/../lib /lib /usr/lib
    libs=-lnsl -ldb -ldl -lm -lcrypt -lutil -lc
    perllibs=-lnsl -ldl -lm -lcrypt -lutil -lc
    libc=, so=so, useshrplib=false, libperl=libperl.a
    gnulibc_version='2.13'
  Dynamic Linking:
    dlsrc=dl_dlopen.xs, dlext=so, d_dlsymun=undef, ccdlflags='-Wl,-E'
    cccdlflags='-fPIC', lddlflags='-shared -O2 -g -L/usr/local/lib -fstack-protector'


Characteristics of this binary (from libperl): 
  Compile-time options: HAS_TIMES PERLIO_LAYERS PERL_DONT_CREATE_GVSV
                        PERL_MALLOC_WRAP PERL_PRESERVE_IVUV PERL_USE_DEVEL
                        USE_64_BIT_ALL USE_64_BIT_INT USE_LARGE_FILES
                        USE_LOCALE USE_LOCALE_COLLATE USE_LOCALE_CTYPE
                        USE_LOCALE_NUMERIC USE_LONG_DOUBLE USE_PERLIO
                        USE_PERL_ATOF
  Built under linux
  Compiled at May 23 2012 08:18:02
  %ENV:
    PERL5LIB=""
    PERL5OPT=""
    PERL5_CPANPLUS_IS_RUNNING="6580"
    PERL5_CPAN_IS_RUNNING="6580"
    PERL_MM_USE_DEFAULT="1"
  @INC:
    /home/src/perl/repoperls/installed-perls/perl/v5.16.0/127e/lib/site_perl/5.16.0/x86_64-linux-ld
    /home/src/perl/repoperls/installed-perls/perl/v5.16.0/127e/lib/site_perl/5.16.0
    /home/src/perl/repoperls/installed-perls/perl/v5.16.0/127e/lib/5.16.0/x86_64-linux-ld
    /home/src/perl/repoperls/installed-perls/perl/v5.16.0/127e/lib/5.16.0
    .