CHI v0.56 Perl 5 v5.19.0 x86_64-linux-thread-multi

Status
Fail
From
Nigel Horne
Dist
CHI v0.56
Platform
Perl 5 v5.19.0 x86_64-linux-thread-multi
Date
2013-06-30 00:35:45
ID
00d57752-e11d-11e2-992e-e7c00a4a7996
This distribution has been tested as part of the CPAN Testers
project, supporting the Perl programming language.  See
http://wiki.cpantesters.org/ for more information or email
questions to cpan-testers-discuss@perl.org


--
Dear Jonathan Swartz,

This is a computer-generated report for CHI-0.56
on perl 5.19.0, created by CPAN-Reporter-1.2010.

Thank you for uploading your work to CPAN.  However, there was a problem
testing your distribution.

If you think this report is invalid, please consult the CPAN Testers Wiki
for suggestions on how to avoid getting FAIL reports for missing library
or binary dependencies, unsupported operating systems, and so on:

http://wiki.cpantesters.org/wiki/CPANAuthorNotes

Sections of this report:

    * Tester comments
    * Program output
    * Prerequisites
    * Environment and other context

------------------------------
TESTER COMMENTS
------------------------------

Additional comments from tester:

none provided

------------------------------
PROGRAM OUTPUT
------------------------------

Output from '/usr/bin/make test':

PERL_DL_NONLAZY=1 /home/njh/perl5/perlbrew/perls/perl-5.19.0/bin/perl5.19.0 "-MExtUtils::Command::MM" "-e" "test_harness(0, 'blib/lib', 'blib/arch')" t/*.t
# Testing CHI 0.56, Perl 5.019000, /home/njh/perl5/perlbrew/perls/perl-5.19.0/bin/perl5.19.0
t/00-load.t ............................. ok

#   Failed test 'POD test for blib/lib/CHI/Driver/Development.pod'
#   at /home/njh/perl5/perlbrew/perls/perl-5.19.0/lib/site_perl/5.19.0/Test/Pod.pm line 186.
# blib/lib/CHI/Driver/Development.pod (202): alternative text 'CHI/SIZE AWARENESS' contains non-escaped | or /

#   Failed test 'POD test for blib/lib/CHI/Driver/Memory.pm'
#   at /home/njh/perl5/perlbrew/perls/perl-5.19.0/lib/site_perl/5.19.0/Test/Pod.pm line 186.
# blib/lib/CHI/Driver/Memory.pm (157): alternative text 'CHI/SIZE AWARENESS' contains non-escaped | or /
# Looks like you failed 2 tests of 53.
t/author-03-pod.t ....................... 
Dubious, test returned 2 (wstat 512, 0x200)
Failed 2/53 subtests 
t/author-file-driver.t .................. ok
Can't locate Module/Mask.pm in @INC (you may need to install the Module::Mask module) (@INC contains: /home/njh/.cpan/build/CHI-0.56-xXkXMY/blib/lib /home/njh/.cpan/build/CHI-0.56-xXkXMY/blib/arch /home/njh/perl5/perlbrew/perls/perl-5.19.0/lib/site_perl/5.19.0/x86_64-linux-thread-multi /home/njh/perl5/perlbrew/perls/perl-5.19.0/lib/site_perl/5.19.0 /home/njh/perl5/perlbrew/perls/perl-5.19.0/lib/5.19.0/x86_64-linux-thread-multi /home/njh/perl5/perlbrew/perls/perl-5.19.0/lib/5.19.0 .) at t/author-no-data-serializer.t line 17.
BEGIN failed--compilation aborted at t/author-no-data-serializer.t line 17.
# Looks like your test exited with 2 before it could output anything.
t/author-no-data-serializer.t ........... 
Dubious, test returned 2 (wstat 512, 0x200)
Failed 3/3 subtests 
t/author-RequiredModules.t .............. skipped: one of required modules not installed: blarg
t/Bugs.t ................................ ok
t/Config.t .............................. ok
t/Constants.t ........................... ok

#   Failed test 'test lru discard'
#   at /home/njh/.cpan/build/CHI-0.56-xXkXMY/blib/lib/CHI/t/Driver/Memory.pm line 104.
#   (in CHI::t::Driver::Memory->test_lru_discard)
# Comparing $data as a Set
# Missing: 'key3'
# Extra: 'key6'
# Looks like you failed 1 test of 966.
t/Driver-Memory.t ....................... 
Dubious, test returned 1 (wstat 256, 0x100)
Failed 1/966 subtests 
	(less 1 skipped subtest: 964 okay)
t/Driver-RawMemory.t .................... ok
t/GetError.t ............................ ok
t/Initialize.t .......................... ok
t/Sanity.t .............................. ok
t/SetError.t ............................ ok
t/smoke-Driver-CacheCache.t ............. skipped: these tests are for "smoke bot" testing
t/smoke-Driver-FastMmap.t ............... skipped: these tests are for "smoke bot" testing
t/smoke-Driver-File-DepthZero.t ......... skipped: these tests are for "smoke bot" testing
t/smoke-Driver-File.t ................... skipped: these tests are for "smoke bot" testing
t/smoke-Driver-NonMoose.t ............... skipped: these tests are for "smoke bot" testing
t/smoke-Driver-Subcache-l1_cache.t ...... skipped: these tests are for "smoke bot" testing
t/smoke-Driver-Subcache-mirror_cache.t .. skipped: these tests are for "smoke bot" testing
t/smoke-Null.t .......................... skipped: these tests are for "smoke bot" testing
t/Subcache.t ............................ ok
t/Subclass.t ............................ ok
t/Util.t ................................ ok

Test Summary Report
-------------------
t/author-03-pod.t                     (Wstat: 512 Tests: 53 Failed: 2)
  Failed tests:  12, 14
  Non-zero exit status: 2
t/author-no-data-serializer.t         (Wstat: 512 Tests: 0 Failed: 0)
  Non-zero exit status: 2
  Parse errors: Bad plan.  You planned 3 tests but ran 0.
t/Driver-Memory.t                     (Wstat: 256 Tests: 966 Failed: 1)
  Failed test:  598
  Non-zero exit status: 1
Files=25, Tests=2031, 14 wallclock secs ( 0.17 usr  0.03 sys +  6.83 cusr  0.24 csys =  7.27 CPU)
Result: FAIL
Failed 3/25 test programs. 3/2031 subtests failed.
make: *** [test_dynamic] Error 255

------------------------------
PREREQUISITES
------------------------------

Prerequisite modules loaded:

requires:

    Module                Need Have  
    --------------------- ---- ------
    Carp::Assert          0.20 0.20  
    Data::UUID            0    1.218 
    Digest::JHash         0    0.07  
    Digest::MD5           0    2.52  
    File::Spec            0.80 3.40  
    Hash::MoreUtils       0    0.02  
    JSON                  0    2.59  
    List::MoreUtils       0.13 0.33  
    Log::Any              0.08 0.15  
    Moose                 0.66 2.0802
    Storable              0    2.42  
    String::RewritePrefix 0    0.006 
    Task::Weaken          0    1.04  
    Time::Duration        1.06 1.1   
    Time::Duration::Parse 0.03 0.06  
    Time::HiRes           1.30 1.9725
    Try::Tiny             0.05 0.12  

build_requires:

    Module                Need Have  
    --------------------- ---- ------
    Date::Parse           0    2.30  
    Test::Builder         0    0.98  
    Test::Class           0    0.39  
    Test::Deep            0    0.110 
    Test::Exception       0    0.32  
    Test::More            0    0.98  
    Test::Warn            0    0.24  

configure_requires:

    Module                Need Have  
    --------------------- ---- ------
    ExtUtils::MakeMaker   6.30 6.68  


------------------------------
ENVIRONMENT AND OTHER CONTEXT
------------------------------

Environment variables:

    AUTHOR_TESTING = 1
    LANG = en_GB.UTF-8
    LANGUAGE = en_GB:en
    PATH = /home/njh/perl5/perlbrew/bin:/home/njh/perl5/perlbrew/perls/perl-5.19.0/bin:/usr/bin:/bin:/usr/local/bin
    PERL5LIB = 
    PERL5OPT = 
    PERL5_CPANPLUS_IS_RUNNING = 7595
    PERL5_CPAN_IS_RUNNING = 7595
    PERLBREW_BASHRC_VERSION = 0.58
    PERLBREW_HOME = /home/njh/.perlbrew
    PERLBREW_MANPATH = /home/njh/perl5/perlbrew/perls/perl-5.19.0/man
    PERLBREW_PATH = /home/njh/perl5/perlbrew/bin:/home/njh/perl5/perlbrew/perls/perl-5.19.0/bin
    PERLBREW_PERL = perl-5.19.0
    PERLBREW_ROOT = /home/njh/perl5/perlbrew
    PERLBREW_VERSION = 0.64
    SHELL = /bin/sh

Perl special variables (and OS-specific diagnostics, for MSWin32):

    $^X = /home/njh/perl5/perlbrew/perls/perl-5.19.0/bin/perl5.19.0
    $UID/$EUID = 1000 / 1000
    $GID = 1000 24 25 29 30 44 46 108 112 1000
    $EGID = 1000 24 25 29 30 44 46 108 112 1000

Perl module toolchain versions installed:

    Module              Have    
    ------------------- --------
    CPAN                2.00    
    CPAN::Meta          2.131560
    Cwd                 3.40    
    ExtUtils::CBuilder  0.280210
    ExtUtils::Command   1.17    
    ExtUtils::Install   1.59    
    ExtUtils::MakeMaker 6.68    
    ExtUtils::Manifest  1.63    
    ExtUtils::ParseXS   3.18    
    File::Spec          3.40    
    JSON                2.59    
    JSON::PP            2.27202 
    Module::Build       0.4005  
    Module::Signature   0.73    
    Parse::CPAN::Meta   1.4404  
    Test::Harness       3.28    
    Test::More          0.98    
    YAML                0.84    
    YAML::Syck          1.27    
    version             0.9902  


--

Summary of my perl5 (revision 5 version 19 subversion 0) configuration:
   
  Platform:
    osname=linux, osvers=3.2.0-4-amd64, archname=x86_64-linux-thread-multi
    uname='linux nigelhorne.force9.co.uk 3.2.0-4-amd64 #1 smp debian 3.2.32-1 x86_64 gnulinux '
    config_args='-de -Dprefix=/home/njh/perl5/perlbrew/perls/perl-5.19.0 -Duseithreads -Dusemultiplicity -Dusedevel -Accflags=-O2 -W -Wformat=2 -Wswitch -Wshadow -Wwrite-strings -Wuninitialized -Wall -pipe -mtune=native -march=native -fomit-frame-pointer -msse2 -msse -mmmx -mfpmath=sse -pedantic -D_FORTIFY_SOURCE=2 -Wpointer-arith -Wstrict-prototypes -fstack-protector -Wstack-protector -Wextra -Wbad-function-cast -Wcast-align -Wcast-qual -Wdisabled-optimization -Wendif-labels -Wfloat-equal -Wformat-nonliteral -Winline -Wmissing-declarations -Wmissing-prototypes -Wnested-externs -Wpointer-arith -Wundef -Wformat-security -ftree-vectorize -fassociative-math -ftree-vectorizer-verbose=2 -Aeval:scriptdir=/home/njh/perl5/perlbrew/perls/perl-5.19.0/bin'
    hint=recommended, useposix=true, d_sigaction=define
    useithreads=define, usemultiplicity=define
    useperlio=define, d_sfio=undef, uselargefiles=define, usesocks=undef
    use64bitint=define, use64bitall=define, uselongdouble=undef
    usemymalloc=n, bincompat5005=undef
  Compiler:
    cc='cc', ccflags ='-D_REENTRANT -D_GNU_SOURCE -O2 -W -Wformat=2 -Wswitch -Wshadow -Wwrite-strings -Wuninitialized -Wall -pipe -mtune=native -march=native -fomit-frame-pointer -msse2 -msse -mmmx -mfpmath=sse -pedantic -D_FORTIFY_SOURCE=2 -Wpointer-arith -Wstrict-prototypes -fstack-protector -Wstack-protector -Wextra -Wbad-function-cast -Wcast-align -Wcast-qual -Wdisabled-optimization -Wendif-labels -Wfloat-equal -Wformat-nonliteral -Winline -Wmissing-declarations -Wmissing-prototypes -Wnested-externs -Wpointer-arith -Wundef -Wformat-security -ftree-vectorize -fassociative-math -ftree-vectorizer-verbose=2 -fno-strict-aliasing -I/usr/local/include -D_LARGEFILE_SOURCE -D_FILE_OFFSET_BITS=64',
    optimize='-O2',
    cppflags='-D_REENTRANT -D_GNU_SOURCE -O2 -W -Wformat=2 -Wswitch -Wshadow -Wwrite-strings -Wuninitialized -Wall -pipe -mtune=native -march=native -fomit-frame-pointer -msse2 -msse -mmmx -mfpmath=sse -pedantic -D_FORTIFY_SOURCE=2 -Wpointer-arith -Wstrict-prototypes -fstack-protector -Wstack-protector -Wextra -Wbad-function-cast -Wcast-align -Wcast-qual -Wdisabled-optimization -Wendif-labels -Wfloat-equal -Wformat-nonliteral -Winline -Wmissing-declarations -Wmissing-prototypes -Wnested-externs -Wpointer-arith -Wundef -Wformat-security -ftree-vectorize -fassociative-math -ftree-vectorizer-verbose=2 -fno-strict-aliasing -I/usr/local/include'
    ccversion='', gccversion='4.8.1', gccosandvers=''
    intsize=4, longsize=8, ptrsize=8, doublesize=8, byteorder=12345678
    d_longlong=define, longlongsize=8, d_longdbl=define, longdblsize=16
    ivtype='long', ivsize=8, nvtype='double', nvsize=8, Off_t='off_t', lseeksize=8
    alignbytes=8, prototype=define
  Linker and Libraries:
    ld='cc', ldflags =' -fstack-protector -L/usr/local/lib'
    libpth=/usr/local/lib /lib/x86_64-linux-gnu /lib/../lib /usr/lib/x86_64-linux-gnu /usr/lib/../lib /lib /usr/lib
    libs=-lnsl -lgdbm -ldb -ldl -lm -lcrypt -lutil -lpthread -lc -lgdbm_compat
    perllibs=-lnsl -ldl -lm -lcrypt -lutil -lpthread -lc
    libc=, so=so, useshrplib=false, libperl=libperl.a
    gnulibc_version='2.17'
  Dynamic Linking:
    dlsrc=dl_dlopen.xs, dlext=so, d_dlsymun=undef, ccdlflags='-Wl,-E'
    cccdlflags='-fPIC', lddlflags='-shared -O2 -L/usr/local/lib -fstack-protector'


Characteristics of this binary (from libperl): 
  Compile-time options: HAS_TIMES MULTIPLICITY PERLIO_LAYERS
                        PERL_DONT_CREATE_GVSV
                        PERL_HASH_FUNC_ONE_AT_A_TIME_HARD
                        PERL_IMPLICIT_CONTEXT PERL_MALLOC_WRAP
                        PERL_PRESERVE_IVUV PERL_SAWAMPERSAND PERL_USE_DEVEL
                        USE_64_BIT_ALL USE_64_BIT_INT USE_ITHREADS
                        USE_LARGE_FILES USE_LOCALE USE_LOCALE_COLLATE
                        USE_LOCALE_CTYPE USE_LOCALE_NUMERIC USE_PERLIO
                        USE_PERL_ATOF USE_REENTRANT_API
  Built under linux
  Compiled at Jun 23 2013 15:42:37
  %ENV:
    PERL5LIB=""
    PERL5OPT=""
    PERL5_CPANPLUS_IS_RUNNING="7595"
    PERL5_CPAN_IS_RUNNING="7595"
    PERLBREW_BASHRC_VERSION="0.58"
    PERLBREW_HOME="/home/njh/.perlbrew"
    PERLBREW_MANPATH="/home/njh/perl5/perlbrew/perls/perl-5.19.0/man"
    PERLBREW_PATH="/home/njh/perl5/perlbrew/bin:/home/njh/perl5/perlbrew/perls/perl-5.19.0/bin"
    PERLBREW_PERL="perl-5.19.0"
    PERLBREW_ROOT="/home/njh/perl5/perlbrew"
    PERLBREW_VERSION="0.64"
  @INC:
    /home/njh/perl5/perlbrew/perls/perl-5.19.0/lib/site_perl/5.19.0/x86_64-linux-thread-multi
    /home/njh/perl5/perlbrew/perls/perl-5.19.0/lib/site_perl/5.19.0
    /home/njh/perl5/perlbrew/perls/perl-5.19.0/lib/5.19.0/x86_64-linux-thread-multi
    /home/njh/perl5/perlbrew/perls/perl-5.19.0/lib/5.19.0
    .