CHI v0.58 Perl 5 v5.16.3 x86_64-linux-thread-multi
- Status
- Fail
- From
- David Cantrell (DCANTRELL)
- Dist
-
CHI v0.58
- Platform
- Perl 5 v5.16.3 x86_64-linux-thread-multi
- Date
- 2014-08-04 11:46:41
- ID
- 001cd7ce-1bcd-11e4-bee4-4efa4915a708
This distribution has been tested as part of the CPAN Testers
project, supporting the Perl programming language. See
http://wiki.cpantesters.org/ for more information or email
questions to cpan-testers-discuss@perl.org
--
Dear Graham Knop,
This is a computer-generated report for CHI-0.58
on perl 5.16.3, created by CPAN-Reporter-1.2009.
Thank you for uploading your work to CPAN. However, there was a problem
testing your distribution.
If you think this report is invalid, please consult the CPAN Testers Wiki
for suggestions on how to avoid getting FAIL reports for missing library
or binary dependencies, unsupported operating systems, and so on:
http://wiki.cpantesters.org/wiki/CPANAuthorNotes
Sections of this report:
* Tester comments
* Program output
* Prerequisites
* Environment and other context
------------------------------
TESTER COMMENTS
------------------------------
Additional comments from tester:
this report is from an automated smoke testing program
and was not reviewed by a human for accuracy
------------------------------
PROGRAM OUTPUT
------------------------------
Output from '/usr/bin/make test':
PERL_DL_NONLAZY=1 /home/david/cpantesting/perl-5.16.3/bin/perl "-MExtUtils::Command::MM" "-MTest::Harness" "-e" "undef *Test::Harness::Switches; test_harness(0, 'blib/lib', 'blib/arch')" t/*.t
# Testing CHI 0.58, Perl 5.016003, /home/david/cpantesting/perl-5.16.3/bin/perl
t/00-load.t ............................. ok
t/author-03-pod.t ....................... skipped: these tests are for testing by the author
t/author-file-driver.t .................. skipped: these tests are for testing by the author
t/author-no-data-serializer.t ........... skipped: these tests are for testing by the author
t/author-RequiredModules.t .............. skipped: these tests are for testing by the author
Can't locate object method "export_to_level" via package "Test::More" at /home/david/cpantesting/perl-5.16.3/.cpan/build/CHI-0.58-hWC5oh/blib/lib/CHI/Test.pm line 49.
BEGIN failed--compilation aborted at /home/david/cpantesting/perl-5.16.3/.cpan/build/CHI-0.58-hWC5oh/blib/lib/CHI/t/Bugs.pm line 7.
Compilation failed in require at t/Bugs.t line 2.
BEGIN failed--compilation aborted at t/Bugs.t line 2.
t/Bugs.t ................................
Dubious, test returned 255 (wstat 65280, 0xff00)
No subtests run
Can't locate object method "export_to_level" via package "Test::More" at /home/david/cpantesting/perl-5.16.3/.cpan/build/CHI-0.58-hWC5oh/blib/lib/CHI/Test.pm line 49.
BEGIN failed--compilation aborted at /home/david/cpantesting/perl-5.16.3/.cpan/build/CHI-0.58-hWC5oh/blib/lib/CHI/t/Config.pm line 6.
Compilation failed in require at t/Config.t line 2.
BEGIN failed--compilation aborted at t/Config.t line 2.
t/Config.t ..............................
Dubious, test returned 255 (wstat 65280, 0xff00)
No subtests run
Can't locate object method "export_to_level" via package "Test::More" at /home/david/cpantesting/perl-5.16.3/.cpan/build/CHI-0.58-hWC5oh/blib/lib/CHI/Test.pm line 49.
BEGIN failed--compilation aborted at /home/david/cpantesting/perl-5.16.3/.cpan/build/CHI-0.58-hWC5oh/blib/lib/CHI/t/Constants.pm line 7.
Compilation failed in require at t/Constants.t line 2.
BEGIN failed--compilation aborted at t/Constants.t line 2.
t/Constants.t ...........................
Dubious, test returned 255 (wstat 65280, 0xff00)
No subtests run
Can't locate object method "export_to_level" via package "Test::More" at /home/david/cpantesting/perl-5.16.3/.cpan/build/CHI-0.58-hWC5oh/blib/lib/CHI/Test.pm line 49.
BEGIN failed--compilation aborted at /home/david/cpantesting/perl-5.16.3/.cpan/build/CHI-0.58-hWC5oh/blib/lib/CHI/t/Driver/Memory.pm line 7.
Compilation failed in require at t/Driver-Memory.t line 2.
BEGIN failed--compilation aborted at t/Driver-Memory.t line 2.
t/Driver-Memory.t .......................
Dubious, test returned 255 (wstat 65280, 0xff00)
No subtests run
Can't locate object method "export_to_level" via package "Test::More" at /home/david/cpantesting/perl-5.16.3/.cpan/build/CHI-0.58-hWC5oh/blib/lib/CHI/Test.pm line 49.
BEGIN failed--compilation aborted at /home/david/cpantesting/perl-5.16.3/.cpan/build/CHI-0.58-hWC5oh/blib/lib/CHI/t/Driver/RawMemory.pm line 7.
Compilation failed in require at t/Driver-RawMemory.t line 2.
BEGIN failed--compilation aborted at t/Driver-RawMemory.t line 2.
t/Driver-RawMemory.t ....................
Dubious, test returned 255 (wstat 65280, 0xff00)
No subtests run
Can't locate object method "export_to_level" via package "Test::More" at /home/david/cpantesting/perl-5.16.3/.cpan/build/CHI-0.58-hWC5oh/blib/lib/CHI/Test.pm line 49.
BEGIN failed--compilation aborted at /home/david/cpantesting/perl-5.16.3/.cpan/build/CHI-0.58-hWC5oh/blib/lib/CHI/t/GetError.pm line 7.
Compilation failed in require at t/GetError.t line 2.
BEGIN failed--compilation aborted at t/GetError.t line 2.
t/GetError.t ............................
Dubious, test returned 255 (wstat 65280, 0xff00)
No subtests run
Can't locate object method "export_to_level" via package "Test::More" at /home/david/cpantesting/perl-5.16.3/.cpan/build/CHI-0.58-hWC5oh/blib/lib/CHI/Test.pm line 49.
BEGIN failed--compilation aborted at /home/david/cpantesting/perl-5.16.3/.cpan/build/CHI-0.58-hWC5oh/blib/lib/CHI/t/Initialize.pm line 7.
Compilation failed in require at t/Initialize.t line 2.
BEGIN failed--compilation aborted at t/Initialize.t line 2.
t/Initialize.t ..........................
Dubious, test returned 255 (wstat 65280, 0xff00)
No subtests run
t/release-dependent.t ................... skipped: these tests are for release candidate testing
Can't locate object method "export_to_level" via package "Test::More" at /home/david/cpantesting/perl-5.16.3/.cpan/build/CHI-0.58-hWC5oh/blib/lib/CHI/Test.pm line 49.
BEGIN failed--compilation aborted at /home/david/cpantesting/perl-5.16.3/.cpan/build/CHI-0.58-hWC5oh/blib/lib/CHI/t/Sanity.pm line 7.
Compilation failed in require at t/Sanity.t line 2.
BEGIN failed--compilation aborted at t/Sanity.t line 2.
t/Sanity.t ..............................
Dubious, test returned 255 (wstat 65280, 0xff00)
No subtests run
Can't locate object method "export_to_level" via package "Test::More" at /home/david/cpantesting/perl-5.16.3/.cpan/build/CHI-0.58-hWC5oh/blib/lib/CHI/Test.pm line 49.
BEGIN failed--compilation aborted at /home/david/cpantesting/perl-5.16.3/.cpan/build/CHI-0.58-hWC5oh/blib/lib/CHI/t/SetError.pm line 7.
Compilation failed in require at t/SetError.t line 2.
BEGIN failed--compilation aborted at t/SetError.t line 2.
t/SetError.t ............................
Dubious, test returned 255 (wstat 65280, 0xff00)
No subtests run
Can't locate object method "export_to_level" via package "Test::More" at /home/david/cpantesting/perl-5.16.3/.cpan/build/CHI-0.58-hWC5oh/blib/lib/CHI/Test.pm line 49.
BEGIN failed--compilation aborted at /home/david/cpantesting/perl-5.16.3/.cpan/build/CHI-0.58-hWC5oh/blib/lib/CHI/t/Driver/CacheCache.pm line 7.
Compilation failed in require at t/smoke-Driver-CacheCache.t line 10.
BEGIN failed--compilation aborted at t/smoke-Driver-CacheCache.t line 10.
t/smoke-Driver-CacheCache.t .............
Dubious, test returned 255 (wstat 65280, 0xff00)
No subtests run
Can't locate object method "export_to_level" via package "Test::More" at /home/david/cpantesting/perl-5.16.3/.cpan/build/CHI-0.58-hWC5oh/blib/lib/CHI/Test.pm line 49.
BEGIN failed--compilation aborted at /home/david/cpantesting/perl-5.16.3/.cpan/build/CHI-0.58-hWC5oh/blib/lib/CHI/t/Driver/FastMmap.pm line 7.
Compilation failed in require at t/smoke-Driver-FastMmap.t line 10.
BEGIN failed--compilation aborted at t/smoke-Driver-FastMmap.t line 10.
t/smoke-Driver-FastMmap.t ...............
Dubious, test returned 255 (wstat 65280, 0xff00)
No subtests run
Can't locate object method "export_to_level" via package "Test::More" at /home/david/cpantesting/perl-5.16.3/.cpan/build/CHI-0.58-hWC5oh/blib/lib/CHI/Test.pm line 49.
BEGIN failed--compilation aborted at /home/david/cpantesting/perl-5.16.3/.cpan/build/CHI-0.58-hWC5oh/blib/lib/CHI/t/Driver/File/DepthZero.pm line 7.
Compilation failed in require at t/smoke-Driver-File-DepthZero.t line 10.
BEGIN failed--compilation aborted at t/smoke-Driver-File-DepthZero.t line 10.
t/smoke-Driver-File-DepthZero.t .........
Dubious, test returned 255 (wstat 65280, 0xff00)
No subtests run
Can't locate object method "export_to_level" via package "Test::More" at /home/david/cpantesting/perl-5.16.3/.cpan/build/CHI-0.58-hWC5oh/blib/lib/CHI/Test.pm line 49.
BEGIN failed--compilation aborted at /home/david/cpantesting/perl-5.16.3/.cpan/build/CHI-0.58-hWC5oh/blib/lib/CHI/t/Driver/File.pm line 7.
Compilation failed in require at t/smoke-Driver-File.t line 10.
BEGIN failed--compilation aborted at t/smoke-Driver-File.t line 10.
t/smoke-Driver-File.t ...................
Dubious, test returned 255 (wstat 65280, 0xff00)
No subtests run
Can't locate object method "export_to_level" via package "Test::More" at /home/david/cpantesting/perl-5.16.3/.cpan/build/CHI-0.58-hWC5oh/blib/lib/CHI/Test.pm line 49.
BEGIN failed--compilation aborted at /home/david/cpantesting/perl-5.16.3/.cpan/build/CHI-0.58-hWC5oh/blib/lib/CHI/t/Driver/NonMoose.pm line 7.
Compilation failed in require at t/smoke-Driver-NonMoose.t line 10.
BEGIN failed--compilation aborted at t/smoke-Driver-NonMoose.t line 10.
t/smoke-Driver-NonMoose.t ...............
Dubious, test returned 255 (wstat 65280, 0xff00)
No subtests run
Can't locate object method "export_to_level" via package "Test::More" at /home/david/cpantesting/perl-5.16.3/.cpan/build/CHI-0.58-hWC5oh/blib/lib/CHI/Test.pm line 49.
BEGIN failed--compilation aborted at /home/david/cpantesting/perl-5.16.3/.cpan/build/CHI-0.58-hWC5oh/blib/lib/CHI/t/Driver/Subcache/l1_cache.pm line 7.
Compilation failed in require at t/smoke-Driver-Subcache-l1_cache.t line 10.
BEGIN failed--compilation aborted at t/smoke-Driver-Subcache-l1_cache.t line 10.
t/smoke-Driver-Subcache-l1_cache.t ......
Dubious, test returned 255 (wstat 65280, 0xff00)
No subtests run
Can't locate object method "export_to_level" via package "Test::More" at /home/david/cpantesting/perl-5.16.3/.cpan/build/CHI-0.58-hWC5oh/blib/lib/CHI/Test.pm line 49.
BEGIN failed--compilation aborted at /home/david/cpantesting/perl-5.16.3/.cpan/build/CHI-0.58-hWC5oh/blib/lib/CHI/t/Driver/Subcache/mirror_cache.pm line 7.
Compilation failed in require at t/smoke-Driver-Subcache-mirror_cache.t line 10.
BEGIN failed--compilation aborted at t/smoke-Driver-Subcache-mirror_cache.t line 10.
t/smoke-Driver-Subcache-mirror_cache.t ..
Dubious, test returned 255 (wstat 65280, 0xff00)
No subtests run
Can't locate object method "export_to_level" via package "Test::More" at /home/david/cpantesting/perl-5.16.3/.cpan/build/CHI-0.58-hWC5oh/blib/lib/CHI/Test.pm line 49.
BEGIN failed--compilation aborted at /home/david/cpantesting/perl-5.16.3/.cpan/build/CHI-0.58-hWC5oh/blib/lib/CHI/t/Null.pm line 7.
Compilation failed in require at t/smoke-Null.t line 10.
BEGIN failed--compilation aborted at t/smoke-Null.t line 10.
t/smoke-Null.t ..........................
Dubious, test returned 255 (wstat 65280, 0xff00)
No subtests run
Can't locate object method "export_to_level" via package "Test::More" at /home/david/cpantesting/perl-5.16.3/.cpan/build/CHI-0.58-hWC5oh/blib/lib/CHI/Test.pm line 49.
BEGIN failed--compilation aborted at /home/david/cpantesting/perl-5.16.3/.cpan/build/CHI-0.58-hWC5oh/blib/lib/CHI/t/Subcache.pm line 5.
Compilation failed in require at t/Subcache.t line 2.
BEGIN failed--compilation aborted at t/Subcache.t line 2.
t/Subcache.t ............................
Dubious, test returned 255 (wstat 65280, 0xff00)
No subtests run
Can't locate object method "export_to_level" via package "Test::More" at /home/david/cpantesting/perl-5.16.3/.cpan/build/CHI-0.58-hWC5oh/blib/lib/CHI/Test.pm line 49.
BEGIN failed--compilation aborted at /home/david/cpantesting/perl-5.16.3/.cpan/build/CHI-0.58-hWC5oh/blib/lib/CHI/t/Subclass.pm line 7.
Compilation failed in require at t/Subclass.t line 2.
BEGIN failed--compilation aborted at t/Subclass.t line 2.
t/Subclass.t ............................
Dubious, test returned 255 (wstat 65280, 0xff00)
No subtests run
Can't locate object method "export_to_level" via package "Test::More" at /home/david/cpantesting/perl-5.16.3/.cpan/build/CHI-0.58-hWC5oh/blib/lib/CHI/Test.pm line 49.
BEGIN failed--compilation aborted at /home/david/cpantesting/perl-5.16.3/.cpan/build/CHI-0.58-hWC5oh/blib/lib/CHI/t/Util.pm line 7.
Compilation failed in require at t/Util.t line 2.
BEGIN failed--compilation aborted at t/Util.t line 2.
t/Util.t ................................
Dubious, test returned 255 (wstat 65280, 0xff00)
No subtests run
Test Summary Report
-------------------
t/Bugs.t (Wstat: 65280 Tests: 0 Failed: 0)
Non-zero exit status: 255
Parse errors: No plan found in TAP output
t/Config.t (Wstat: 65280 Tests: 0 Failed: 0)
Non-zero exit status: 255
Parse errors: No plan found in TAP output
t/Constants.t (Wstat: 65280 Tests: 0 Failed: 0)
Non-zero exit status: 255
Parse errors: No plan found in TAP output
t/Driver-Memory.t (Wstat: 65280 Tests: 0 Failed: 0)
Non-zero exit status: 255
Parse errors: No plan found in TAP output
t/Driver-RawMemory.t (Wstat: 65280 Tests: 0 Failed: 0)
Non-zero exit status: 255
Parse errors: No plan found in TAP output
t/GetError.t (Wstat: 65280 Tests: 0 Failed: 0)
Non-zero exit status: 255
Parse errors: No plan found in TAP output
t/Initialize.t (Wstat: 65280 Tests: 0 Failed: 0)
Non-zero exit status: 255
Parse errors: No plan found in TAP output
t/Sanity.t (Wstat: 65280 Tests: 0 Failed: 0)
Non-zero exit status: 255
Parse errors: No plan found in TAP output
t/SetError.t (Wstat: 65280 Tests: 0 Failed: 0)
Non-zero exit status: 255
Parse errors: No plan found in TAP output
t/smoke-Driver-CacheCache.t (Wstat: 65280 Tests: 0 Failed: 0)
Non-zero exit status: 255
Parse errors: No plan found in TAP output
t/smoke-Driver-FastMmap.t (Wstat: 65280 Tests: 0 Failed: 0)
Non-zero exit status: 255
Parse errors: No plan found in TAP output
t/smoke-Driver-File-DepthZero.t (Wstat: 65280 Tests: 0 Failed: 0)
Non-zero exit status: 255
Parse errors: No plan found in TAP output
t/smoke-Driver-File.t (Wstat: 65280 Tests: 0 Failed: 0)
Non-zero exit status: 255
Parse errors: No plan found in TAP output
t/smoke-Driver-NonMoose.t (Wstat: 65280 Tests: 0 Failed: 0)
Non-zero exit status: 255
Parse errors: No plan found in TAP output
t/smoke-Driver-Subcache-l1_cache.t (Wstat: 65280 Tests: 0 Failed: 0)
Non-zero exit status: 255
Parse errors: No plan found in TAP output
t/smoke-Driver-Subcache-mirror_cache.t (Wstat: 65280 Tests: 0 Failed: 0)
Non-zero exit status: 255
Parse errors: No plan found in TAP output
t/smoke-Null.t (Wstat: 65280 Tests: 0 Failed: 0)
Non-zero exit status: 255
Parse errors: No plan found in TAP output
t/Subcache.t (Wstat: 65280 Tests: 0 Failed: 0)
Non-zero exit status: 255
Parse errors: No plan found in TAP output
t/Subclass.t (Wstat: 65280 Tests: 0 Failed: 0)
Non-zero exit status: 255
Parse errors: No plan found in TAP output
t/Util.t (Wstat: 65280 Tests: 0 Failed: 0)
Non-zero exit status: 255
Parse errors: No plan found in TAP output
Files=26, Tests=1, 7 wallclock secs ( 0.06 usr 0.08 sys + 2.84 cusr 0.50 csys = 3.48 CPU)
Result: FAIL
Failed 20/26 test programs. 0/1 subtests failed.
make: *** [test_dynamic] Error 255
------------------------------
PREREQUISITES
------------------------------
Prerequisite modules loaded:
requires:
Module Need Have
------------------------------- ----- ------------
Carp::Assert 0.20 0.21
Data::UUID 0 1.218
Digest::JHash 0 0.08
Digest::MD5 0 2.51
File::Spec 0.80 3.47
Hash::MoreUtils 0 0.05
JSON 0 2.53
List::MoreUtils 0.13 0.33
Log::Any 0.08 0.15
Moo 1.003 1.005000
MooX::Types::MooseLike 0.23 0.25
MooX::Types::MooseLike::Base 0 0.25
MooX::Types::MooseLike::Numeric 0 1.02
Storable 0 2.34
String::RewritePrefix 0 0.007
Task::Weaken 0 1.04
Time::Duration 1.06 1.1
Time::Duration::Parse 0.03 0.11
Time::HiRes 1.30 1.9725
Try::Tiny 0.05 0.22
build_requires:
Module Need Have
------------------------------- ----- ------------
Date::Parse 0 2.30
Test::Builder 0 1.301001_018
Test::Class 0 0.46
Test::Deep 0 0.112
Test::Exception 0 0.31
Test::More 0 1.301001_018
Test::Warn 0 0.30
configure_requires:
Module Need Have
------------------------------- ----- ------------
ExtUtils::MakeMaker 6.30 6.98
------------------------------
ENVIRONMENT AND OTHER CONTEXT
------------------------------
Environment variables:
AUTOMATED_TESTING = 1
PATH = /usr/local/bin:/usr/bin:/bin:/usr/games
PERL = 5.16.3
PERL5LIB =
PERL5OPT =
PERL5_CPANPLUS_IS_RUNNING = 20390
PERL5_CPAN_IS_RUNNING = 20390
PERLVER = 5.16.3
PERL_INLINE_DIRECTORY = /home/david/.Inline-5.16.3
PERL_MM_USE_DEFAULT = 1
SHELL = /bin/bash
TERM = screen
Perl special variables (and OS-specific diagnostics, for MSWin32):
$^X = /home/david/cpantesting/perl-5.16.3/bin/perl
$UID/$EUID = 1000 / 1000
$GID = 1000 1000
$EGID = 1000 1000
Perl module toolchain versions installed:
Module Have
------------------- ------------
CPAN 1.9800
CPAN::Meta 2.142060
Cwd 3.47
ExtUtils::CBuilder 0.280206
ExtUtils::Command 1.17
ExtUtils::Install 1.58
ExtUtils::MakeMaker 6.98
ExtUtils::Manifest 1.61
ExtUtils::ParseXS 3.24
File::Spec 3.47
JSON 2.53
JSON::PP 2.27203
Module::Build 0.4206
Module::Signature n/a
Parse::CPAN::Meta 1.4414
Test::Harness 3.32
Test::More 1.301001_018
YAML 0.98
YAML::Syck n/a
version 0.9908
--
Summary of my perl5 (revision 5 version 16 subversion 3) configuration:
Platform:
osname=linux, osvers=3.2.0-4-amd64, archname=x86_64-linux-thread-multi
uname='linux pigsty.barnyard.co.uk 3.2.0-4-amd64 #1 smp debian 3.2.35-2 x86_64 gnulinux '
config_args='-de -Dprefix=/home/david/cpantesting/perl-5.16.3 -Dusethreads -Duse64bitall'
hint=recommended, useposix=true, d_sigaction=define
useithreads=define, usemultiplicity=define
useperlio=define, d_sfio=undef, uselargefiles=define, usesocks=undef
use64bitint=define, use64bitall=define, uselongdouble=undef
usemymalloc=n, bincompat5005=undef
Compiler:
cc='cc', ccflags ='-D_REENTRANT -D_GNU_SOURCE -fno-strict-aliasing -pipe -fstack-protector -I/usr/local/include -D_LARGEFILE_SOURCE -D_FILE_OFFSET_BITS=64',
optimize='-O2',
cppflags='-D_REENTRANT -D_GNU_SOURCE -fno-strict-aliasing -pipe -fstack-protector -I/usr/local/include'
ccversion='', gccversion='4.1.2 20061115 (prerelease) (Debian 4.1.1-21)', gccosandvers=''
intsize=4, longsize=8, ptrsize=8, doublesize=8, byteorder=12345678
d_longlong=define, longlongsize=8, d_longdbl=define, longdblsize=16
ivtype='long', ivsize=8, nvtype='double', nvsize=8, Off_t='off_t', lseeksize=8
alignbytes=8, prototype=define
Linker and Libraries:
ld='cc', ldflags =' -fstack-protector -L/usr/local/lib'
libpth=/usr/local/lib /lib /usr/lib /lib64 /usr/lib64
libs=-lnsl -lgdbm -ldb -ldl -lm -lcrypt -lutil -lpthread -lc -lgdbm_compat
perllibs=-lnsl -ldl -lm -lcrypt -lutil -lpthread -lc
libc=/lib/libc-2.3.6.so, so=so, useshrplib=false, libperl=libperl.a
gnulibc_version='2.3.6'
Dynamic Linking:
dlsrc=dl_dlopen.xs, dlext=so, d_dlsymun=undef, ccdlflags='-Wl,-E'
cccdlflags='-fPIC', lddlflags='-shared -O2 -L/usr/local/lib -fstack-protector'
Characteristics of this binary (from libperl):
Compile-time options: HAS_TIMES MULTIPLICITY PERLIO_LAYERS
PERL_DONT_CREATE_GVSV PERL_IMPLICIT_CONTEXT
PERL_MALLOC_WRAP PERL_PRESERVE_IVUV USE_64_BIT_ALL
USE_64_BIT_INT USE_ITHREADS USE_LARGE_FILES
USE_LOCALE USE_LOCALE_COLLATE USE_LOCALE_CTYPE
USE_LOCALE_NUMERIC USE_PERLIO USE_PERL_ATOF
USE_REENTRANT_API
Built under linux
Compiled at Mar 22 2013 21:25:26
%ENV:
PERL="5.16.3"
PERL5LIB=""
PERL5OPT=""
PERL5_CPANPLUS_IS_RUNNING="20390"
PERL5_CPAN_IS_RUNNING="20390"
PERLVER="5.16.3"
PERL_INLINE_DIRECTORY="/home/david/.Inline-5.16.3"
PERL_MM_USE_DEFAULT="1"
@INC:
/home/david/cpantesting/perl-5.16.3/lib/site_perl/5.16.3/x86_64-linux-thread-multi
/home/david/cpantesting/perl-5.16.3/lib/site_perl/5.16.3
/home/david/cpantesting/perl-5.16.3/lib/5.16.3/x86_64-linux-thread-multi
/home/david/cpantesting/perl-5.16.3/lib/5.16.3
.