Path-Tiny v0.003 Perl 5 v5.16.2 cygwin-thread-multi-64int
- Status
- Fail
- From
- Peter John Acklam (PJACKLAM)
- Dist
-
Path-Tiny v0.003
- Platform
- Perl 5 v5.16.2 cygwin-thread-multi-64int
- Date
- 2013-02-07 23:59:40
- ID
- 000229da-6c5c-1014-9f2b-2f60aee646e5
This distribution has been tested as part of the CPAN Testers
project, supporting the Perl programming language. See
http://wiki.cpantesters.org/ for more information or email
questions to cpan-testers-discuss@perl.org
--
Dear David Golden,
This is a computer-generated report for Path-Tiny-0.003
on perl 5.16.2, created by CPAN-Reporter-1.2009.
Thank you for uploading your work to CPAN. However, there was a problem
testing your distribution.
If you think this report is invalid, please consult the CPAN Testers Wiki
for suggestions on how to avoid getting FAIL reports for missing library
or binary dependencies, unsupported operating systems, and so on:
http://wiki.cpantesters.org/wiki/CPANAuthorNotes
Sections of this report:
* Tester comments
* Program output
* Prerequisites
* Environment and other context
------------------------------
TESTER COMMENTS
------------------------------
Additional comments from tester:
this report is from an automated smoke testing program
and was not reviewed by a human for accuracy
------------------------------
PROGRAM OUTPUT
------------------------------
Output from '/usr/bin/make test':
PERL_DL_NONLAZY=1 /opt/perl/cygwin/1.7.17/perl/5.16.2/cygwin-thread-multi-64int/bin/perl.exe "-MExtUtils::Command::MM" "-e" "test_harness(0, 'blib/lib', 'blib/arch')" t/*.t
t/00-compile.t .... ok
t/basic.t ......... ok
t/children.t ...... ok
# Failed test 'copy throws error if permission denied'
# at t/filesystem.t line 211.
# Looks like you failed 1 test of 69.
t/filesystem.t ....
Dubious, test returned 1 (wstat 256, 0x100)
Failed 1/69 subtests
t/input_output.t .. ok
t/mkpath.t ........ ok
t/normalize.t ..... ok
t/overloading.t ... ok
t/parent.t ........ ok
t/rel-abs.t ....... ok
t/temp.t .......... ok
t/zzz-spec.t ...... ok
Test Summary Report
-------------------
t/filesystem.t (Wstat: 256 Tests: 69 Failed: 1)
Failed test: 68
Non-zero exit status: 1
Files=12, Tests=219, 7 wallclock secs ( 0.08 usr 0.14 sys + 2.79 cusr 3.34 csys = 6.35 CPU)
Result: FAIL
Failed 1/12 test programs. 1/219 subtests failed.
Makefile:862: recipe for target `test_dynamic' failed
make: *** [test_dynamic] Error 255
------------------------------
PREREQUISITES
------------------------------
Prerequisite modules loaded:
requires:
Module Need Have
------------------- ---- -----
autodie 2.00 2.13
constant 0 1.23
Cwd 0 3.40
Exporter 0 5.67
Fcntl 0 1.11
File::Copy 0 2.23
File::Path 2.07 2.09
File::Spec 3.40 3.40
File::stat 0 1.05
File::Temp 0.18 0.22
overload 0 1.18
strict 0 1.07
warnings 0 1.13
build_requires:
Module Need Have
------------------- ---- -----
File::Find 0 1.20
File::Spec::Unix 0 3.40
Path::Class 0 0.29
Test::Deep 0 0.110
Test::Fatal 0 0.010
Test::More 0.96 0.98
configure_requires:
Module Need Have
------------------- ---- -----
ExtUtils::MakeMaker 6.30 6.64
------------------------------
ENVIRONMENT AND OTHER CONTEXT
------------------------------
Environment variables:
AUTOMATED_TESTING = 1
COMSPEC = C:\Windows\system32\cmd.exe
NUMBER_OF_PROCESSORS = 4
PATH = /opt/perl/cygwin/1.7.17/bin/5.16.2/cygwin-thread-multi-64int:/opt/perl/cygwin/1.7.17/perl/5.16.2/cygwin-thread-multi-64int/local/bin:/opt/perl/cygwin/1.7.17/perl/5.16.2/cygwin-thread-multi-64int/bin:/usr/local/bin:/usr/bin:/usr/local/lib
PERL5LIB = /opt/perl/cygwin/1.7.17/cpan/5.16.2/cygwin-thread-multi-64int/build/Path-Class-0.29-oUPXKn/blib/arch:/opt/perl/cygwin/1.7.17/cpan/5.16.2/cygwin-thread-multi-64int/build/Path-Class-0.29-oUPXKn/blib/lib:/opt/perl/cygwin/1.7.17/cpan/5.16.2/cygwin-thread-multi-64int/build/Test-Fatal-0.010-xMm8Ig/blib/arch:/opt/perl/cygwin/1.7.17/cpan/5.16.2/cygwin-thread-multi-64int/build/Test-Fatal-0.010-xMm8Ig/blib/lib:/opt/perl/cygwin/1.7.17/cpan/5.16.2/cygwin-thread-multi-64int/build/App-Cpan-1.60_02-SmBpQ2/blib/arch:/opt/perl/cygwin/1.7.17/cpan/5.16.2/cygwin-thread-multi-64int/build/App-Cpan-1.60_02-SmBpQ2/blib/lib:/opt/perl/cygwin/1.7.17/perl/5.16.2/cygwin-thread-multi-64int/local/lib/site_perl/5.16.2:/opt/perl/cygwin/1.7.17/perl/5.16.2/cygwin-thread-multi-64int/local/lib/5.16.2:/opt/perl/cygwin/1.7.17/perl/5.16.2/cygwin-thread-multi-64int/local/lib/perl5
PERL5OPT =
PERL5_CPANPLUS_IS_RUNNING = 6920
PERL5_CPAN_IS_RUNNING = 6920
PERL_CPAN_REPORTER_CONFIG = /cygdrive/c/peter/.cpanreporter/config-cygwin.ini
PERL_EXTUTILS_AUTOINSTALL = 1
PERL_MM_USE_DEFAULT = 1
PERL_TEST_CRITIC = 1
PROCESSOR_IDENTIFIER = Intel64 Family 6 Model 37 Stepping 5, GenuineIntel
SHELL = /bin/bash
TEMP = /tmp
TERM = xterm
Perl special variables (and OS-specific diagnostics, for MSWin32):
$^X = /opt/perl/cygwin/1.7.17/perl/5.16.2/cygwin-thread-multi-64int/bin/perl
$UID/$EUID = 101 / 101
$GID = 10513 0 544 545 1001 10513
$EGID = 10513 0 544 545 1001 10513
Perl module toolchain versions installed:
Module Have
------------------- --------
CPAN 1.9800
CPAN::Meta 2.120921
Cwd 3.40
ExtUtils::CBuilder 0.280206
ExtUtils::Command 1.17
ExtUtils::Install 1.58
ExtUtils::MakeMaker 6.64
ExtUtils::Manifest 1.61
ExtUtils::ParseXS 3.18
File::Spec 3.40
JSON n/a
JSON::PP 2.27200
Module::Build 0.4003
Module::Signature 0.70
Parse::CPAN::Meta 1.4404
Test::Harness 3.26
Test::More 0.98
YAML 0.84
YAML::Syck 1.22
version 0.9901
--
Summary of my perl5 (revision 5 version 16 subversion 2) configuration:
Platform:
osname=cygwin, osvers=1.7.17(0.26253), archname=cygwin-thread-multi-64int
uname='cygwin_nt-6.1-wow64 osl069 1.7.17(0.26253) 2012-10-19 14:39 i686 cygwin '
config_args='-Dmksymlinks -de -Dcc=gcc-4 -Dld=g++ -Umad -Dprefix=/opt/perl/cygwin/1.7.17/perl/5.16.2/cygwin-thread-multi-64int -Uinc_version_list -Uinstallusrbinperl -Dusethreads -Dusemultiplicity -Duse64bitint -Dcf_by=pjacklam -Dcf_email=pjacklam@online.no -Dperladmin=pjacklam@online.no'
hint=recommended, useposix=true, d_sigaction=define
useithreads=define, usemultiplicity=define
useperlio=define, d_sfio=undef, uselargefiles=define, usesocks=undef
use64bitint=define, use64bitall=undef, uselongdouble=undef
usemymalloc=n, bincompat5005=undef
Compiler:
cc='gcc-4', ccflags ='-DPERL_USE_SAFE_PUTENV -U__STRICT_ANSI__ -fno-strict-aliasing -pipe -fstack-protector -I/usr/local/include',
optimize='-O3',
cppflags='-DPERL_USE_SAFE_PUTENV -U__STRICT_ANSI__ -fno-strict-aliasing -pipe -fstack-protector -I/usr/local/include'
ccversion='', gccversion='4.5.3', gccosandvers=''
intsize=4, longsize=4, ptrsize=4, doublesize=8, byteorder=12345678
d_longlong=define, longlongsize=8, d_longdbl=define, longdblsize=12
ivtype='long long', ivsize=8, nvtype='double', nvsize=8, Off_t='off_t', lseeksize=8
alignbytes=8, prototype=define
Linker and Libraries:
ld='g++', ldflags =' -Wl,--enable-auto-import -Wl,--export-all-symbols -Wl,--enable-auto-image-base -fstack-protector -L/usr/local/lib'
libpth=/usr/local/lib /usr/lib /lib
libs=-lgdbm -ldb -ldl -lcrypt -lgdbm_compat
perllibs=-ldl -lcrypt
libc=/usr/lib/libc.a, so=dll, useshrplib=true, libperl=cygperl5_16_2.dll
gnulibc_version=''
Dynamic Linking:
dlsrc=dl_dlopen.xs, dlext=dll, d_dlsymun=undef, ccdlflags=' '
cccdlflags=' ', lddlflags=' --shared -Wl,--enable-auto-import -Wl,--export-all-symbols -Wl,--enable-auto-image-base -L/usr/local/lib -fstack-protector'
Characteristics of this binary (from libperl):
Compile-time options: HAS_TIMES MULTIPLICITY PERLIO_LAYERS
PERL_DONT_CREATE_GVSV PERL_IMPLICIT_CONTEXT
PERL_PRESERVE_IVUV PERL_USE_SAFE_PUTENV
USE_64_BIT_INT USE_ITHREADS USE_LARGE_FILES
USE_LOCALE USE_LOCALE_COLLATE USE_LOCALE_CTYPE
USE_LOCALE_NUMERIC USE_PERLIO USE_PERL_ATOF
USE_REENTRANT_API
Built under cygwin
Compiled at Jan 8 2013 00:34:34
%ENV:
PERL5LIB="/opt/perl/cygwin/1.7.17/cpan/5.16.2/cygwin-thread-multi-64int/build/Path-Class-0.29-oUPXKn/blib/arch:/opt/perl/cygwin/1.7.17/cpan/5.16.2/cygwin-thread-multi-64int/build/Path-Class-0.29-oUPXKn/blib/lib:/opt/perl/cygwin/1.7.17/cpan/5.16.2/cygwin-thread-multi-64int/build/Test-Fatal-0.010-xMm8Ig/blib/arch:/opt/perl/cygwin/1.7.17/cpan/5.16.2/cygwin-thread-multi-64int/build/Test-Fatal-0.010-xMm8Ig/blib/lib:/opt/perl/cygwin/1.7.17/cpan/5.16.2/cygwin-thread-multi-64int/build/App-Cpan-1.60_02-SmBpQ2/blib/arch:/opt/perl/cygwin/1.7.17/cpan/5.16.2/cygwin-thread-multi-64int/build/App-Cpan-1.60_02-SmBpQ2/blib/lib:/opt/perl/cygwin/1.7.17/perl/5.16.2/cygwin-thread-multi-64int/local/lib/site_perl/5.16.2:/opt/perl/cygwin/1.7.17/perl/5.16.2/cygwin-thread-multi-64int/local/lib/5.16.2:/opt/perl/cygwin/1.7.17/perl/5.16.2/cygwin-thread-multi-64int/local/lib/perl5"
PERL5OPT=""
PERL5_CPANPLUS_IS_RUNNING="6920"
PERL5_CPAN_IS_RUNNING="6920"
PERL_CPAN_REPORTER_CONFIG="/cygdrive/c/peter/.cpanreporter/config-cygwin.ini"
PERL_EXTUTILS_AUTOINSTALL="1"
PERL_MM_USE_DEFAULT="1"
PERL_TEST_CRITIC="1"
CYGWIN="codepage:utf8 nodosfilewarning"
@INC:
/opt/perl/cygwin/1.7.17/cpan/5.16.2/cygwin-thread-multi-64int/build/Path-Class-0.29-oUPXKn/blib/arch
/opt/perl/cygwin/1.7.17/cpan/5.16.2/cygwin-thread-multi-64int/build/Path-Class-0.29-oUPXKn/blib/lib
/opt/perl/cygwin/1.7.17/cpan/5.16.2/cygwin-thread-multi-64int/build/Test-Fatal-0.010-xMm8Ig/blib/arch
/opt/perl/cygwin/1.7.17/cpan/5.16.2/cygwin-thread-multi-64int/build/Test-Fatal-0.010-xMm8Ig/blib/lib
/opt/perl/cygwin/1.7.17/cpan/5.16.2/cygwin-thread-multi-64int/build/App-Cpan-1.60_02-SmBpQ2/blib/arch
/opt/perl/cygwin/1.7.17/cpan/5.16.2/cygwin-thread-multi-64int/build/App-Cpan-1.60_02-SmBpQ2/blib/lib
/opt/perl/cygwin/1.7.17/perl/5.16.2/cygwin-thread-multi-64int/local/lib/site_perl/5.16.2/cygwin-thread-multi-64int
/opt/perl/cygwin/1.7.17/perl/5.16.2/cygwin-thread-multi-64int/local/lib/site_perl/5.16.2
/opt/perl/cygwin/1.7.17/perl/5.16.2/cygwin-thread-multi-64int/local/lib/5.16.2/cygwin-thread-multi-64int
/opt/perl/cygwin/1.7.17/perl/5.16.2/cygwin-thread-multi-64int/local/lib/5.16.2
/opt/perl/cygwin/1.7.17/perl/5.16.2/cygwin-thread-multi-64int/local/lib/perl5/cygwin-thread-multi-64int
/opt/perl/cygwin/1.7.17/perl/5.16.2/cygwin-thread-multi-64int/local/lib/perl5
/opt/perl/cygwin/1.7.17/perl/5.16.2/cygwin-thread-multi-64int/lib/site_perl/5.16.2/cygwin-thread-multi-64int
/opt/perl/cygwin/1.7.17/perl/5.16.2/cygwin-thread-multi-64int/lib/site_perl/5.16.2
/opt/perl/cygwin/1.7.17/perl/5.16.2/cygwin-thread-multi-64int/lib/5.16.2/cygwin-thread-multi-64int
/opt/perl/cygwin/1.7.17/perl/5.16.2/cygwin-thread-multi-64int/lib/5.16.2
.